{"id":1183,"date":"2021-11-18T10:19:04","date_gmt":"2021-11-18T09:19:04","guid":{"rendered":"https:\/\/www.praha14.cz\/ctrnactka-podle-vas\/?page_id=1183"},"modified":"2023-01-19T10:45:01","modified_gmt":"2023-01-19T09:45:01","slug":"co-je-jiz-hotovo-3","status":"publish","type":"page","link":"https:\/\/www.praha14.cz\/ctrnactka-podle-vas\/terminal-cerny-most\/co-je-jiz-hotovo-3\/","title":{"rendered":"Co je ji\u017e hotovo"},"content":{"rendered":"<p><strong>P\u0159\u00edprava podklad\u016f a mapov\u00e1n\u00ed oblasti<\/strong><\/p>\n<ul>\n<li>V\u00a0pr\u016fb\u011bhu zimy 2020\/2021 byly shrom\u00e1\u017ed\u011bny podklady pro p\u0159\u00edpravu koncep\u010dn\u00ed studie, prob\u011bhlo kontaktov\u00e1n\u00ed kl\u00ed\u010dov\u00fdch akt\u00e9r\u016f v\u00a0oblasti a ur\u010den\u00ed rozsahu studie.<\/li>\n<\/ul>\n<p><strong>V\u00fdb\u011br zpracovatele studie celkov\u00e9 revitalizace termin\u00e1lu \u010cern\u00fd Most<\/strong><\/p>\n<ul>\n<li>Koncep\u010dn\u00ed studii autobusov\u00e9ho termin\u00e1lu \u010cern\u00fd Most zpracov\u00e1v\u00e1 v\u00fdznamn\u00e1 \u010desk\u00e1 architektonick\u00e1 kancel\u00e1\u0159 <span style=\"color: #008000;\"><strong><a style=\"color: #008000;\" href=\"https:\/\/rearchitekti.cz\/\" target=\"_blank\" rel=\"noopener\">re:architekti<\/a><\/strong><\/span>. Studio m\u00e1 za sebou nap\u0159\u00edklad \u00fasp\u011b\u0161nou realizaci autobusov\u00e9ho n\u00e1dra\u017e\u00ed v Mnichov\u011b Hradi\u0161ti. V\u00fdb\u011brov\u00e9 \u0159\u00edzen\u00ed prob\u00edhalo pod veden\u00edm Institutu pl\u00e1nov\u00e1n\u00ed a rozvoje hl. m. Prahy.<\/li>\n<\/ul>\n<p><strong>Dotazn\u00edkov\u00e9 \u0161et\u0159en\u00ed termin\u00e1lu \u010cern\u00fd Most<\/strong><\/p>\n<ul>\n<li>Na p\u0159elomu m\u011bs\u00edce \u0159\u00edjna a listopadu 2020 prob\u011bhlo <span style=\"color: #008000;\"><strong><a style=\"color: #008000;\" href=\"https:\/\/www.facebook.com\/mcpraha14\/photos\/a.231282853669828\/2084141481717280\/\" target=\"_blank\" rel=\"noopener\">dotazn\u00edkov\u00e9 \u0161et\u0159en\u00ed<\/a><\/strong><\/span> ke sb\u011bru podn\u011bt\u016f a informac\u00ed od ve\u0159ejnosti.<\/li>\n<li>V\u00a0r\u00e1mci sb\u011bru se se\u0161lo v\u00edce jak 2500 dotazn\u00edk\u016f.<\/li>\n<li>Podklady jsou vyu\u017eity pro zpracov\u00e1n\u00ed koncep\u010dn\u00ed studie.<\/li>\n<\/ul>\n<p><a href=\"https:\/\/www.praha14.cz\/app\/uploads\/sites\/5\/2021\/11\/122905114_2084141485050613_1634948853756832070_n.jpg\" target=\"_blank\" rel=\"noopener\" data-rel=\"lightbox-image-0\" data-rl_title=\"\" data-rl_caption=\"\" title=\"\"><img loading=\"lazy\" decoding=\"async\" class=\"alignnone wp-image-1219 \" src=\"https:\/\/www.praha14.cz\/app\/uploads\/sites\/5\/2021\/11\/122905114_2084141485050613_1634948853756832070_n.jpg\" alt=\"\" width=\"127\" height=\"180\" srcset=\"https:\/\/www.praha14.cz\/app\/uploads\/sites\/5\/2021\/11\/122905114_2084141485050613_1634948853756832070_n.jpg 1316w, https:\/\/www.praha14.cz\/app\/uploads\/sites\/5\/2021\/11\/122905114_2084141485050613_1634948853756832070_n-212x300.jpg 212w, https:\/\/www.praha14.cz\/app\/uploads\/sites\/5\/2021\/11\/122905114_2084141485050613_1634948853756832070_n-724x1024.jpg 724w, https:\/\/www.praha14.cz\/app\/uploads\/sites\/5\/2021\/11\/122905114_2084141485050613_1634948853756832070_n-768x1086.jpg 768w, https:\/\/www.praha14.cz\/app\/uploads\/sites\/5\/2021\/11\/122905114_2084141485050613_1634948853756832070_n-1086x1536.jpg 1086w\" sizes=\"(max-width: 127px) 100vw, 127px\" \/><\/a><\/p>\n<p><strong>Odevzd\u00e1n\u00ed hrubopisu koncep\u010dn\u00ed studie<\/strong><\/p>\n<ul>\n<li>V\u00a0z\u00e1\u0159\u00ed 2021 byl odevzd\u00e1n hrubopis koncep\u010dn\u00ed studie rekonstrukce termin\u00e1lu na \u010cern\u00e9m Most\u011b.<\/li>\n<li>N\u00e1vrh byl postupn\u011b p\u0159edstaven v\u0161em kl\u00ed\u010dov\u00fdm akt\u00e9r\u016fm a postupn\u011b byly zapracov\u00e1ny jejich p\u0159ipom\u00ednky.<\/li>\n<\/ul>\n<p><strong>Participa\u010dn\u00ed kontejner pro ve\u0159ejnost<\/strong><\/p>\n<ul>\n<li>N\u00e1vrh koncep\u010dn\u00ed studie p\u0159edstavili architekti\u00a0ve\u0159ejnosti od 18. do 22. \u0159\u00edjna 2021, v\u017edy mezi 15 a\u00a018 hodinou, p\u0159\u00edmo v\u00a0p\u0159edprostoru termin\u00e1lu v\u00a0r\u00e1mci <a href=\"https:\/\/www.praha14.cz\/zivot-na-praze-14\/setkani-k-navrhu-terminalu-cerny-most\/\" target=\"_blank\" rel=\"noopener\"><span style=\"color: #008000;\"><strong>participa\u010dn\u00edho kontejneru<\/strong><\/span><\/a>. Zde se mohla ve\u0159ejnost o\u00a0z\u00e1m\u011bru pobavit s\u00a0autory studie, z\u00e1stupci m\u011bstsk\u00e9 \u010d\u00e1sti Praha 14, IPR Praha a\u00a0p\u0159\u00edpadn\u011b podat k\u00a0n\u00e1vrhu p\u0159ipom\u00ednky.<\/li>\n<\/ul>\n<p><a href=\"https:\/\/www.praha14.cz\/app\/uploads\/sites\/5\/2021\/11\/TCM-Participacni-kontejner_2-scaled.jpg\" target=\"_blank\" rel=\"noopener\" data-rel=\"lightbox-image-1\" data-rl_title=\"\" data-rl_caption=\"\"><img loading=\"lazy\" decoding=\"async\" class=\"alignnone wp-image-1205 \" title=\"\" src=\"https:\/\/www.praha14.cz\/app\/uploads\/sites\/5\/2021\/11\/TCM-Participacni-kontejner_2-scaled.jpg\" alt=\"Kontejner\" width=\"321\" height=\"181\" srcset=\"https:\/\/www.praha14.cz\/app\/uploads\/sites\/5\/2021\/11\/TCM-Participacni-kontejner_2-scaled.jpg 2560w, https:\/\/www.praha14.cz\/app\/uploads\/sites\/5\/2021\/11\/TCM-Participacni-kontejner_2-300x169.jpg 300w, https:\/\/www.praha14.cz\/app\/uploads\/sites\/5\/2021\/11\/TCM-Participacni-kontejner_2-1024x577.jpg 1024w, https:\/\/www.praha14.cz\/app\/uploads\/sites\/5\/2021\/11\/TCM-Participacni-kontejner_2-768x433.jpg 768w, https:\/\/www.praha14.cz\/app\/uploads\/sites\/5\/2021\/11\/TCM-Participacni-kontejner_2-1536x866.jpg 1536w, https:\/\/www.praha14.cz\/app\/uploads\/sites\/5\/2021\/11\/TCM-Participacni-kontejner_2-2048x1154.jpg 2048w\" sizes=\"(max-width: 321px) 100vw, 321px\" \/><\/a><\/p>\n","protected":false},"excerpt":{"rendered":"<p>P\u0159\u00edprava podklad\u016f a mapov\u00e1n\u00ed oblasti V\u00a0pr\u016fb\u011bhu zimy 2020\/2021 byly shrom\u00e1\u017ed\u011bny podklady pro p\u0159\u00edpravu koncep\u010dn\u00ed studie, prob\u011bhlo kontaktov\u00e1n\u00ed kl\u00ed\u010dov\u00fdch akt\u00e9r\u016f v\u00a0oblasti a ur\u010den\u00ed rozsahu studie. V\u00fdb\u011br zpracovatele studie celkov\u00e9 revitalizace termin\u00e1lu \u010cern\u00fd Most Koncep\u010dn\u00ed studii autobusov\u00e9ho termin\u00e1lu \u010cern\u00fd Most zpracov\u00e1v\u00e1 v\u00fdznamn\u00e1 \u010desk\u00e1 architektonick\u00e1 kancel\u00e1\u0159 re:architekti. Studio m\u00e1 za sebou nap\u0159\u00edklad \u00fasp\u011b\u0161nou realizaci autobusov\u00e9ho n\u00e1dra\u017e\u00ed v Mnichov\u011b&#8230;<\/p>\n","protected":false},"author":1057,"featured_media":0,"parent":1170,"menu_order":0,"comment_status":"closed","ping_status":"closed","template":"","meta":{"_acf_changed":false,"footnotes":""},"class_list":["post-1183","page","type-page","status-publish","hentry"],"acf":[],"yoast_head":"<!-- This site is optimized with the Yoast SEO plugin v27.2 - https:\/\/yoast.com\/product\/yoast-seo-wordpress\/ -->\n<title>Co je ji\u017e hotovo - M\u011b\u0148te s n\u00e1mi Prahu 14<\/title>\n<meta name=\"robots\" content=\"index, follow, max-snippet:-1, max-image-preview:large, max-video-preview:-1\" \/>\n<link rel=\"canonical\" href=\"https:\/\/www.praha14.cz\/ctrnactka-podle-vas\/terminal-cerny-most\/co-je-jiz-hotovo-3\/\" \/>\n<meta property=\"og:locale\" content=\"cs_CZ\" \/>\n<meta property=\"og:type\" content=\"article\" \/>\n<meta property=\"og:title\" content=\"Co je ji\u017e hotovo - M\u011b\u0148te s n\u00e1mi Prahu 14\" \/>\n<meta property=\"og:description\" content=\"P\u0159\u00edprava podklad\u016f a mapov\u00e1n\u00ed oblasti V\u00a0pr\u016fb\u011bhu zimy 2020\/2021 byly shrom\u00e1\u017ed\u011bny podklady pro p\u0159\u00edpravu koncep\u010dn\u00ed studie, prob\u011bhlo kontaktov\u00e1n\u00ed kl\u00ed\u010dov\u00fdch akt\u00e9r\u016f v\u00a0oblasti a ur\u010den\u00ed rozsahu studie. V\u00fdb\u011br zpracovatele studie celkov\u00e9 revitalizace termin\u00e1lu \u010cern\u00fd Most Koncep\u010dn\u00ed studii autobusov\u00e9ho termin\u00e1lu \u010cern\u00fd Most zpracov\u00e1v\u00e1 v\u00fdznamn\u00e1 \u010desk\u00e1 architektonick\u00e1 kancel\u00e1\u0159 re:architekti. Studio m\u00e1 za sebou nap\u0159\u00edklad \u00fasp\u011b\u0161nou realizaci autobusov\u00e9ho n\u00e1dra\u017e\u00ed v Mnichov\u011b...\" \/>\n<meta property=\"og:url\" content=\"https:\/\/www.praha14.cz\/ctrnactka-podle-vas\/terminal-cerny-most\/co-je-jiz-hotovo-3\/\" \/>\n<meta property=\"og:site_name\" content=\"M\u011b\u0148te s n\u00e1mi Prahu 14\" \/>\n<meta property=\"article:modified_time\" content=\"2023-01-19T09:45:01+00:00\" \/>\n<meta property=\"og:image\" content=\"https:\/\/www.praha14.cz\/app\/uploads\/sites\/5\/2021\/11\/122905114_2084141485050613_1634948853756832070_n.jpg\" \/>\n<meta name=\"twitter:card\" content=\"summary_large_image\" \/>\n<meta name=\"twitter:label1\" content=\"Est. reading time\" \/>\n\t<meta name=\"twitter:data1\" content=\"1 minuta\" \/>\n<script type=\"application\/ld+json\" class=\"yoast-schema-graph\">{\"@context\":\"https:\/\/schema.org\",\"@graph\":[{\"@type\":\"WebPage\",\"@id\":\"https:\/\/www.praha14.cz\/ctrnactka-podle-vas\/terminal-cerny-most\/co-je-jiz-hotovo-3\/\",\"url\":\"https:\/\/www.praha14.cz\/ctrnactka-podle-vas\/terminal-cerny-most\/co-je-jiz-hotovo-3\/\",\"name\":\"Co je ji\u017e hotovo - M\u011b\u0148te s n\u00e1mi Prahu 14\",\"isPartOf\":{\"@id\":\"https:\/\/www.praha14.cz\/ctrnactka-podle-vas\/#website\"},\"primaryImageOfPage\":{\"@id\":\"https:\/\/www.praha14.cz\/ctrnactka-podle-vas\/terminal-cerny-most\/co-je-jiz-hotovo-3\/#primaryimage\"},\"image\":{\"@id\":\"https:\/\/www.praha14.cz\/ctrnactka-podle-vas\/terminal-cerny-most\/co-je-jiz-hotovo-3\/#primaryimage\"},\"thumbnailUrl\":\"https:\/\/www.praha14.cz\/app\/uploads\/sites\/5\/2021\/11\/122905114_2084141485050613_1634948853756832070_n.jpg\",\"datePublished\":\"2021-11-18T09:19:04+00:00\",\"dateModified\":\"2023-01-19T09:45:01+00:00\",\"breadcrumb\":{\"@id\":\"https:\/\/www.praha14.cz\/ctrnactka-podle-vas\/terminal-cerny-most\/co-je-jiz-hotovo-3\/#breadcrumb\"},\"inLanguage\":\"cs\",\"potentialAction\":[{\"@type\":\"ReadAction\",\"target\":[\"https:\/\/www.praha14.cz\/ctrnactka-podle-vas\/terminal-cerny-most\/co-je-jiz-hotovo-3\/\"]}]},{\"@type\":\"ImageObject\",\"inLanguage\":\"cs\",\"@id\":\"https:\/\/www.praha14.cz\/ctrnactka-podle-vas\/terminal-cerny-most\/co-je-jiz-hotovo-3\/#primaryimage\",\"url\":\"https:\/\/www.praha14.cz\/app\/uploads\/sites\/5\/2021\/11\/122905114_2084141485050613_1634948853756832070_n.jpg\",\"contentUrl\":\"https:\/\/www.praha14.cz\/app\/uploads\/sites\/5\/2021\/11\/122905114_2084141485050613_1634948853756832070_n.jpg\"},{\"@type\":\"BreadcrumbList\",\"@id\":\"https:\/\/www.praha14.cz\/ctrnactka-podle-vas\/terminal-cerny-most\/co-je-jiz-hotovo-3\/#breadcrumb\",\"itemListElement\":[{\"@type\":\"ListItem\",\"position\":1,\"name\":\"M\u011b\u0148te s n\u00e1mi Prahu 14\",\"item\":\"https:\/\/www.praha14.cz\/ctrnactka-podle-vas\/\"},{\"@type\":\"ListItem\",\"position\":2,\"name\":\"Termin\u00e1l \u010cern\u00fd Most\",\"item\":\"https:\/\/www.praha14.cz\/ctrnactka-podle-vas\/terminal-cerny-most\/\"},{\"@type\":\"ListItem\",\"position\":3,\"name\":\"Co je ji\u017e hotovo\"}]},{\"@type\":\"WebSite\",\"@id\":\"https:\/\/www.praha14.cz\/ctrnactka-podle-vas\/#website\",\"url\":\"https:\/\/www.praha14.cz\/ctrnactka-podle-vas\/\",\"name\":\"M\u011b\u0148te s n\u00e1mi Prahu 14\",\"description\":\"\u010ctrn\u00e1ctka podle v\u00e1s\",\"potentialAction\":[{\"@type\":\"SearchAction\",\"target\":{\"@type\":\"EntryPoint\",\"urlTemplate\":\"https:\/\/www.praha14.cz\/ctrnactka-podle-vas\/?s={search_term_string}\"},\"query-input\":{\"@type\":\"PropertyValueSpecification\",\"valueRequired\":true,\"valueName\":\"search_term_string\"}}],\"inLanguage\":\"cs\"}]}<\/script>\n<!-- \/ Yoast SEO plugin. -->","yoast_head_json":{"title":"Co je ji\u017e hotovo - M\u011b\u0148te s n\u00e1mi Prahu 14","robots":{"index":"index","follow":"follow","max-snippet":"max-snippet:-1","max-image-preview":"max-image-preview:large","max-video-preview":"max-video-preview:-1"},"canonical":"https:\/\/www.praha14.cz\/ctrnactka-podle-vas\/terminal-cerny-most\/co-je-jiz-hotovo-3\/","og_locale":"cs_CZ","og_type":"article","og_title":"Co je ji\u017e hotovo - M\u011b\u0148te s n\u00e1mi Prahu 14","og_description":"P\u0159\u00edprava podklad\u016f a mapov\u00e1n\u00ed oblasti V\u00a0pr\u016fb\u011bhu zimy 2020\/2021 byly shrom\u00e1\u017ed\u011bny podklady pro p\u0159\u00edpravu koncep\u010dn\u00ed studie, prob\u011bhlo kontaktov\u00e1n\u00ed kl\u00ed\u010dov\u00fdch akt\u00e9r\u016f v\u00a0oblasti a ur\u010den\u00ed rozsahu studie. V\u00fdb\u011br zpracovatele studie celkov\u00e9 revitalizace termin\u00e1lu \u010cern\u00fd Most Koncep\u010dn\u00ed studii autobusov\u00e9ho termin\u00e1lu \u010cern\u00fd Most zpracov\u00e1v\u00e1 v\u00fdznamn\u00e1 \u010desk\u00e1 architektonick\u00e1 kancel\u00e1\u0159 re:architekti. Studio m\u00e1 za sebou nap\u0159\u00edklad \u00fasp\u011b\u0161nou realizaci autobusov\u00e9ho n\u00e1dra\u017e\u00ed v Mnichov\u011b...","og_url":"https:\/\/www.praha14.cz\/ctrnactka-podle-vas\/terminal-cerny-most\/co-je-jiz-hotovo-3\/","og_site_name":"M\u011b\u0148te s n\u00e1mi Prahu 14","article_modified_time":"2023-01-19T09:45:01+00:00","og_image":[{"url":"https:\/\/www.praha14.cz\/app\/uploads\/sites\/5\/2021\/11\/122905114_2084141485050613_1634948853756832070_n.jpg","type":"","width":"","height":""}],"twitter_card":"summary_large_image","twitter_misc":{"Est. reading time":"1 minuta"},"schema":{"@context":"https:\/\/schema.org","@graph":[{"@type":"WebPage","@id":"https:\/\/www.praha14.cz\/ctrnactka-podle-vas\/terminal-cerny-most\/co-je-jiz-hotovo-3\/","url":"https:\/\/www.praha14.cz\/ctrnactka-podle-vas\/terminal-cerny-most\/co-je-jiz-hotovo-3\/","name":"Co je ji\u017e hotovo - M\u011b\u0148te s n\u00e1mi Prahu 14","isPartOf":{"@id":"https:\/\/www.praha14.cz\/ctrnactka-podle-vas\/#website"},"primaryImageOfPage":{"@id":"https:\/\/www.praha14.cz\/ctrnactka-podle-vas\/terminal-cerny-most\/co-je-jiz-hotovo-3\/#primaryimage"},"image":{"@id":"https:\/\/www.praha14.cz\/ctrnactka-podle-vas\/terminal-cerny-most\/co-je-jiz-hotovo-3\/#primaryimage"},"thumbnailUrl":"https:\/\/www.praha14.cz\/app\/uploads\/sites\/5\/2021\/11\/122905114_2084141485050613_1634948853756832070_n.jpg","datePublished":"2021-11-18T09:19:04+00:00","dateModified":"2023-01-19T09:45:01+00:00","breadcrumb":{"@id":"https:\/\/www.praha14.cz\/ctrnactka-podle-vas\/terminal-cerny-most\/co-je-jiz-hotovo-3\/#breadcrumb"},"inLanguage":"cs","potentialAction":[{"@type":"ReadAction","target":["https:\/\/www.praha14.cz\/ctrnactka-podle-vas\/terminal-cerny-most\/co-je-jiz-hotovo-3\/"]}]},{"@type":"ImageObject","inLanguage":"cs","@id":"https:\/\/www.praha14.cz\/ctrnactka-podle-vas\/terminal-cerny-most\/co-je-jiz-hotovo-3\/#primaryimage","url":"https:\/\/www.praha14.cz\/app\/uploads\/sites\/5\/2021\/11\/122905114_2084141485050613_1634948853756832070_n.jpg","contentUrl":"https:\/\/www.praha14.cz\/app\/uploads\/sites\/5\/2021\/11\/122905114_2084141485050613_1634948853756832070_n.jpg"},{"@type":"BreadcrumbList","@id":"https:\/\/www.praha14.cz\/ctrnactka-podle-vas\/terminal-cerny-most\/co-je-jiz-hotovo-3\/#breadcrumb","itemListElement":[{"@type":"ListItem","position":1,"name":"M\u011b\u0148te s n\u00e1mi Prahu 14","item":"https:\/\/www.praha14.cz\/ctrnactka-podle-vas\/"},{"@type":"ListItem","position":2,"name":"Termin\u00e1l \u010cern\u00fd Most","item":"https:\/\/www.praha14.cz\/ctrnactka-podle-vas\/terminal-cerny-most\/"},{"@type":"ListItem","position":3,"name":"Co je ji\u017e hotovo"}]},{"@type":"WebSite","@id":"https:\/\/www.praha14.cz\/ctrnactka-podle-vas\/#website","url":"https:\/\/www.praha14.cz\/ctrnactka-podle-vas\/","name":"M\u011b\u0148te s n\u00e1mi Prahu 14","description":"\u010ctrn\u00e1ctka podle v\u00e1s","potentialAction":[{"@type":"SearchAction","target":{"@type":"EntryPoint","urlTemplate":"https:\/\/www.praha14.cz\/ctrnactka-podle-vas\/?s={search_term_string}"},"query-input":{"@type":"PropertyValueSpecification","valueRequired":true,"valueName":"search_term_string"}}],"inLanguage":"cs"}]}},"_links":{"self":[{"href":"https:\/\/www.praha14.cz\/ctrnactka-podle-vas\/wp-json\/wp\/v2\/pages\/1183","targetHints":{"allow":["GET"]}}],"collection":[{"href":"https:\/\/www.praha14.cz\/ctrnactka-podle-vas\/wp-json\/wp\/v2\/pages"}],"about":[{"href":"https:\/\/www.praha14.cz\/ctrnactka-podle-vas\/wp-json\/wp\/v2\/types\/page"}],"author":[{"embeddable":true,"href":"https:\/\/www.praha14.cz\/ctrnactka-podle-vas\/wp-json\/wp\/v2\/users\/1057"}],"replies":[{"embeddable":true,"href":"https:\/\/www.praha14.cz\/ctrnactka-podle-vas\/wp-json\/wp\/v2\/comments?post=1183"}],"version-history":[{"count":5,"href":"https:\/\/www.praha14.cz\/ctrnactka-podle-vas\/wp-json\/wp\/v2\/pages\/1183\/revisions"}],"predecessor-version":[{"id":1225,"href":"https:\/\/www.praha14.cz\/ctrnactka-podle-vas\/wp-json\/wp\/v2\/pages\/1183\/revisions\/1225"}],"up":[{"embeddable":true,"href":"https:\/\/www.praha14.cz\/ctrnactka-podle-vas\/wp-json\/wp\/v2\/pages\/1170"}],"wp:attachment":[{"href":"https:\/\/www.praha14.cz\/ctrnactka-podle-vas\/wp-json\/wp\/v2\/media?parent=1183"}],"curies":[{"name":"wp","href":"https:\/\/api.w.org\/{rel}","templated":true}]}}