{"id":1189,"date":"2021-11-18T10:20:59","date_gmt":"2021-11-18T09:20:59","guid":{"rendered":"https:\/\/www.praha14.cz\/ctrnactka-podle-vas\/?page_id=1189"},"modified":"2023-01-19T10:45:32","modified_gmt":"2023-01-19T09:45:32","slug":"co-nas-ceka-3","status":"publish","type":"page","link":"https:\/\/www.praha14.cz\/ctrnactka-podle-vas\/terminal-cerny-most\/co-nas-ceka-3\/","title":{"rendered":"Co n\u00e1s \u010dek\u00e1"},"content":{"rendered":"<p><strong>Opravy a dopln\u011bn\u00ed prostor termin\u00e1lu<\/strong><\/p>\n<ul>\n<li>V\u00a0roce 2022 dojde k\u00a0dopln\u011bn\u00ed modern\u00edho informa\u010dn\u00edho syst\u00e9mu, \u00faprav osv\u011btlen\u00ed n\u00e1stupi\u0161\u0165 a v\u00fdm\u011bn\u011b mobili\u00e1\u0159e, v\u010detn\u011b lavi\u010dek.<\/li>\n<\/ul>\n<p><strong>Dopracov\u00e1n\u00ed a schv\u00e1len\u00ed studie<\/strong><\/p>\n<ul>\n<li>Projedn\u00e1n\u00ed a p\u0159edstaven\u00ed fin\u00e1ln\u00edho n\u00e1vrhu s\u00a0kl\u00ed\u010dov\u00fdmi akt\u00e9ry, zapojen\u00fdmi subjekty i ve\u0159ejnost\u00ed.<\/li>\n<li>Zapracov\u00e1n\u00ed p\u0159ipom\u00ednek do koncep\u010dn\u00ed studie revitalizace.<\/li>\n<li>Zpracov\u00e1n\u00ed a schv\u00e1len\u00ed fin\u00e1ln\u00edho zn\u011bn\u00ed studie revitalizace Termin\u00e1lu \u010cern\u00fd Most.<\/li>\n<\/ul>\n","protected":false},"excerpt":{"rendered":"<p>Opravy a dopln\u011bn\u00ed prostor termin\u00e1lu V\u00a0roce 2022 dojde k\u00a0dopln\u011bn\u00ed modern\u00edho informa\u010dn\u00edho syst\u00e9mu, \u00faprav osv\u011btlen\u00ed n\u00e1stupi\u0161\u0165 a v\u00fdm\u011bn\u011b mobili\u00e1\u0159e, v\u010detn\u011b lavi\u010dek. Dopracov\u00e1n\u00ed a schv\u00e1len\u00ed studie Projedn\u00e1n\u00ed a p\u0159edstaven\u00ed fin\u00e1ln\u00edho n\u00e1vrhu s\u00a0kl\u00ed\u010dov\u00fdmi akt\u00e9ry, zapojen\u00fdmi subjekty i ve\u0159ejnost\u00ed. Zapracov\u00e1n\u00ed p\u0159ipom\u00ednek do koncep\u010dn\u00ed studie revitalizace. Zpracov\u00e1n\u00ed a schv\u00e1len\u00ed fin\u00e1ln\u00edho zn\u011bn\u00ed studie revitalizace Termin\u00e1lu \u010cern\u00fd Most.<\/p>\n","protected":false},"author":1057,"featured_media":0,"parent":1170,"menu_order":0,"comment_status":"closed","ping_status":"closed","template":"","meta":{"_acf_changed":false,"footnotes":""},"class_list":["post-1189","page","type-page","status-publish","hentry"],"acf":[],"yoast_head":"<!-- This site is optimized with the Yoast SEO plugin v27.2 - https:\/\/yoast.com\/product\/yoast-seo-wordpress\/ -->\n<title>Co n\u00e1s \u010dek\u00e1 - M\u011b\u0148te s n\u00e1mi Prahu 14<\/title>\n<meta name=\"robots\" content=\"index, follow, max-snippet:-1, max-image-preview:large, max-video-preview:-1\" \/>\n<link rel=\"canonical\" href=\"https:\/\/www.praha14.cz\/ctrnactka-podle-vas\/terminal-cerny-most\/co-nas-ceka-3\/\" \/>\n<meta property=\"og:locale\" content=\"cs_CZ\" \/>\n<meta property=\"og:type\" content=\"article\" \/>\n<meta property=\"og:title\" content=\"Co n\u00e1s \u010dek\u00e1 - M\u011b\u0148te s n\u00e1mi Prahu 14\" \/>\n<meta property=\"og:description\" content=\"Opravy a dopln\u011bn\u00ed prostor termin\u00e1lu V\u00a0roce 2022 dojde k\u00a0dopln\u011bn\u00ed modern\u00edho informa\u010dn\u00edho syst\u00e9mu, \u00faprav osv\u011btlen\u00ed n\u00e1stupi\u0161\u0165 a v\u00fdm\u011bn\u011b mobili\u00e1\u0159e, v\u010detn\u011b lavi\u010dek. Dopracov\u00e1n\u00ed a schv\u00e1len\u00ed studie Projedn\u00e1n\u00ed a p\u0159edstaven\u00ed fin\u00e1ln\u00edho n\u00e1vrhu s\u00a0kl\u00ed\u010dov\u00fdmi akt\u00e9ry, zapojen\u00fdmi subjekty i ve\u0159ejnost\u00ed. Zapracov\u00e1n\u00ed p\u0159ipom\u00ednek do koncep\u010dn\u00ed studie revitalizace. Zpracov\u00e1n\u00ed a schv\u00e1len\u00ed fin\u00e1ln\u00edho zn\u011bn\u00ed studie revitalizace Termin\u00e1lu \u010cern\u00fd Most.\" \/>\n<meta property=\"og:url\" content=\"https:\/\/www.praha14.cz\/ctrnactka-podle-vas\/terminal-cerny-most\/co-nas-ceka-3\/\" \/>\n<meta property=\"og:site_name\" content=\"M\u011b\u0148te s n\u00e1mi Prahu 14\" \/>\n<meta property=\"article:modified_time\" content=\"2023-01-19T09:45:32+00:00\" \/>\n<meta name=\"twitter:card\" content=\"summary_large_image\" \/>\n<script type=\"application\/ld+json\" class=\"yoast-schema-graph\">{\"@context\":\"https:\/\/schema.org\",\"@graph\":[{\"@type\":\"WebPage\",\"@id\":\"https:\/\/www.praha14.cz\/ctrnactka-podle-vas\/terminal-cerny-most\/co-nas-ceka-3\/\",\"url\":\"https:\/\/www.praha14.cz\/ctrnactka-podle-vas\/terminal-cerny-most\/co-nas-ceka-3\/\",\"name\":\"Co n\u00e1s \u010dek\u00e1 - M\u011b\u0148te s n\u00e1mi Prahu 14\",\"isPartOf\":{\"@id\":\"https:\/\/www.praha14.cz\/ctrnactka-podle-vas\/#website\"},\"datePublished\":\"2021-11-18T09:20:59+00:00\",\"dateModified\":\"2023-01-19T09:45:32+00:00\",\"breadcrumb\":{\"@id\":\"https:\/\/www.praha14.cz\/ctrnactka-podle-vas\/terminal-cerny-most\/co-nas-ceka-3\/#breadcrumb\"},\"inLanguage\":\"cs\",\"potentialAction\":[{\"@type\":\"ReadAction\",\"target\":[\"https:\/\/www.praha14.cz\/ctrnactka-podle-vas\/terminal-cerny-most\/co-nas-ceka-3\/\"]}]},{\"@type\":\"BreadcrumbList\",\"@id\":\"https:\/\/www.praha14.cz\/ctrnactka-podle-vas\/terminal-cerny-most\/co-nas-ceka-3\/#breadcrumb\",\"itemListElement\":[{\"@type\":\"ListItem\",\"position\":1,\"name\":\"M\u011b\u0148te s n\u00e1mi Prahu 14\",\"item\":\"https:\/\/www.praha14.cz\/ctrnactka-podle-vas\/\"},{\"@type\":\"ListItem\",\"position\":2,\"name\":\"Termin\u00e1l \u010cern\u00fd Most\",\"item\":\"https:\/\/www.praha14.cz\/ctrnactka-podle-vas\/terminal-cerny-most\/\"},{\"@type\":\"ListItem\",\"position\":3,\"name\":\"Co n\u00e1s \u010dek\u00e1\"}]},{\"@type\":\"WebSite\",\"@id\":\"https:\/\/www.praha14.cz\/ctrnactka-podle-vas\/#website\",\"url\":\"https:\/\/www.praha14.cz\/ctrnactka-podle-vas\/\",\"name\":\"M\u011b\u0148te s n\u00e1mi Prahu 14\",\"description\":\"\u010ctrn\u00e1ctka podle v\u00e1s\",\"potentialAction\":[{\"@type\":\"SearchAction\",\"target\":{\"@type\":\"EntryPoint\",\"urlTemplate\":\"https:\/\/www.praha14.cz\/ctrnactka-podle-vas\/?s={search_term_string}\"},\"query-input\":{\"@type\":\"PropertyValueSpecification\",\"valueRequired\":true,\"valueName\":\"search_term_string\"}}],\"inLanguage\":\"cs\"}]}<\/script>\n<!-- \/ Yoast SEO plugin. -->","yoast_head_json":{"title":"Co n\u00e1s \u010dek\u00e1 - M\u011b\u0148te s n\u00e1mi Prahu 14","robots":{"index":"index","follow":"follow","max-snippet":"max-snippet:-1","max-image-preview":"max-image-preview:large","max-video-preview":"max-video-preview:-1"},"canonical":"https:\/\/www.praha14.cz\/ctrnactka-podle-vas\/terminal-cerny-most\/co-nas-ceka-3\/","og_locale":"cs_CZ","og_type":"article","og_title":"Co n\u00e1s \u010dek\u00e1 - M\u011b\u0148te s n\u00e1mi Prahu 14","og_description":"Opravy a dopln\u011bn\u00ed prostor termin\u00e1lu V\u00a0roce 2022 dojde k\u00a0dopln\u011bn\u00ed modern\u00edho informa\u010dn\u00edho syst\u00e9mu, \u00faprav osv\u011btlen\u00ed n\u00e1stupi\u0161\u0165 a v\u00fdm\u011bn\u011b mobili\u00e1\u0159e, v\u010detn\u011b lavi\u010dek. Dopracov\u00e1n\u00ed a schv\u00e1len\u00ed studie Projedn\u00e1n\u00ed a p\u0159edstaven\u00ed fin\u00e1ln\u00edho n\u00e1vrhu s\u00a0kl\u00ed\u010dov\u00fdmi akt\u00e9ry, zapojen\u00fdmi subjekty i ve\u0159ejnost\u00ed. Zapracov\u00e1n\u00ed p\u0159ipom\u00ednek do koncep\u010dn\u00ed studie revitalizace. Zpracov\u00e1n\u00ed a schv\u00e1len\u00ed fin\u00e1ln\u00edho zn\u011bn\u00ed studie revitalizace Termin\u00e1lu \u010cern\u00fd Most.","og_url":"https:\/\/www.praha14.cz\/ctrnactka-podle-vas\/terminal-cerny-most\/co-nas-ceka-3\/","og_site_name":"M\u011b\u0148te s n\u00e1mi Prahu 14","article_modified_time":"2023-01-19T09:45:32+00:00","twitter_card":"summary_large_image","schema":{"@context":"https:\/\/schema.org","@graph":[{"@type":"WebPage","@id":"https:\/\/www.praha14.cz\/ctrnactka-podle-vas\/terminal-cerny-most\/co-nas-ceka-3\/","url":"https:\/\/www.praha14.cz\/ctrnactka-podle-vas\/terminal-cerny-most\/co-nas-ceka-3\/","name":"Co n\u00e1s \u010dek\u00e1 - M\u011b\u0148te s n\u00e1mi Prahu 14","isPartOf":{"@id":"https:\/\/www.praha14.cz\/ctrnactka-podle-vas\/#website"},"datePublished":"2021-11-18T09:20:59+00:00","dateModified":"2023-01-19T09:45:32+00:00","breadcrumb":{"@id":"https:\/\/www.praha14.cz\/ctrnactka-podle-vas\/terminal-cerny-most\/co-nas-ceka-3\/#breadcrumb"},"inLanguage":"cs","potentialAction":[{"@type":"ReadAction","target":["https:\/\/www.praha14.cz\/ctrnactka-podle-vas\/terminal-cerny-most\/co-nas-ceka-3\/"]}]},{"@type":"BreadcrumbList","@id":"https:\/\/www.praha14.cz\/ctrnactka-podle-vas\/terminal-cerny-most\/co-nas-ceka-3\/#breadcrumb","itemListElement":[{"@type":"ListItem","position":1,"name":"M\u011b\u0148te s n\u00e1mi Prahu 14","item":"https:\/\/www.praha14.cz\/ctrnactka-podle-vas\/"},{"@type":"ListItem","position":2,"name":"Termin\u00e1l \u010cern\u00fd Most","item":"https:\/\/www.praha14.cz\/ctrnactka-podle-vas\/terminal-cerny-most\/"},{"@type":"ListItem","position":3,"name":"Co n\u00e1s \u010dek\u00e1"}]},{"@type":"WebSite","@id":"https:\/\/www.praha14.cz\/ctrnactka-podle-vas\/#website","url":"https:\/\/www.praha14.cz\/ctrnactka-podle-vas\/","name":"M\u011b\u0148te s n\u00e1mi Prahu 14","description":"\u010ctrn\u00e1ctka podle v\u00e1s","potentialAction":[{"@type":"SearchAction","target":{"@type":"EntryPoint","urlTemplate":"https:\/\/www.praha14.cz\/ctrnactka-podle-vas\/?s={search_term_string}"},"query-input":{"@type":"PropertyValueSpecification","valueRequired":true,"valueName":"search_term_string"}}],"inLanguage":"cs"}]}},"_links":{"self":[{"href":"https:\/\/www.praha14.cz\/ctrnactka-podle-vas\/wp-json\/wp\/v2\/pages\/1189","targetHints":{"allow":["GET"]}}],"collection":[{"href":"https:\/\/www.praha14.cz\/ctrnactka-podle-vas\/wp-json\/wp\/v2\/pages"}],"about":[{"href":"https:\/\/www.praha14.cz\/ctrnactka-podle-vas\/wp-json\/wp\/v2\/types\/page"}],"author":[{"embeddable":true,"href":"https:\/\/www.praha14.cz\/ctrnactka-podle-vas\/wp-json\/wp\/v2\/users\/1057"}],"replies":[{"embeddable":true,"href":"https:\/\/www.praha14.cz\/ctrnactka-podle-vas\/wp-json\/wp\/v2\/comments?post=1189"}],"version-history":[{"count":1,"href":"https:\/\/www.praha14.cz\/ctrnactka-podle-vas\/wp-json\/wp\/v2\/pages\/1189\/revisions"}],"predecessor-version":[{"id":1190,"href":"https:\/\/www.praha14.cz\/ctrnactka-podle-vas\/wp-json\/wp\/v2\/pages\/1189\/revisions\/1190"}],"up":[{"embeddable":true,"href":"https:\/\/www.praha14.cz\/ctrnactka-podle-vas\/wp-json\/wp\/v2\/pages\/1170"}],"wp:attachment":[{"href":"https:\/\/www.praha14.cz\/ctrnactka-podle-vas\/wp-json\/wp\/v2\/media?parent=1189"}],"curies":[{"name":"wp","href":"https:\/\/api.w.org\/{rel}","templated":true}]}}

Co nás čeká

<p><strong>Opravy a doplnění prostor terminálu</strong></p>
<ul>
<li>V roce 2022 dojde k doplnění moderního informačního systému, úprav osvětlení nástupišť a výměně mobiliáře, včetně laviček.</li>
</ul>
<p><strong>Dopracování a schválení studie</strong></p>
<ul>
<li>Projednání a představení finálního návrhu s klíčovými aktéry, zapojenými subjekty i veřejností.</li>
<li>Zapracování připomínek do koncepční studie revitalizace.</li>
<li>Zpracování a schválení finálního znění studie revitalizace Terminálu Černý Most.</li>
</ul>

<p>Opravy a doplnění prostor terminálu V roce 2022 dojde k doplnění moderního informačního systému, úprav osvětlení nástupišť a výměně mobiliáře, včetně laviček. Dopracování a schválení studie Projednání a představení finálního návrhu s klíčovými aktéry, zapojenými subjekty i veřejností. Zapracování připomínek do koncepční studie revitalizace. Zpracování a schválení finálního znění studie revitalizace Terminálu Černý Most.</p>

<!-- This site is optimized with the Yoast SEO plugin v27.2 - https://yoast.com/product/yoast-seo-wordpress/ -->
<title>Co nás čeká - Měňte s námi Prahu 14</title>
<meta name="robots" content="index, follow, max-snippet:-1, max-image-preview:large, max-video-preview:-1" />
<link rel="canonical" href="https://www.praha14.cz/ctrnactka-podle-vas/terminal-cerny-most/co-nas-ceka-3/" />
<meta property="og:locale" content="cs_CZ" />
<meta property="og:type" content="article" />
<meta property="og:title" content="Co nás čeká - Měňte s námi Prahu 14" />
<meta property="og:description" content="Opravy a doplnění prostor terminálu V roce 2022 dojde k doplnění moderního informačního systému, úprav osvětlení nástupišť a výměně mobiliáře, včetně laviček. Dopracování a schválení studie Projednání a představení finálního návrhu s klíčovými aktéry, zapojenými subjekty i veřejností. Zapracování připomínek do koncepční studie revitalizace. Zpracování a schválení finálního znění studie revitalizace Terminálu Černý Most." />
<meta property="og:url" content="https://www.praha14.cz/ctrnactka-podle-vas/terminal-cerny-most/co-nas-ceka-3/" />
<meta property="og:site_name" content="Měňte s námi Prahu 14" />
<meta property="article:modified_time" content="2023-01-19T09:45:32+00:00" />
<meta name="twitter:card" content="summary_large_image" />
<script type="application/ld+json" class="yoast-schema-graph">{"@context":"https://schema.org","@graph":[{"@type":"WebPage","@id":"https://www.praha14.cz/ctrnactka-podle-vas/terminal-cerny-most/co-nas-ceka-3/","url":"https://www.praha14.cz/ctrnactka-podle-vas/terminal-cerny-most/co-nas-ceka-3/","name":"Co nás čeká - Měňte s námi Prahu 14","isPartOf":{"@id":"https://www.praha14.cz/ctrnactka-podle-vas/#website"},"datePublished":"2021-11-18T09:20:59+00:00","dateModified":"2023-01-19T09:45:32+00:00","breadcrumb":{"@id":"https://www.praha14.cz/ctrnactka-podle-vas/terminal-cerny-most/co-nas-ceka-3/#breadcrumb"},"inLanguage":"cs","potentialAction":[{"@type":"ReadAction","target":["https://www.praha14.cz/ctrnactka-podle-vas/terminal-cerny-most/co-nas-ceka-3/"]}]},{"@type":"BreadcrumbList","@id":"https://www.praha14.cz/ctrnactka-podle-vas/terminal-cerny-most/co-nas-ceka-3/#breadcrumb","itemListElement":[{"@type":"ListItem","position":1,"name":"Měňte s námi Prahu 14","item":"https://www.praha14.cz/ctrnactka-podle-vas/"},{"@type":"ListItem","position":2,"name":"Terminál Černý Most","item":"https://www.praha14.cz/ctrnactka-podle-vas/terminal-cerny-most/"},{"@type":"ListItem","position":3,"name":"Co nás čeká"}]},{"@type":"WebSite","@id":"https://www.praha14.cz/ctrnactka-podle-vas/#website","url":"https://www.praha14.cz/ctrnactka-podle-vas/","name":"Měňte s námi Prahu 14","description":"Čtrnáctka podle vás","potentialAction":[{"@type":"SearchAction","target":{"@type":"EntryPoint","urlTemplate":"https://www.praha14.cz/ctrnactka-podle-vas/?s={search_term_string}"},"query-input":{"@type":"PropertyValueSpecification","valueRequired":true,"valueName":"search_term_string"}}],"inLanguage":"cs"}]}</script>
<!-- / Yoast SEO plugin. -->

Co nás čeká - Měňte s námi Prahu 14

Opravy a doplnění prostor terminálu V roce 2022 dojde k doplnění moderního informačního systému, úprav osvětlení nástupišť a výměně mobiliáře, včetně laviček. Dopracování a schválení studie Projednání a představení finálního návrhu s klíčovými aktéry, zapojenými subjekty i veřejností. Zapracování připomínek do koncepční studie revitalizace. Zpracování a schválení finálního znění studie revitalizace Terminálu Černý Most.

Měňte s námi Prahu 14

Terminál Černý Most

Čtrnáctka podle vás
