{"id":1192,"date":"2021-11-18T10:21:55","date_gmt":"2021-11-18T09:21:55","guid":{"rendered":"https:\/\/www.praha14.cz\/ctrnactka-podle-vas\/?page_id=1192"},"modified":"2023-01-19T10:45:47","modified_gmt":"2023-01-19T09:45:47","slug":"vystupy-3","status":"publish","type":"page","link":"https:\/\/www.praha14.cz\/ctrnactka-podle-vas\/terminal-cerny-most\/vystupy-3\/","title":{"rendered":"V\u00fdstupy"},"content":{"rendered":"<p>Hrubopis koncep\u010dn\u00ed studie<\/p>\n<ul>\n<li><a href=\"https:\/\/www.praha14.cz\/app\/uploads\/sites\/5\/2021\/11\/Terminal-Cerny-Most_A_Analyticka-cast_hrubopis.pdf\" target=\"_blank\" rel=\"noopener\">Termin\u00e1l \u010cern\u00fd Most A &#8211; Analytick\u00e1 \u010d\u00e1st &#8211; hrubopis<\/a><\/li>\n<li><a href=\"https:\/\/www.praha14.cz\/app\/uploads\/sites\/5\/2021\/11\/Terminal-Cerny-Most_B_Navrhova-cast_hrubopis-compressed.pdf\" target=\"_blank\" rel=\"noopener\">Termin\u00e1l \u010cern\u00fd Most B &#8211; N\u00e1vrhov\u00e1 \u010d\u00e1st &#8211; hrubopis<\/a><\/li>\n<li><u><a href=\"https:\/\/www.praha14.cz\/app\/uploads\/sites\/5\/2021\/11\/Usneseni-RHMP_cislo-2027-ze-dne-30.08.2021.pdf\" target=\"_blank\" rel=\"noopener\">Usnesen\u00ed Rady hl. m. Prahy k n\u00e1vrhu na \u00fapravu rozpo\u010dtu vl. hl. m. Prahy a na zaveden\u00ed nov\u00e9 investi\u010dn\u00ed akce &#8211; Revitalizace autobusov\u00e9ho termin\u00e1lu \u010cM v roce 2021<\/a><br \/>\n<\/u><\/li>\n<\/ul>\n<p><a href=\"https:\/\/www.praha14.cz\/app\/uploads\/sites\/5\/2021\/11\/TCM-Vizualizace-nove-podoby2_Foto-rearchitekti.jpeg\" target=\"_blank\" rel=\"noopener\" data-rel=\"lightbox-image-0\" data-rl_title=\"\" data-rl_caption=\"\"><img loading=\"lazy\" decoding=\"async\" class=\"wp-image-1214 alignnone\" title=\"\" src=\"https:\/\/www.praha14.cz\/app\/uploads\/sites\/5\/2021\/11\/TCM-Vizualizace-nove-podoby2_Foto-rearchitekti.jpeg\" alt=\"Termin\u00e1l \u010cM\" width=\"418\" height=\"235\" srcset=\"https:\/\/www.praha14.cz\/app\/uploads\/sites\/5\/2021\/11\/TCM-Vizualizace-nove-podoby2_Foto-rearchitekti.jpeg 1920w, https:\/\/www.praha14.cz\/app\/uploads\/sites\/5\/2021\/11\/TCM-Vizualizace-nove-podoby2_Foto-rearchitekti-300x169.jpeg 300w, https:\/\/www.praha14.cz\/app\/uploads\/sites\/5\/2021\/11\/TCM-Vizualizace-nove-podoby2_Foto-rearchitekti-1024x576.jpeg 1024w, https:\/\/www.praha14.cz\/app\/uploads\/sites\/5\/2021\/11\/TCM-Vizualizace-nove-podoby2_Foto-rearchitekti-768x432.jpeg 768w, https:\/\/www.praha14.cz\/app\/uploads\/sites\/5\/2021\/11\/TCM-Vizualizace-nove-podoby2_Foto-rearchitekti-1536x864.jpeg 1536w\" sizes=\"(max-width: 418px) 100vw, 418px\" \/><\/a> <a href=\"https:\/\/www.praha14.cz\/app\/uploads\/sites\/5\/2021\/11\/TCM-Vizualizace-nove-podoby_Foto-rearchitekti.jpeg\" target=\"_blank\" rel=\"noopener\" data-rel=\"lightbox-image-1\" data-rl_title=\"\" data-rl_caption=\"\"><img loading=\"lazy\" decoding=\"async\" class=\"alignnone wp-image-1216 \" title=\"\" src=\"https:\/\/www.praha14.cz\/app\/uploads\/sites\/5\/2021\/11\/TCM-Vizualizace-nove-podoby_Foto-rearchitekti.jpeg\" alt=\"Termin\u00e1l \u010cern\u00fd Most\" width=\"418\" height=\"235\" srcset=\"https:\/\/www.praha14.cz\/app\/uploads\/sites\/5\/2021\/11\/TCM-Vizualizace-nove-podoby_Foto-rearchitekti.jpeg 1920w, https:\/\/www.praha14.cz\/app\/uploads\/sites\/5\/2021\/11\/TCM-Vizualizace-nove-podoby_Foto-rearchitekti-300x169.jpeg 300w, https:\/\/www.praha14.cz\/app\/uploads\/sites\/5\/2021\/11\/TCM-Vizualizace-nove-podoby_Foto-rearchitekti-1024x576.jpeg 1024w, https:\/\/www.praha14.cz\/app\/uploads\/sites\/5\/2021\/11\/TCM-Vizualizace-nove-podoby_Foto-rearchitekti-768x432.jpeg 768w, https:\/\/www.praha14.cz\/app\/uploads\/sites\/5\/2021\/11\/TCM-Vizualizace-nove-podoby_Foto-rearchitekti-1536x864.jpeg 1536w\" sizes=\"(max-width: 418px) 100vw, 418px\" \/><\/a><\/p>\n","protected":false},"excerpt":{"rendered":"<p>Hrubopis koncep\u010dn\u00ed studie Termin\u00e1l \u010cern\u00fd Most A &#8211; Analytick\u00e1 \u010d\u00e1st &#8211; hrubopis Termin\u00e1l \u010cern\u00fd Most B &#8211; N\u00e1vrhov\u00e1 \u010d\u00e1st &#8211; hrubopis Usnesen\u00ed Rady hl. m. Prahy k n\u00e1vrhu na \u00fapravu rozpo\u010dtu vl. hl. m. Prahy a na zaveden\u00ed nov\u00e9 investi\u010dn\u00ed akce &#8211; Revitalizace autobusov\u00e9ho termin\u00e1lu \u010cM v roce 2021<\/p>\n","protected":false},"author":1057,"featured_media":0,"parent":1170,"menu_order":0,"comment_status":"closed","ping_status":"closed","template":"","meta":{"_acf_changed":false,"footnotes":""},"class_list":["post-1192","page","type-page","status-publish","hentry"],"acf":[],"yoast_head":"<!-- This site is optimized with the Yoast SEO plugin v27.2 - https:\/\/yoast.com\/product\/yoast-seo-wordpress\/ -->\n<title>V\u00fdstupy - M\u011b\u0148te s n\u00e1mi Prahu 14<\/title>\n<meta name=\"robots\" content=\"index, follow, max-snippet:-1, max-image-preview:large, max-video-preview:-1\" \/>\n<link rel=\"canonical\" href=\"https:\/\/www.praha14.cz\/ctrnactka-podle-vas\/terminal-cerny-most\/vystupy-3\/\" \/>\n<meta property=\"og:locale\" content=\"cs_CZ\" \/>\n<meta property=\"og:type\" content=\"article\" \/>\n<meta property=\"og:title\" content=\"V\u00fdstupy - M\u011b\u0148te s n\u00e1mi Prahu 14\" \/>\n<meta property=\"og:description\" content=\"Hrubopis koncep\u010dn\u00ed studie Termin\u00e1l \u010cern\u00fd Most A &#8211; Analytick\u00e1 \u010d\u00e1st &#8211; hrubopis Termin\u00e1l \u010cern\u00fd Most B &#8211; N\u00e1vrhov\u00e1 \u010d\u00e1st &#8211; hrubopis Usnesen\u00ed Rady hl. m. Prahy k n\u00e1vrhu na \u00fapravu rozpo\u010dtu vl. hl. m. Prahy a na zaveden\u00ed nov\u00e9 investi\u010dn\u00ed akce &#8211; Revitalizace autobusov\u00e9ho termin\u00e1lu \u010cM v roce 2021\" \/>\n<meta property=\"og:url\" content=\"https:\/\/www.praha14.cz\/ctrnactka-podle-vas\/terminal-cerny-most\/vystupy-3\/\" \/>\n<meta property=\"og:site_name\" content=\"M\u011b\u0148te s n\u00e1mi Prahu 14\" \/>\n<meta property=\"article:modified_time\" content=\"2023-01-19T09:45:47+00:00\" \/>\n<meta property=\"og:image\" content=\"https:\/\/www.praha14.cz\/app\/uploads\/sites\/5\/2021\/11\/TCM-Vizualizace-nove-podoby2_Foto-rearchitekti.jpeg\" \/>\n<meta name=\"twitter:card\" content=\"summary_large_image\" \/>\n<script type=\"application\/ld+json\" class=\"yoast-schema-graph\">{\"@context\":\"https:\/\/schema.org\",\"@graph\":[{\"@type\":\"WebPage\",\"@id\":\"https:\/\/www.praha14.cz\/ctrnactka-podle-vas\/terminal-cerny-most\/vystupy-3\/\",\"url\":\"https:\/\/www.praha14.cz\/ctrnactka-podle-vas\/terminal-cerny-most\/vystupy-3\/\",\"name\":\"V\u00fdstupy - M\u011b\u0148te s n\u00e1mi Prahu 14\",\"isPartOf\":{\"@id\":\"https:\/\/www.praha14.cz\/ctrnactka-podle-vas\/#website\"},\"primaryImageOfPage\":{\"@id\":\"https:\/\/www.praha14.cz\/ctrnactka-podle-vas\/terminal-cerny-most\/vystupy-3\/#primaryimage\"},\"image\":{\"@id\":\"https:\/\/www.praha14.cz\/ctrnactka-podle-vas\/terminal-cerny-most\/vystupy-3\/#primaryimage\"},\"thumbnailUrl\":\"https:\/\/www.praha14.cz\/app\/uploads\/sites\/5\/2021\/11\/TCM-Vizualizace-nove-podoby2_Foto-rearchitekti.jpeg\",\"datePublished\":\"2021-11-18T09:21:55+00:00\",\"dateModified\":\"2023-01-19T09:45:47+00:00\",\"breadcrumb\":{\"@id\":\"https:\/\/www.praha14.cz\/ctrnactka-podle-vas\/terminal-cerny-most\/vystupy-3\/#breadcrumb\"},\"inLanguage\":\"cs\",\"potentialAction\":[{\"@type\":\"ReadAction\",\"target\":[\"https:\/\/www.praha14.cz\/ctrnactka-podle-vas\/terminal-cerny-most\/vystupy-3\/\"]}]},{\"@type\":\"ImageObject\",\"inLanguage\":\"cs\",\"@id\":\"https:\/\/www.praha14.cz\/ctrnactka-podle-vas\/terminal-cerny-most\/vystupy-3\/#primaryimage\",\"url\":\"https:\/\/www.praha14.cz\/app\/uploads\/sites\/5\/2021\/11\/TCM-Vizualizace-nove-podoby2_Foto-rearchitekti.jpeg\",\"contentUrl\":\"https:\/\/www.praha14.cz\/app\/uploads\/sites\/5\/2021\/11\/TCM-Vizualizace-nove-podoby2_Foto-rearchitekti.jpeg\"},{\"@type\":\"BreadcrumbList\",\"@id\":\"https:\/\/www.praha14.cz\/ctrnactka-podle-vas\/terminal-cerny-most\/vystupy-3\/#breadcrumb\",\"itemListElement\":[{\"@type\":\"ListItem\",\"position\":1,\"name\":\"M\u011b\u0148te s n\u00e1mi Prahu 14\",\"item\":\"https:\/\/www.praha14.cz\/ctrnactka-podle-vas\/\"},{\"@type\":\"ListItem\",\"position\":2,\"name\":\"Termin\u00e1l \u010cern\u00fd Most\",\"item\":\"https:\/\/www.praha14.cz\/ctrnactka-podle-vas\/terminal-cerny-most\/\"},{\"@type\":\"ListItem\",\"position\":3,\"name\":\"V\u00fdstupy\"}]},{\"@type\":\"WebSite\",\"@id\":\"https:\/\/www.praha14.cz\/ctrnactka-podle-vas\/#website\",\"url\":\"https:\/\/www.praha14.cz\/ctrnactka-podle-vas\/\",\"name\":\"M\u011b\u0148te s n\u00e1mi Prahu 14\",\"description\":\"\u010ctrn\u00e1ctka podle v\u00e1s\",\"potentialAction\":[{\"@type\":\"SearchAction\",\"target\":{\"@type\":\"EntryPoint\",\"urlTemplate\":\"https:\/\/www.praha14.cz\/ctrnactka-podle-vas\/?s={search_term_string}\"},\"query-input\":{\"@type\":\"PropertyValueSpecification\",\"valueRequired\":true,\"valueName\":\"search_term_string\"}}],\"inLanguage\":\"cs\"}]}<\/script>\n<!-- \/ Yoast SEO plugin. -->","yoast_head_json":{"title":"V\u00fdstupy - M\u011b\u0148te s n\u00e1mi Prahu 14","robots":{"index":"index","follow":"follow","max-snippet":"max-snippet:-1","max-image-preview":"max-image-preview:large","max-video-preview":"max-video-preview:-1"},"canonical":"https:\/\/www.praha14.cz\/ctrnactka-podle-vas\/terminal-cerny-most\/vystupy-3\/","og_locale":"cs_CZ","og_type":"article","og_title":"V\u00fdstupy - M\u011b\u0148te s n\u00e1mi Prahu 14","og_description":"Hrubopis koncep\u010dn\u00ed studie Termin\u00e1l \u010cern\u00fd Most A &#8211; Analytick\u00e1 \u010d\u00e1st &#8211; hrubopis Termin\u00e1l \u010cern\u00fd Most B &#8211; N\u00e1vrhov\u00e1 \u010d\u00e1st &#8211; hrubopis Usnesen\u00ed Rady hl. m. Prahy k n\u00e1vrhu na \u00fapravu rozpo\u010dtu vl. hl. m. Prahy a na zaveden\u00ed nov\u00e9 investi\u010dn\u00ed akce &#8211; Revitalizace autobusov\u00e9ho termin\u00e1lu \u010cM v roce 2021","og_url":"https:\/\/www.praha14.cz\/ctrnactka-podle-vas\/terminal-cerny-most\/vystupy-3\/","og_site_name":"M\u011b\u0148te s n\u00e1mi Prahu 14","article_modified_time":"2023-01-19T09:45:47+00:00","og_image":[{"url":"https:\/\/www.praha14.cz\/app\/uploads\/sites\/5\/2021\/11\/TCM-Vizualizace-nove-podoby2_Foto-rearchitekti.jpeg","type":"","width":"","height":""}],"twitter_card":"summary_large_image","schema":{"@context":"https:\/\/schema.org","@graph":[{"@type":"WebPage","@id":"https:\/\/www.praha14.cz\/ctrnactka-podle-vas\/terminal-cerny-most\/vystupy-3\/","url":"https:\/\/www.praha14.cz\/ctrnactka-podle-vas\/terminal-cerny-most\/vystupy-3\/","name":"V\u00fdstupy - M\u011b\u0148te s n\u00e1mi Prahu 14","isPartOf":{"@id":"https:\/\/www.praha14.cz\/ctrnactka-podle-vas\/#website"},"primaryImageOfPage":{"@id":"https:\/\/www.praha14.cz\/ctrnactka-podle-vas\/terminal-cerny-most\/vystupy-3\/#primaryimage"},"image":{"@id":"https:\/\/www.praha14.cz\/ctrnactka-podle-vas\/terminal-cerny-most\/vystupy-3\/#primaryimage"},"thumbnailUrl":"https:\/\/www.praha14.cz\/app\/uploads\/sites\/5\/2021\/11\/TCM-Vizualizace-nove-podoby2_Foto-rearchitekti.jpeg","datePublished":"2021-11-18T09:21:55+00:00","dateModified":"2023-01-19T09:45:47+00:00","breadcrumb":{"@id":"https:\/\/www.praha14.cz\/ctrnactka-podle-vas\/terminal-cerny-most\/vystupy-3\/#breadcrumb"},"inLanguage":"cs","potentialAction":[{"@type":"ReadAction","target":["https:\/\/www.praha14.cz\/ctrnactka-podle-vas\/terminal-cerny-most\/vystupy-3\/"]}]},{"@type":"ImageObject","inLanguage":"cs","@id":"https:\/\/www.praha14.cz\/ctrnactka-podle-vas\/terminal-cerny-most\/vystupy-3\/#primaryimage","url":"https:\/\/www.praha14.cz\/app\/uploads\/sites\/5\/2021\/11\/TCM-Vizualizace-nove-podoby2_Foto-rearchitekti.jpeg","contentUrl":"https:\/\/www.praha14.cz\/app\/uploads\/sites\/5\/2021\/11\/TCM-Vizualizace-nove-podoby2_Foto-rearchitekti.jpeg"},{"@type":"BreadcrumbList","@id":"https:\/\/www.praha14.cz\/ctrnactka-podle-vas\/terminal-cerny-most\/vystupy-3\/#breadcrumb","itemListElement":[{"@type":"ListItem","position":1,"name":"M\u011b\u0148te s n\u00e1mi Prahu 14","item":"https:\/\/www.praha14.cz\/ctrnactka-podle-vas\/"},{"@type":"ListItem","position":2,"name":"Termin\u00e1l \u010cern\u00fd Most","item":"https:\/\/www.praha14.cz\/ctrnactka-podle-vas\/terminal-cerny-most\/"},{"@type":"ListItem","position":3,"name":"V\u00fdstupy"}]},{"@type":"WebSite","@id":"https:\/\/www.praha14.cz\/ctrnactka-podle-vas\/#website","url":"https:\/\/www.praha14.cz\/ctrnactka-podle-vas\/","name":"M\u011b\u0148te s n\u00e1mi Prahu 14","description":"\u010ctrn\u00e1ctka podle v\u00e1s","potentialAction":[{"@type":"SearchAction","target":{"@type":"EntryPoint","urlTemplate":"https:\/\/www.praha14.cz\/ctrnactka-podle-vas\/?s={search_term_string}"},"query-input":{"@type":"PropertyValueSpecification","valueRequired":true,"valueName":"search_term_string"}}],"inLanguage":"cs"}]}},"_links":{"self":[{"href":"https:\/\/www.praha14.cz\/ctrnactka-podle-vas\/wp-json\/wp\/v2\/pages\/1192","targetHints":{"allow":["GET"]}}],"collection":[{"href":"https:\/\/www.praha14.cz\/ctrnactka-podle-vas\/wp-json\/wp\/v2\/pages"}],"about":[{"href":"https:\/\/www.praha14.cz\/ctrnactka-podle-vas\/wp-json\/wp\/v2\/types\/page"}],"author":[{"embeddable":true,"href":"https:\/\/www.praha14.cz\/ctrnactka-podle-vas\/wp-json\/wp\/v2\/users\/1057"}],"replies":[{"embeddable":true,"href":"https:\/\/www.praha14.cz\/ctrnactka-podle-vas\/wp-json\/wp\/v2\/comments?post=1192"}],"version-history":[{"count":5,"href":"https:\/\/www.praha14.cz\/ctrnactka-podle-vas\/wp-json\/wp\/v2\/pages\/1192\/revisions"}],"predecessor-version":[{"id":1218,"href":"https:\/\/www.praha14.cz\/ctrnactka-podle-vas\/wp-json\/wp\/v2\/pages\/1192\/revisions\/1218"}],"up":[{"embeddable":true,"href":"https:\/\/www.praha14.cz\/ctrnactka-podle-vas\/wp-json\/wp\/v2\/pages\/1170"}],"wp:attachment":[{"href":"https:\/\/www.praha14.cz\/ctrnactka-podle-vas\/wp-json\/wp\/v2\/media?parent=1192"}],"curies":[{"name":"wp","href":"https:\/\/api.w.org\/{rel}","templated":true}]}}