{"id":1257,"date":"2021-11-29T09:39:32","date_gmt":"2021-11-29T08:39:32","guid":{"rendered":"https:\/\/www.praha14.cz\/ctrnactka-podle-vas\/?page_id=1257"},"modified":"2023-01-19T10:47:38","modified_gmt":"2023-01-19T09:47:38","slug":"na-cem-prave-pracujeme-4","status":"publish","type":"page","link":"https:\/\/www.praha14.cz\/ctrnactka-podle-vas\/centralni-park-cerny-most\/na-cem-prave-pracujeme-4\/","title":{"rendered":"Na \u010dem pr\u00e1v\u011b pracujeme"},"content":{"rendered":"<ul>\n<li>Zapracov\u00e1n\u00ed z\u00edskan\u00fdch podn\u011bt\u016f a p\u0159ipom\u00ednek do dokumentace.<\/li>\n<li>\u0158e\u0161en\u00ed projektov\u00e9 p\u0159\u00edpravy a finan\u010dn\u00edho kryt\u00ed projektu.<\/li>\n<\/ul>\n","protected":false},"excerpt":{"rendered":"<p>Zapracov\u00e1n\u00ed z\u00edskan\u00fdch podn\u011bt\u016f a p\u0159ipom\u00ednek do dokumentace. \u0158e\u0161en\u00ed projektov\u00e9 p\u0159\u00edpravy a finan\u010dn\u00edho kryt\u00ed projektu.<\/p>\n","protected":false},"author":1057,"featured_media":0,"parent":1237,"menu_order":0,"comment_status":"closed","ping_status":"closed","template":"","meta":{"_acf_changed":false,"footnotes":""},"class_list":["post-1257","page","type-page","status-publish","hentry"],"acf":[],"yoast_head":"<!-- This site is optimized with the Yoast SEO plugin v27.2 - https:\/\/yoast.com\/product\/yoast-seo-wordpress\/ -->\n<title>Na \u010dem pr\u00e1v\u011b pracujeme - M\u011b\u0148te s n\u00e1mi Prahu 14<\/title>\n<meta name=\"robots\" content=\"index, follow, max-snippet:-1, max-image-preview:large, max-video-preview:-1\" \/>\n<link rel=\"canonical\" href=\"https:\/\/www.praha14.cz\/ctrnactka-podle-vas\/centralni-park-cerny-most\/na-cem-prave-pracujeme-4\/\" \/>\n<meta property=\"og:locale\" content=\"cs_CZ\" \/>\n<meta property=\"og:type\" content=\"article\" \/>\n<meta property=\"og:title\" content=\"Na \u010dem pr\u00e1v\u011b pracujeme - M\u011b\u0148te s n\u00e1mi Prahu 14\" \/>\n<meta property=\"og:description\" content=\"Zapracov\u00e1n\u00ed z\u00edskan\u00fdch podn\u011bt\u016f a p\u0159ipom\u00ednek do dokumentace. \u0158e\u0161en\u00ed projektov\u00e9 p\u0159\u00edpravy a finan\u010dn\u00edho kryt\u00ed projektu.\" \/>\n<meta property=\"og:url\" content=\"https:\/\/www.praha14.cz\/ctrnactka-podle-vas\/centralni-park-cerny-most\/na-cem-prave-pracujeme-4\/\" \/>\n<meta property=\"og:site_name\" content=\"M\u011b\u0148te s n\u00e1mi Prahu 14\" \/>\n<meta property=\"article:modified_time\" content=\"2023-01-19T09:47:38+00:00\" \/>\n<meta name=\"twitter:card\" content=\"summary_large_image\" \/>\n<script type=\"application\/ld+json\" class=\"yoast-schema-graph\">{\"@context\":\"https:\/\/schema.org\",\"@graph\":[{\"@type\":\"WebPage\",\"@id\":\"https:\/\/www.praha14.cz\/ctrnactka-podle-vas\/centralni-park-cerny-most\/na-cem-prave-pracujeme-4\/\",\"url\":\"https:\/\/www.praha14.cz\/ctrnactka-podle-vas\/centralni-park-cerny-most\/na-cem-prave-pracujeme-4\/\",\"name\":\"Na \u010dem pr\u00e1v\u011b pracujeme - M\u011b\u0148te s n\u00e1mi Prahu 14\",\"isPartOf\":{\"@id\":\"https:\/\/www.praha14.cz\/ctrnactka-podle-vas\/#website\"},\"datePublished\":\"2021-11-29T08:39:32+00:00\",\"dateModified\":\"2023-01-19T09:47:38+00:00\",\"breadcrumb\":{\"@id\":\"https:\/\/www.praha14.cz\/ctrnactka-podle-vas\/centralni-park-cerny-most\/na-cem-prave-pracujeme-4\/#breadcrumb\"},\"inLanguage\":\"cs\",\"potentialAction\":[{\"@type\":\"ReadAction\",\"target\":[\"https:\/\/www.praha14.cz\/ctrnactka-podle-vas\/centralni-park-cerny-most\/na-cem-prave-pracujeme-4\/\"]}]},{\"@type\":\"BreadcrumbList\",\"@id\":\"https:\/\/www.praha14.cz\/ctrnactka-podle-vas\/centralni-park-cerny-most\/na-cem-prave-pracujeme-4\/#breadcrumb\",\"itemListElement\":[{\"@type\":\"ListItem\",\"position\":1,\"name\":\"M\u011b\u0148te s n\u00e1mi Prahu 14\",\"item\":\"https:\/\/www.praha14.cz\/ctrnactka-podle-vas\/\"},{\"@type\":\"ListItem\",\"position\":2,\"name\":\"Centr\u00e1ln\u00ed park \u010cern\u00fd Most\",\"item\":\"https:\/\/www.praha14.cz\/ctrnactka-podle-vas\/centralni-park-cerny-most\/\"},{\"@type\":\"ListItem\",\"position\":3,\"name\":\"Na \u010dem pr\u00e1v\u011b pracujeme\"}]},{\"@type\":\"WebSite\",\"@id\":\"https:\/\/www.praha14.cz\/ctrnactka-podle-vas\/#website\",\"url\":\"https:\/\/www.praha14.cz\/ctrnactka-podle-vas\/\",\"name\":\"M\u011b\u0148te s n\u00e1mi Prahu 14\",\"description\":\"\u010ctrn\u00e1ctka podle v\u00e1s\",\"potentialAction\":[{\"@type\":\"SearchAction\",\"target\":{\"@type\":\"EntryPoint\",\"urlTemplate\":\"https:\/\/www.praha14.cz\/ctrnactka-podle-vas\/?s={search_term_string}\"},\"query-input\":{\"@type\":\"PropertyValueSpecification\",\"valueRequired\":true,\"valueName\":\"search_term_string\"}}],\"inLanguage\":\"cs\"}]}<\/script>\n<!-- \/ Yoast SEO plugin. -->","yoast_head_json":{"title":"Na \u010dem pr\u00e1v\u011b pracujeme - M\u011b\u0148te s n\u00e1mi Prahu 14","robots":{"index":"index","follow":"follow","max-snippet":"max-snippet:-1","max-image-preview":"max-image-preview:large","max-video-preview":"max-video-preview:-1"},"canonical":"https:\/\/www.praha14.cz\/ctrnactka-podle-vas\/centralni-park-cerny-most\/na-cem-prave-pracujeme-4\/","og_locale":"cs_CZ","og_type":"article","og_title":"Na \u010dem pr\u00e1v\u011b pracujeme - M\u011b\u0148te s n\u00e1mi Prahu 14","og_description":"Zapracov\u00e1n\u00ed z\u00edskan\u00fdch podn\u011bt\u016f a p\u0159ipom\u00ednek do dokumentace. \u0158e\u0161en\u00ed projektov\u00e9 p\u0159\u00edpravy a finan\u010dn\u00edho kryt\u00ed projektu.","og_url":"https:\/\/www.praha14.cz\/ctrnactka-podle-vas\/centralni-park-cerny-most\/na-cem-prave-pracujeme-4\/","og_site_name":"M\u011b\u0148te s n\u00e1mi Prahu 14","article_modified_time":"2023-01-19T09:47:38+00:00","twitter_card":"summary_large_image","schema":{"@context":"https:\/\/schema.org","@graph":[{"@type":"WebPage","@id":"https:\/\/www.praha14.cz\/ctrnactka-podle-vas\/centralni-park-cerny-most\/na-cem-prave-pracujeme-4\/","url":"https:\/\/www.praha14.cz\/ctrnactka-podle-vas\/centralni-park-cerny-most\/na-cem-prave-pracujeme-4\/","name":"Na \u010dem pr\u00e1v\u011b pracujeme - M\u011b\u0148te s n\u00e1mi Prahu 14","isPartOf":{"@id":"https:\/\/www.praha14.cz\/ctrnactka-podle-vas\/#website"},"datePublished":"2021-11-29T08:39:32+00:00","dateModified":"2023-01-19T09:47:38+00:00","breadcrumb":{"@id":"https:\/\/www.praha14.cz\/ctrnactka-podle-vas\/centralni-park-cerny-most\/na-cem-prave-pracujeme-4\/#breadcrumb"},"inLanguage":"cs","potentialAction":[{"@type":"ReadAction","target":["https:\/\/www.praha14.cz\/ctrnactka-podle-vas\/centralni-park-cerny-most\/na-cem-prave-pracujeme-4\/"]}]},{"@type":"BreadcrumbList","@id":"https:\/\/www.praha14.cz\/ctrnactka-podle-vas\/centralni-park-cerny-most\/na-cem-prave-pracujeme-4\/#breadcrumb","itemListElement":[{"@type":"ListItem","position":1,"name":"M\u011b\u0148te s n\u00e1mi Prahu 14","item":"https:\/\/www.praha14.cz\/ctrnactka-podle-vas\/"},{"@type":"ListItem","position":2,"name":"Centr\u00e1ln\u00ed park \u010cern\u00fd Most","item":"https:\/\/www.praha14.cz\/ctrnactka-podle-vas\/centralni-park-cerny-most\/"},{"@type":"ListItem","position":3,"name":"Na \u010dem pr\u00e1v\u011b pracujeme"}]},{"@type":"WebSite","@id":"https:\/\/www.praha14.cz\/ctrnactka-podle-vas\/#website","url":"https:\/\/www.praha14.cz\/ctrnactka-podle-vas\/","name":"M\u011b\u0148te s n\u00e1mi Prahu 14","description":"\u010ctrn\u00e1ctka podle v\u00e1s","potentialAction":[{"@type":"SearchAction","target":{"@type":"EntryPoint","urlTemplate":"https:\/\/www.praha14.cz\/ctrnactka-podle-vas\/?s={search_term_string}"},"query-input":{"@type":"PropertyValueSpecification","valueRequired":true,"valueName":"search_term_string"}}],"inLanguage":"cs"}]}},"_links":{"self":[{"href":"https:\/\/www.praha14.cz\/ctrnactka-podle-vas\/wp-json\/wp\/v2\/pages\/1257","targetHints":{"allow":["GET"]}}],"collection":[{"href":"https:\/\/www.praha14.cz\/ctrnactka-podle-vas\/wp-json\/wp\/v2\/pages"}],"about":[{"href":"https:\/\/www.praha14.cz\/ctrnactka-podle-vas\/wp-json\/wp\/v2\/types\/page"}],"author":[{"embeddable":true,"href":"https:\/\/www.praha14.cz\/ctrnactka-podle-vas\/wp-json\/wp\/v2\/users\/1057"}],"replies":[{"embeddable":true,"href":"https:\/\/www.praha14.cz\/ctrnactka-podle-vas\/wp-json\/wp\/v2\/comments?post=1257"}],"version-history":[{"count":1,"href":"https:\/\/www.praha14.cz\/ctrnactka-podle-vas\/wp-json\/wp\/v2\/pages\/1257\/revisions"}],"predecessor-version":[{"id":1258,"href":"https:\/\/www.praha14.cz\/ctrnactka-podle-vas\/wp-json\/wp\/v2\/pages\/1257\/revisions\/1258"}],"up":[{"embeddable":true,"href":"https:\/\/www.praha14.cz\/ctrnactka-podle-vas\/wp-json\/wp\/v2\/pages\/1237"}],"wp:attachment":[{"href":"https:\/\/www.praha14.cz\/ctrnactka-podle-vas\/wp-json\/wp\/v2\/media?parent=1257"}],"curies":[{"name":"wp","href":"https:\/\/api.w.org\/{rel}","templated":true}]}}

Na čem právě pracujeme

<ul>
<li>Zapracování získaných podnětů a připomínek do dokumentace.</li>
<li>Řešení projektové přípravy a finančního krytí projektu.</li>
</ul>

<p>Zapracování získaných podnětů a připomínek do dokumentace. Řešení projektové přípravy a finančního krytí projektu.</p>

<!-- This site is optimized with the Yoast SEO plugin v27.2 - https://yoast.com/product/yoast-seo-wordpress/ -->
<title>Na čem právě pracujeme - Měňte s námi Prahu 14</title>
<meta name="robots" content="index, follow, max-snippet:-1, max-image-preview:large, max-video-preview:-1" />
<link rel="canonical" href="https://www.praha14.cz/ctrnactka-podle-vas/centralni-park-cerny-most/na-cem-prave-pracujeme-4/" />
<meta property="og:locale" content="cs_CZ" />
<meta property="og:type" content="article" />
<meta property="og:title" content="Na čem právě pracujeme - Měňte s námi Prahu 14" />
<meta property="og:description" content="Zapracování získaných podnětů a připomínek do dokumentace. Řešení projektové přípravy a finančního krytí projektu." />
<meta property="og:url" content="https://www.praha14.cz/ctrnactka-podle-vas/centralni-park-cerny-most/na-cem-prave-pracujeme-4/" />
<meta property="og:site_name" content="Měňte s námi Prahu 14" />
<meta property="article:modified_time" content="2023-01-19T09:47:38+00:00" />
<meta name="twitter:card" content="summary_large_image" />
<script type="application/ld+json" class="yoast-schema-graph">{"@context":"https://schema.org","@graph":[{"@type":"WebPage","@id":"https://www.praha14.cz/ctrnactka-podle-vas/centralni-park-cerny-most/na-cem-prave-pracujeme-4/","url":"https://www.praha14.cz/ctrnactka-podle-vas/centralni-park-cerny-most/na-cem-prave-pracujeme-4/","name":"Na čem právě pracujeme - Měňte s námi Prahu 14","isPartOf":{"@id":"https://www.praha14.cz/ctrnactka-podle-vas/#website"},"datePublished":"2021-11-29T08:39:32+00:00","dateModified":"2023-01-19T09:47:38+00:00","breadcrumb":{"@id":"https://www.praha14.cz/ctrnactka-podle-vas/centralni-park-cerny-most/na-cem-prave-pracujeme-4/#breadcrumb"},"inLanguage":"cs","potentialAction":[{"@type":"ReadAction","target":["https://www.praha14.cz/ctrnactka-podle-vas/centralni-park-cerny-most/na-cem-prave-pracujeme-4/"]}]},{"@type":"BreadcrumbList","@id":"https://www.praha14.cz/ctrnactka-podle-vas/centralni-park-cerny-most/na-cem-prave-pracujeme-4/#breadcrumb","itemListElement":[{"@type":"ListItem","position":1,"name":"Měňte s námi Prahu 14","item":"https://www.praha14.cz/ctrnactka-podle-vas/"},{"@type":"ListItem","position":2,"name":"Centrální park Černý Most","item":"https://www.praha14.cz/ctrnactka-podle-vas/centralni-park-cerny-most/"},{"@type":"ListItem","position":3,"name":"Na čem právě pracujeme"}]},{"@type":"WebSite","@id":"https://www.praha14.cz/ctrnactka-podle-vas/#website","url":"https://www.praha14.cz/ctrnactka-podle-vas/","name":"Měňte s námi Prahu 14","description":"Čtrnáctka podle vás","potentialAction":[{"@type":"SearchAction","target":{"@type":"EntryPoint","urlTemplate":"https://www.praha14.cz/ctrnactka-podle-vas/?s={search_term_string}"},"query-input":{"@type":"PropertyValueSpecification","valueRequired":true,"valueName":"search_term_string"}}],"inLanguage":"cs"}]}</script>
<!-- / Yoast SEO plugin. -->

Na čem právě pracujeme - Měňte s námi Prahu 14

Zapracování získaných podnětů a připomínek do dokumentace. Řešení projektové přípravy a finančního krytí projektu.

Měňte s námi Prahu 14

Centrální park Černý Most

Čtrnáctka podle vás
