{"id":720,"date":"2021-03-25T08:58:34","date_gmt":"2021-03-25T07:58:34","guid":{"rendered":"https:\/\/www.praha14.cz\/ctrnactka-podle-vas\/?page_id=720"},"modified":"2023-01-19T10:24:13","modified_gmt":"2023-01-19T09:24:13","slug":"zapojene-subjekty-a-jejich-cile-2","status":"publish","type":"page","link":"https:\/\/www.praha14.cz\/ctrnactka-podle-vas\/participace-na-lehovci\/zapojene-subjekty-a-jejich-cile-2\/","title":{"rendered":"Zapojen\u00e9 subjekty a jejich c\u00edle"},"content":{"rendered":"<p>Do realizace projektu jsou zapojeny n\u00e1sleduj\u00edc\u00ed subjekty:<\/p>\n<ul>\n<li><a href=\"https:\/\/www.praha14.cz\/\"><strong>M\u011bstsk\u00e1 \u010d\u00e1st Praha 14<\/strong><\/a><u>\u00a0a jej\u00ed dot\u010den\u00e9 odbory<\/u>. (Zpracov\u00e1n\u00ed p\u0159\u00edslu\u0161n\u00fdch projektov\u00fdch dokument\u016f, koordinace projektu a zapojen\u00ed ve\u0159ejnosti do participace.)<\/li>\n<li><a href=\"https:\/\/www.praha.eu\/\"><strong>Hlavn\u00ed m\u011bsto Praha<\/strong><\/a> (\u010d\u00e1ste\u010dn\u00e9 kryt\u00ed finan\u010dn\u00edch prost\u0159edk\u016f)<\/li>\n<li><a href=\"https:\/\/www.iprpraha.cz\/\"><strong>Institut pl\u00e1nov\u00e1n\u00ed a rozvoje hlavn\u00edho m\u011bsta Prahy\u00a0<\/strong><\/a> (IPR Praha je hlavn\u00edm koncep\u010dn\u00edm pracovi\u0161t\u011bm hl. m. Prahy v oblasti architektury, urbanismu, rozvoje, tvorby a spr\u00e1vy m\u011bsta. Zpracov\u00e1v\u00e1 strategick\u00e9, urbanistick\u00e9 a \u00fazemn\u011b rozvojov\u00e9 dokumenty. Garant nad\u0159azen\u00e9ho programu, zaji\u0161t\u011bn\u00ed sd\u00edlen\u00ed zku\u0161enost\u00ed, \u0161kolen\u00ed a koordinace s\u00a0dal\u0161\u00edmi m\u011bstsk\u00fdmi \u010d\u00e1stmi v\u00a0programu.)<\/li>\n<li><a href=\"https:\/\/smp14.cz\/\"><strong>Spr\u00e1va majetku Praha 14 a.s.<\/strong><\/a>\u00a0(Spravuje majetek m\u011bstsk\u00e9 \u010d\u00e1sti Praha 14 za \u00fa\u010delem spr\u00e1vy jej\u00edho bytov\u00e9ho i nebytov\u00e9ho fondu. Spolupr\u00e1ce v\u00a0r\u00e1mci dot\u010den\u00fdch objekt\u016f v lokalit\u011b.)<\/li>\n<li><a href=\"http:\/\/tsk-praha.cz\/\"><strong>Technick\u00e1 spr\u00e1va komunikac\u00ed hl. m. Prahy, a.s.\u00a0<\/strong><\/a>(Spravuje, udr\u017euje, opravuje a d\u00e1le rozv\u00edj\u00ed majetek m\u011bsta \u2013 silnice II. a III. t\u0159\u00eddy, m\u00edstn\u00ed a vybran\u00e9 \u00fa\u010delov\u00e9 komunikace na \u00fazem\u00ed hlavn\u00edho m\u011bsta. Koordinace p\u0159\u00edpravy a realizace investi\u010dn\u00edch projekt\u016f v\u00a0oblasti.)<\/li>\n<\/ul>\n","protected":false},"excerpt":{"rendered":"<p>Do realizace projektu jsou zapojeny n\u00e1sleduj\u00edc\u00ed subjekty: M\u011bstsk\u00e1 \u010d\u00e1st Praha 14\u00a0a jej\u00ed dot\u010den\u00e9 odbory. (Zpracov\u00e1n\u00ed p\u0159\u00edslu\u0161n\u00fdch projektov\u00fdch dokument\u016f, koordinace projektu a zapojen\u00ed ve\u0159ejnosti do participace.) Hlavn\u00ed m\u011bsto Praha (\u010d\u00e1ste\u010dn\u00e9 kryt\u00ed finan\u010dn\u00edch prost\u0159edk\u016f) Institut pl\u00e1nov\u00e1n\u00ed a rozvoje hlavn\u00edho m\u011bsta Prahy\u00a0 (IPR Praha je hlavn\u00edm koncep\u010dn\u00edm pracovi\u0161t\u011bm hl. m. Prahy v oblasti architektury, urbanismu, rozvoje, tvorby a&#8230;<\/p>\n","protected":false},"author":1057,"featured_media":0,"parent":642,"menu_order":0,"comment_status":"closed","ping_status":"closed","template":"","meta":{"_acf_changed":false,"footnotes":""},"class_list":["post-720","page","type-page","status-publish","hentry"],"acf":[],"yoast_head":"<!-- This site is optimized with the Yoast SEO plugin v27.2 - https:\/\/yoast.com\/product\/yoast-seo-wordpress\/ -->\n<title>Zapojen\u00e9 subjekty a jejich c\u00edle - M\u011b\u0148te s n\u00e1mi Prahu 14<\/title>\n<meta name=\"robots\" content=\"index, follow, max-snippet:-1, max-image-preview:large, max-video-preview:-1\" \/>\n<link rel=\"canonical\" href=\"https:\/\/www.praha14.cz\/ctrnactka-podle-vas\/participace-na-lehovci\/zapojene-subjekty-a-jejich-cile-2\/\" \/>\n<meta property=\"og:locale\" content=\"cs_CZ\" \/>\n<meta property=\"og:type\" content=\"article\" \/>\n<meta property=\"og:title\" content=\"Zapojen\u00e9 subjekty a jejich c\u00edle - M\u011b\u0148te s n\u00e1mi Prahu 14\" \/>\n<meta property=\"og:description\" content=\"Do realizace projektu jsou zapojeny n\u00e1sleduj\u00edc\u00ed subjekty: M\u011bstsk\u00e1 \u010d\u00e1st Praha 14\u00a0a jej\u00ed dot\u010den\u00e9 odbory. (Zpracov\u00e1n\u00ed p\u0159\u00edslu\u0161n\u00fdch projektov\u00fdch dokument\u016f, koordinace projektu a zapojen\u00ed ve\u0159ejnosti do participace.) Hlavn\u00ed m\u011bsto Praha (\u010d\u00e1ste\u010dn\u00e9 kryt\u00ed finan\u010dn\u00edch prost\u0159edk\u016f) Institut pl\u00e1nov\u00e1n\u00ed a rozvoje hlavn\u00edho m\u011bsta Prahy\u00a0 (IPR Praha je hlavn\u00edm koncep\u010dn\u00edm pracovi\u0161t\u011bm hl. m. Prahy v oblasti architektury, urbanismu, rozvoje, tvorby a...\" \/>\n<meta property=\"og:url\" content=\"https:\/\/www.praha14.cz\/ctrnactka-podle-vas\/participace-na-lehovci\/zapojene-subjekty-a-jejich-cile-2\/\" \/>\n<meta property=\"og:site_name\" content=\"M\u011b\u0148te s n\u00e1mi Prahu 14\" \/>\n<meta property=\"article:modified_time\" content=\"2023-01-19T09:24:13+00:00\" \/>\n<meta name=\"twitter:card\" content=\"summary_large_image\" \/>\n<meta name=\"twitter:label1\" content=\"Est. reading time\" \/>\n\t<meta name=\"twitter:data1\" content=\"1 minuta\" \/>\n<script type=\"application\/ld+json\" class=\"yoast-schema-graph\">{\"@context\":\"https:\/\/schema.org\",\"@graph\":[{\"@type\":\"WebPage\",\"@id\":\"https:\/\/www.praha14.cz\/ctrnactka-podle-vas\/participace-na-lehovci\/zapojene-subjekty-a-jejich-cile-2\/\",\"url\":\"https:\/\/www.praha14.cz\/ctrnactka-podle-vas\/participace-na-lehovci\/zapojene-subjekty-a-jejich-cile-2\/\",\"name\":\"Zapojen\u00e9 subjekty a jejich c\u00edle - M\u011b\u0148te s n\u00e1mi Prahu 14\",\"isPartOf\":{\"@id\":\"https:\/\/www.praha14.cz\/ctrnactka-podle-vas\/#website\"},\"datePublished\":\"2021-03-25T07:58:34+00:00\",\"dateModified\":\"2023-01-19T09:24:13+00:00\",\"breadcrumb\":{\"@id\":\"https:\/\/www.praha14.cz\/ctrnactka-podle-vas\/participace-na-lehovci\/zapojene-subjekty-a-jejich-cile-2\/#breadcrumb\"},\"inLanguage\":\"cs\",\"potentialAction\":[{\"@type\":\"ReadAction\",\"target\":[\"https:\/\/www.praha14.cz\/ctrnactka-podle-vas\/participace-na-lehovci\/zapojene-subjekty-a-jejich-cile-2\/\"]}]},{\"@type\":\"BreadcrumbList\",\"@id\":\"https:\/\/www.praha14.cz\/ctrnactka-podle-vas\/participace-na-lehovci\/zapojene-subjekty-a-jejich-cile-2\/#breadcrumb\",\"itemListElement\":[{\"@type\":\"ListItem\",\"position\":1,\"name\":\"M\u011b\u0148te s n\u00e1mi Prahu 14\",\"item\":\"https:\/\/www.praha14.cz\/ctrnactka-podle-vas\/\"},{\"@type\":\"ListItem\",\"position\":2,\"name\":\"Participace na Lehovci\",\"item\":\"https:\/\/www.praha14.cz\/ctrnactka-podle-vas\/participace-na-lehovci\/\"},{\"@type\":\"ListItem\",\"position\":3,\"name\":\"Zapojen\u00e9 subjekty a jejich c\u00edle\"}]},{\"@type\":\"WebSite\",\"@id\":\"https:\/\/www.praha14.cz\/ctrnactka-podle-vas\/#website\",\"url\":\"https:\/\/www.praha14.cz\/ctrnactka-podle-vas\/\",\"name\":\"M\u011b\u0148te s n\u00e1mi Prahu 14\",\"description\":\"\u010ctrn\u00e1ctka podle v\u00e1s\",\"potentialAction\":[{\"@type\":\"SearchAction\",\"target\":{\"@type\":\"EntryPoint\",\"urlTemplate\":\"https:\/\/www.praha14.cz\/ctrnactka-podle-vas\/?s={search_term_string}\"},\"query-input\":{\"@type\":\"PropertyValueSpecification\",\"valueRequired\":true,\"valueName\":\"search_term_string\"}}],\"inLanguage\":\"cs\"}]}<\/script>\n<!-- \/ Yoast SEO plugin. -->","yoast_head_json":{"title":"Zapojen\u00e9 subjekty a jejich c\u00edle - M\u011b\u0148te s n\u00e1mi Prahu 14","robots":{"index":"index","follow":"follow","max-snippet":"max-snippet:-1","max-image-preview":"max-image-preview:large","max-video-preview":"max-video-preview:-1"},"canonical":"https:\/\/www.praha14.cz\/ctrnactka-podle-vas\/participace-na-lehovci\/zapojene-subjekty-a-jejich-cile-2\/","og_locale":"cs_CZ","og_type":"article","og_title":"Zapojen\u00e9 subjekty a jejich c\u00edle - M\u011b\u0148te s n\u00e1mi Prahu 14","og_description":"Do realizace projektu jsou zapojeny n\u00e1sleduj\u00edc\u00ed subjekty: M\u011bstsk\u00e1 \u010d\u00e1st Praha 14\u00a0a jej\u00ed dot\u010den\u00e9 odbory. (Zpracov\u00e1n\u00ed p\u0159\u00edslu\u0161n\u00fdch projektov\u00fdch dokument\u016f, koordinace projektu a zapojen\u00ed ve\u0159ejnosti do participace.) Hlavn\u00ed m\u011bsto Praha (\u010d\u00e1ste\u010dn\u00e9 kryt\u00ed finan\u010dn\u00edch prost\u0159edk\u016f) Institut pl\u00e1nov\u00e1n\u00ed a rozvoje hlavn\u00edho m\u011bsta Prahy\u00a0 (IPR Praha je hlavn\u00edm koncep\u010dn\u00edm pracovi\u0161t\u011bm hl. m. Prahy v oblasti architektury, urbanismu, rozvoje, tvorby a...","og_url":"https:\/\/www.praha14.cz\/ctrnactka-podle-vas\/participace-na-lehovci\/zapojene-subjekty-a-jejich-cile-2\/","og_site_name":"M\u011b\u0148te s n\u00e1mi Prahu 14","article_modified_time":"2023-01-19T09:24:13+00:00","twitter_card":"summary_large_image","twitter_misc":{"Est. reading time":"1 minuta"},"schema":{"@context":"https:\/\/schema.org","@graph":[{"@type":"WebPage","@id":"https:\/\/www.praha14.cz\/ctrnactka-podle-vas\/participace-na-lehovci\/zapojene-subjekty-a-jejich-cile-2\/","url":"https:\/\/www.praha14.cz\/ctrnactka-podle-vas\/participace-na-lehovci\/zapojene-subjekty-a-jejich-cile-2\/","name":"Zapojen\u00e9 subjekty a jejich c\u00edle - M\u011b\u0148te s n\u00e1mi Prahu 14","isPartOf":{"@id":"https:\/\/www.praha14.cz\/ctrnactka-podle-vas\/#website"},"datePublished":"2021-03-25T07:58:34+00:00","dateModified":"2023-01-19T09:24:13+00:00","breadcrumb":{"@id":"https:\/\/www.praha14.cz\/ctrnactka-podle-vas\/participace-na-lehovci\/zapojene-subjekty-a-jejich-cile-2\/#breadcrumb"},"inLanguage":"cs","potentialAction":[{"@type":"ReadAction","target":["https:\/\/www.praha14.cz\/ctrnactka-podle-vas\/participace-na-lehovci\/zapojene-subjekty-a-jejich-cile-2\/"]}]},{"@type":"BreadcrumbList","@id":"https:\/\/www.praha14.cz\/ctrnactka-podle-vas\/participace-na-lehovci\/zapojene-subjekty-a-jejich-cile-2\/#breadcrumb","itemListElement":[{"@type":"ListItem","position":1,"name":"M\u011b\u0148te s n\u00e1mi Prahu 14","item":"https:\/\/www.praha14.cz\/ctrnactka-podle-vas\/"},{"@type":"ListItem","position":2,"name":"Participace na Lehovci","item":"https:\/\/www.praha14.cz\/ctrnactka-podle-vas\/participace-na-lehovci\/"},{"@type":"ListItem","position":3,"name":"Zapojen\u00e9 subjekty a jejich c\u00edle"}]},{"@type":"WebSite","@id":"https:\/\/www.praha14.cz\/ctrnactka-podle-vas\/#website","url":"https:\/\/www.praha14.cz\/ctrnactka-podle-vas\/","name":"M\u011b\u0148te s n\u00e1mi Prahu 14","description":"\u010ctrn\u00e1ctka podle v\u00e1s","potentialAction":[{"@type":"SearchAction","target":{"@type":"EntryPoint","urlTemplate":"https:\/\/www.praha14.cz\/ctrnactka-podle-vas\/?s={search_term_string}"},"query-input":{"@type":"PropertyValueSpecification","valueRequired":true,"valueName":"search_term_string"}}],"inLanguage":"cs"}]}},"_links":{"self":[{"href":"https:\/\/www.praha14.cz\/ctrnactka-podle-vas\/wp-json\/wp\/v2\/pages\/720","targetHints":{"allow":["GET"]}}],"collection":[{"href":"https:\/\/www.praha14.cz\/ctrnactka-podle-vas\/wp-json\/wp\/v2\/pages"}],"about":[{"href":"https:\/\/www.praha14.cz\/ctrnactka-podle-vas\/wp-json\/wp\/v2\/types\/page"}],"author":[{"embeddable":true,"href":"https:\/\/www.praha14.cz\/ctrnactka-podle-vas\/wp-json\/wp\/v2\/users\/1057"}],"replies":[{"embeddable":true,"href":"https:\/\/www.praha14.cz\/ctrnactka-podle-vas\/wp-json\/wp\/v2\/comments?post=720"}],"version-history":[{"count":6,"href":"https:\/\/www.praha14.cz\/ctrnactka-podle-vas\/wp-json\/wp\/v2\/pages\/720\/revisions"}],"predecessor-version":[{"id":980,"href":"https:\/\/www.praha14.cz\/ctrnactka-podle-vas\/wp-json\/wp\/v2\/pages\/720\/revisions\/980"}],"up":[{"embeddable":true,"href":"https:\/\/www.praha14.cz\/ctrnactka-podle-vas\/wp-json\/wp\/v2\/pages\/642"}],"wp:attachment":[{"href":"https:\/\/www.praha14.cz\/ctrnactka-podle-vas\/wp-json\/wp\/v2\/media?parent=720"}],"curies":[{"name":"wp","href":"https:\/\/api.w.org\/{rel}","templated":true}]}}

Zapojené subjekty a jejich cíle

<p>Do realizace projektu jsou zapojeny následující subjekty:</p>
<ul>
<li><a href="https://www.praha14.cz/"><strong>Městská část Praha 14</strong></a><u> a její dotčené odbory</u>. (Zpracování příslušných projektových dokumentů, koordinace projektu a zapojení veřejnosti do participace.)</li>
<li><a href="https://www.praha.eu/"><strong>Hlavní město Praha</strong></a> (částečné krytí finančních prostředků)</li>
<li><a href="https://www.iprpraha.cz/"><strong>Institut plánování a rozvoje hlavního města Prahy </strong></a> (IPR Praha je hlavním koncepčním pracovištěm hl. m. Prahy v oblasti architektury, urbanismu, rozvoje, tvorby a správy města. Zpracovává strategické, urbanistické a územně rozvojové dokumenty. Garant nadřazeného programu, zajištění sdílení zkušeností, školení a koordinace s dalšími městskými částmi v programu.)</li>
<li><a href="https://smp14.cz/"><strong>Správa majetku Praha 14 a.s.</strong></a> (Spravuje majetek městské části Praha 14 za účelem správy jejího bytového i nebytového fondu. Spolupráce v rámci dotčených objektů v lokalitě.)</li>
<li><a href="http://tsk-praha.cz/"><strong>Technická správa komunikací hl. m. Prahy, a.s. </strong></a>(Spravuje, udržuje, opravuje a dále rozvíjí majetek města – silnice II. a III. třídy, místní a vybrané účelové komunikace na území hlavního města. Koordinace přípravy a realizace investičních projektů v oblasti.)</li>
</ul>

<p>Do realizace projektu jsou zapojeny následující subjekty: Městská část Praha 14 a její dotčené odbory. (Zpracování příslušných projektových dokumentů, koordinace projektu a zapojení veřejnosti do participace.) Hlavní město Praha (částečné krytí finančních prostředků) Institut plánování a rozvoje hlavního města Prahy  (IPR Praha je hlavním koncepčním pracovištěm hl. m. Prahy v oblasti architektury, urbanismu, rozvoje, tvorby a&#8230;</p>

<!-- This site is optimized with the Yoast SEO plugin v27.2 - https://yoast.com/product/yoast-seo-wordpress/ -->
<title>Zapojené subjekty a jejich cíle - Měňte s námi Prahu 14</title>
<meta name="robots" content="index, follow, max-snippet:-1, max-image-preview:large, max-video-preview:-1" />
<link rel="canonical" href="https://www.praha14.cz/ctrnactka-podle-vas/participace-na-lehovci/zapojene-subjekty-a-jejich-cile-2/" />
<meta property="og:locale" content="cs_CZ" />
<meta property="og:type" content="article" />
<meta property="og:title" content="Zapojené subjekty a jejich cíle - Měňte s námi Prahu 14" />
<meta property="og:description" content="Do realizace projektu jsou zapojeny následující subjekty: Městská část Praha 14 a její dotčené odbory. (Zpracování příslušných projektových dokumentů, koordinace projektu a zapojení veřejnosti do participace.) Hlavní město Praha (částečné krytí finančních prostředků) Institut plánování a rozvoje hlavního města Prahy  (IPR Praha je hlavním koncepčním pracovištěm hl. m. Prahy v oblasti architektury, urbanismu, rozvoje, tvorby a..." />
<meta property="og:url" content="https://www.praha14.cz/ctrnactka-podle-vas/participace-na-lehovci/zapojene-subjekty-a-jejich-cile-2/" />
<meta property="og:site_name" content="Měňte s námi Prahu 14" />
<meta property="article:modified_time" content="2023-01-19T09:24:13+00:00" />
<meta name="twitter:card" content="summary_large_image" />
<meta name="twitter:label1" content="Est. reading time" />
	<meta name="twitter:data1" content="1 minuta" />
<script type="application/ld+json" class="yoast-schema-graph">{"@context":"https://schema.org","@graph":[{"@type":"WebPage","@id":"https://www.praha14.cz/ctrnactka-podle-vas/participace-na-lehovci/zapojene-subjekty-a-jejich-cile-2/","url":"https://www.praha14.cz/ctrnactka-podle-vas/participace-na-lehovci/zapojene-subjekty-a-jejich-cile-2/","name":"Zapojené subjekty a jejich cíle - Měňte s námi Prahu 14","isPartOf":{"@id":"https://www.praha14.cz/ctrnactka-podle-vas/#website"},"datePublished":"2021-03-25T07:58:34+00:00","dateModified":"2023-01-19T09:24:13+00:00","breadcrumb":{"@id":"https://www.praha14.cz/ctrnactka-podle-vas/participace-na-lehovci/zapojene-subjekty-a-jejich-cile-2/#breadcrumb"},"inLanguage":"cs","potentialAction":[{"@type":"ReadAction","target":["https://www.praha14.cz/ctrnactka-podle-vas/participace-na-lehovci/zapojene-subjekty-a-jejich-cile-2/"]}]},{"@type":"BreadcrumbList","@id":"https://www.praha14.cz/ctrnactka-podle-vas/participace-na-lehovci/zapojene-subjekty-a-jejich-cile-2/#breadcrumb","itemListElement":[{"@type":"ListItem","position":1,"name":"Měňte s námi Prahu 14","item":"https://www.praha14.cz/ctrnactka-podle-vas/"},{"@type":"ListItem","position":2,"name":"Participace na Lehovci","item":"https://www.praha14.cz/ctrnactka-podle-vas/participace-na-lehovci/"},{"@type":"ListItem","position":3,"name":"Zapojené subjekty a jejich cíle"}]},{"@type":"WebSite","@id":"https://www.praha14.cz/ctrnactka-podle-vas/#website","url":"https://www.praha14.cz/ctrnactka-podle-vas/","name":"Měňte s námi Prahu 14","description":"Čtrnáctka podle vás","potentialAction":[{"@type":"SearchAction","target":{"@type":"EntryPoint","urlTemplate":"https://www.praha14.cz/ctrnactka-podle-vas/?s={search_term_string}"},"query-input":{"@type":"PropertyValueSpecification","valueRequired":true,"valueName":"search_term_string"}}],"inLanguage":"cs"}]}</script>
<!-- / Yoast SEO plugin. -->

Zapojené subjekty a jejich cíle - Měňte s námi Prahu 14

Do realizace projektu jsou zapojeny následující subjekty: Městská část Praha 14 a její dotčené odbory. (Zpracování příslušných projektových dokumentů, koordinace projektu a zapojení veřejnosti do participace.) Hlavní město Praha (částečné krytí finančních prostředků) Institut plánování a rozvoje hlavního města Prahy  (IPR Praha je hlavním koncepčním pracovištěm hl. m. Prahy v oblasti architektury, urbanismu, rozvoje, tvorby a...

Měňte s námi Prahu 14

Čtrnáctka podle vás
