{"id":723,"date":"2021-03-25T08:59:12","date_gmt":"2021-03-25T07:59:12","guid":{"rendered":"https:\/\/www.praha14.cz\/ctrnactka-podle-vas\/?page_id=723"},"modified":"2023-01-19T10:24:30","modified_gmt":"2023-01-19T09:24:30","slug":"co-je-jiz-hotovo-2","status":"publish","type":"page","link":"https:\/\/www.praha14.cz\/ctrnactka-podle-vas\/participace-na-lehovci\/co-je-jiz-hotovo-2\/","title":{"rendered":"Co je ji\u017e hotovo"},"content":{"rendered":"<p><strong>P\u0159\u00edprava podklad\u016f a mapov\u00e1n\u00ed oblasti<\/strong><\/p>\n<ul>\n<li>V\u00a0pr\u016fb\u011bhu zimy 2020\/2021 byly shrom\u00e1\u017ed\u011bny podklady pro projektovou p\u0159\u00edpravu, prob\u011bhlo kontaktov\u00e1n\u00ed kl\u00ed\u010dov\u00fdch akt\u00e9r\u016f v\u00a0oblasti, ur\u010den\u00ed rozsahu projektu a p\u0159ipraveno zad\u00e1n\u00ed pro n\u00e1sledn\u00e9 zpracov\u00e1n\u00ed strategick\u00e9ho dokumentu revitalizace s\u00eddli\u0161t\u011b Lehovec.<\/li>\n<\/ul>\n<p><strong>Dotazn\u00edkov\u00e9 \u0161et\u0159en\u00ed Lehovec<\/strong><\/p>\n<ul>\n<li>Na p\u0159elomu m\u011bs\u00edce \u00fanora a b\u0159ezna 2021 prob\u011bhlo dotazn\u00edkov\u00e9 \u0161et\u0159en\u00ed na s\u00eddli\u0161ti Lehovec, kter\u00e9 m\u011blo za c\u00edl zmapovat aktu\u00e1ln\u00ed pot\u0159eby obyvatel Lehovce.<\/li>\n<li>V\u00a0r\u00e1mci sb\u011bru se se\u0161lo v\u00edce jak 500 dotazn\u00edk\u016f, kter\u00e9 n\u00e1m pomohou s\u00a0p\u0159\u00edpravou koncep\u010dn\u00ed studie. Dal\u0161\u00edm d\u016fle\u017eit\u00fdm podkladem budou z\u00edskan\u00e9 p\u0159ipom\u00ednky a podn\u011bty od ob\u010dan\u016f.<\/li>\n<li>Nyn\u00ed se podklady zpracov\u00e1vaj\u00ed a vyu\u017eij\u00ed se p\u0159i jedn\u00e1n\u00ed o zm\u011bn\u00e1ch lokality s\u00a0veden\u00edm m\u011bsta.<\/li>\n<\/ul>\n<p><strong>Vyps\u00e1n\u00ed sout\u011b\u017ee na zhotovitele pl\u00e1nu revitalizace<\/strong><\/p>\n<ul>\n<li>V\u00a0r\u00e1mci m\u011bs\u00edce dubna a kv\u011btna 2021 byla p\u0159ipravena a vyps\u00e1na zak\u00e1zka mal\u00e9ho rozsahu na zpracov\u00e1n\u00ed dokumentu \u201ePl\u00e1n revitalizace s\u00eddli\u0161t\u011b Lehovec 2022 \u2013 2027\u201c.<\/li>\n<\/ul>\n","protected":false},"excerpt":{"rendered":"<p>P\u0159\u00edprava podklad\u016f a mapov\u00e1n\u00ed oblasti V\u00a0pr\u016fb\u011bhu zimy 2020\/2021 byly shrom\u00e1\u017ed\u011bny podklady pro projektovou p\u0159\u00edpravu, prob\u011bhlo kontaktov\u00e1n\u00ed kl\u00ed\u010dov\u00fdch akt\u00e9r\u016f v\u00a0oblasti, ur\u010den\u00ed rozsahu projektu a p\u0159ipraveno zad\u00e1n\u00ed pro n\u00e1sledn\u00e9 zpracov\u00e1n\u00ed strategick\u00e9ho dokumentu revitalizace s\u00eddli\u0161t\u011b Lehovec. Dotazn\u00edkov\u00e9 \u0161et\u0159en\u00ed Lehovec Na p\u0159elomu m\u011bs\u00edce \u00fanora a b\u0159ezna 2021 prob\u011bhlo dotazn\u00edkov\u00e9 \u0161et\u0159en\u00ed na s\u00eddli\u0161ti Lehovec, kter\u00e9 m\u011blo za c\u00edl zmapovat aktu\u00e1ln\u00ed&#8230;<\/p>\n","protected":false},"author":1057,"featured_media":0,"parent":642,"menu_order":0,"comment_status":"closed","ping_status":"closed","template":"","meta":{"_acf_changed":false,"footnotes":""},"class_list":["post-723","page","type-page","status-publish","hentry"],"acf":[],"yoast_head":"<!-- This site is optimized with the Yoast SEO plugin v27.2 - https:\/\/yoast.com\/product\/yoast-seo-wordpress\/ -->\n<title>Co je ji\u017e hotovo - M\u011b\u0148te s n\u00e1mi Prahu 14<\/title>\n<meta name=\"robots\" content=\"index, follow, max-snippet:-1, max-image-preview:large, max-video-preview:-1\" \/>\n<link rel=\"canonical\" href=\"https:\/\/www.praha14.cz\/ctrnactka-podle-vas\/participace-na-lehovci\/co-je-jiz-hotovo-2\/\" \/>\n<meta property=\"og:locale\" content=\"cs_CZ\" \/>\n<meta property=\"og:type\" content=\"article\" \/>\n<meta property=\"og:title\" content=\"Co je ji\u017e hotovo - M\u011b\u0148te s n\u00e1mi Prahu 14\" \/>\n<meta property=\"og:description\" content=\"P\u0159\u00edprava podklad\u016f a mapov\u00e1n\u00ed oblasti V\u00a0pr\u016fb\u011bhu zimy 2020\/2021 byly shrom\u00e1\u017ed\u011bny podklady pro projektovou p\u0159\u00edpravu, prob\u011bhlo kontaktov\u00e1n\u00ed kl\u00ed\u010dov\u00fdch akt\u00e9r\u016f v\u00a0oblasti, ur\u010den\u00ed rozsahu projektu a p\u0159ipraveno zad\u00e1n\u00ed pro n\u00e1sledn\u00e9 zpracov\u00e1n\u00ed strategick\u00e9ho dokumentu revitalizace s\u00eddli\u0161t\u011b Lehovec. Dotazn\u00edkov\u00e9 \u0161et\u0159en\u00ed Lehovec Na p\u0159elomu m\u011bs\u00edce \u00fanora a b\u0159ezna 2021 prob\u011bhlo dotazn\u00edkov\u00e9 \u0161et\u0159en\u00ed na s\u00eddli\u0161ti Lehovec, kter\u00e9 m\u011blo za c\u00edl zmapovat aktu\u00e1ln\u00ed...\" \/>\n<meta property=\"og:url\" content=\"https:\/\/www.praha14.cz\/ctrnactka-podle-vas\/participace-na-lehovci\/co-je-jiz-hotovo-2\/\" \/>\n<meta property=\"og:site_name\" content=\"M\u011b\u0148te s n\u00e1mi Prahu 14\" \/>\n<meta property=\"article:modified_time\" content=\"2023-01-19T09:24:30+00:00\" \/>\n<meta name=\"twitter:card\" content=\"summary_large_image\" \/>\n<meta name=\"twitter:label1\" content=\"Est. reading time\" \/>\n\t<meta name=\"twitter:data1\" content=\"1 minuta\" \/>\n<script type=\"application\/ld+json\" class=\"yoast-schema-graph\">{\"@context\":\"https:\/\/schema.org\",\"@graph\":[{\"@type\":\"WebPage\",\"@id\":\"https:\/\/www.praha14.cz\/ctrnactka-podle-vas\/participace-na-lehovci\/co-je-jiz-hotovo-2\/\",\"url\":\"https:\/\/www.praha14.cz\/ctrnactka-podle-vas\/participace-na-lehovci\/co-je-jiz-hotovo-2\/\",\"name\":\"Co je ji\u017e hotovo - M\u011b\u0148te s n\u00e1mi Prahu 14\",\"isPartOf\":{\"@id\":\"https:\/\/www.praha14.cz\/ctrnactka-podle-vas\/#website\"},\"datePublished\":\"2021-03-25T07:59:12+00:00\",\"dateModified\":\"2023-01-19T09:24:30+00:00\",\"breadcrumb\":{\"@id\":\"https:\/\/www.praha14.cz\/ctrnactka-podle-vas\/participace-na-lehovci\/co-je-jiz-hotovo-2\/#breadcrumb\"},\"inLanguage\":\"cs\",\"potentialAction\":[{\"@type\":\"ReadAction\",\"target\":[\"https:\/\/www.praha14.cz\/ctrnactka-podle-vas\/participace-na-lehovci\/co-je-jiz-hotovo-2\/\"]}]},{\"@type\":\"BreadcrumbList\",\"@id\":\"https:\/\/www.praha14.cz\/ctrnactka-podle-vas\/participace-na-lehovci\/co-je-jiz-hotovo-2\/#breadcrumb\",\"itemListElement\":[{\"@type\":\"ListItem\",\"position\":1,\"name\":\"M\u011b\u0148te s n\u00e1mi Prahu 14\",\"item\":\"https:\/\/www.praha14.cz\/ctrnactka-podle-vas\/\"},{\"@type\":\"ListItem\",\"position\":2,\"name\":\"Participace na Lehovci\",\"item\":\"https:\/\/www.praha14.cz\/ctrnactka-podle-vas\/participace-na-lehovci\/\"},{\"@type\":\"ListItem\",\"position\":3,\"name\":\"Co je ji\u017e hotovo\"}]},{\"@type\":\"WebSite\",\"@id\":\"https:\/\/www.praha14.cz\/ctrnactka-podle-vas\/#website\",\"url\":\"https:\/\/www.praha14.cz\/ctrnactka-podle-vas\/\",\"name\":\"M\u011b\u0148te s n\u00e1mi Prahu 14\",\"description\":\"\u010ctrn\u00e1ctka podle v\u00e1s\",\"potentialAction\":[{\"@type\":\"SearchAction\",\"target\":{\"@type\":\"EntryPoint\",\"urlTemplate\":\"https:\/\/www.praha14.cz\/ctrnactka-podle-vas\/?s={search_term_string}\"},\"query-input\":{\"@type\":\"PropertyValueSpecification\",\"valueRequired\":true,\"valueName\":\"search_term_string\"}}],\"inLanguage\":\"cs\"}]}<\/script>\n<!-- \/ Yoast SEO plugin. -->","yoast_head_json":{"title":"Co je ji\u017e hotovo - M\u011b\u0148te s n\u00e1mi Prahu 14","robots":{"index":"index","follow":"follow","max-snippet":"max-snippet:-1","max-image-preview":"max-image-preview:large","max-video-preview":"max-video-preview:-1"},"canonical":"https:\/\/www.praha14.cz\/ctrnactka-podle-vas\/participace-na-lehovci\/co-je-jiz-hotovo-2\/","og_locale":"cs_CZ","og_type":"article","og_title":"Co je ji\u017e hotovo - M\u011b\u0148te s n\u00e1mi Prahu 14","og_description":"P\u0159\u00edprava podklad\u016f a mapov\u00e1n\u00ed oblasti V\u00a0pr\u016fb\u011bhu zimy 2020\/2021 byly shrom\u00e1\u017ed\u011bny podklady pro projektovou p\u0159\u00edpravu, prob\u011bhlo kontaktov\u00e1n\u00ed kl\u00ed\u010dov\u00fdch akt\u00e9r\u016f v\u00a0oblasti, ur\u010den\u00ed rozsahu projektu a p\u0159ipraveno zad\u00e1n\u00ed pro n\u00e1sledn\u00e9 zpracov\u00e1n\u00ed strategick\u00e9ho dokumentu revitalizace s\u00eddli\u0161t\u011b Lehovec. Dotazn\u00edkov\u00e9 \u0161et\u0159en\u00ed Lehovec Na p\u0159elomu m\u011bs\u00edce \u00fanora a b\u0159ezna 2021 prob\u011bhlo dotazn\u00edkov\u00e9 \u0161et\u0159en\u00ed na s\u00eddli\u0161ti Lehovec, kter\u00e9 m\u011blo za c\u00edl zmapovat aktu\u00e1ln\u00ed...","og_url":"https:\/\/www.praha14.cz\/ctrnactka-podle-vas\/participace-na-lehovci\/co-je-jiz-hotovo-2\/","og_site_name":"M\u011b\u0148te s n\u00e1mi Prahu 14","article_modified_time":"2023-01-19T09:24:30+00:00","twitter_card":"summary_large_image","twitter_misc":{"Est. reading time":"1 minuta"},"schema":{"@context":"https:\/\/schema.org","@graph":[{"@type":"WebPage","@id":"https:\/\/www.praha14.cz\/ctrnactka-podle-vas\/participace-na-lehovci\/co-je-jiz-hotovo-2\/","url":"https:\/\/www.praha14.cz\/ctrnactka-podle-vas\/participace-na-lehovci\/co-je-jiz-hotovo-2\/","name":"Co je ji\u017e hotovo - M\u011b\u0148te s n\u00e1mi Prahu 14","isPartOf":{"@id":"https:\/\/www.praha14.cz\/ctrnactka-podle-vas\/#website"},"datePublished":"2021-03-25T07:59:12+00:00","dateModified":"2023-01-19T09:24:30+00:00","breadcrumb":{"@id":"https:\/\/www.praha14.cz\/ctrnactka-podle-vas\/participace-na-lehovci\/co-je-jiz-hotovo-2\/#breadcrumb"},"inLanguage":"cs","potentialAction":[{"@type":"ReadAction","target":["https:\/\/www.praha14.cz\/ctrnactka-podle-vas\/participace-na-lehovci\/co-je-jiz-hotovo-2\/"]}]},{"@type":"BreadcrumbList","@id":"https:\/\/www.praha14.cz\/ctrnactka-podle-vas\/participace-na-lehovci\/co-je-jiz-hotovo-2\/#breadcrumb","itemListElement":[{"@type":"ListItem","position":1,"name":"M\u011b\u0148te s n\u00e1mi Prahu 14","item":"https:\/\/www.praha14.cz\/ctrnactka-podle-vas\/"},{"@type":"ListItem","position":2,"name":"Participace na Lehovci","item":"https:\/\/www.praha14.cz\/ctrnactka-podle-vas\/participace-na-lehovci\/"},{"@type":"ListItem","position":3,"name":"Co je ji\u017e hotovo"}]},{"@type":"WebSite","@id":"https:\/\/www.praha14.cz\/ctrnactka-podle-vas\/#website","url":"https:\/\/www.praha14.cz\/ctrnactka-podle-vas\/","name":"M\u011b\u0148te s n\u00e1mi Prahu 14","description":"\u010ctrn\u00e1ctka podle v\u00e1s","potentialAction":[{"@type":"SearchAction","target":{"@type":"EntryPoint","urlTemplate":"https:\/\/www.praha14.cz\/ctrnactka-podle-vas\/?s={search_term_string}"},"query-input":{"@type":"PropertyValueSpecification","valueRequired":true,"valueName":"search_term_string"}}],"inLanguage":"cs"}]}},"_links":{"self":[{"href":"https:\/\/www.praha14.cz\/ctrnactka-podle-vas\/wp-json\/wp\/v2\/pages\/723","targetHints":{"allow":["GET"]}}],"collection":[{"href":"https:\/\/www.praha14.cz\/ctrnactka-podle-vas\/wp-json\/wp\/v2\/pages"}],"about":[{"href":"https:\/\/www.praha14.cz\/ctrnactka-podle-vas\/wp-json\/wp\/v2\/types\/page"}],"author":[{"embeddable":true,"href":"https:\/\/www.praha14.cz\/ctrnactka-podle-vas\/wp-json\/wp\/v2\/users\/1057"}],"replies":[{"embeddable":true,"href":"https:\/\/www.praha14.cz\/ctrnactka-podle-vas\/wp-json\/wp\/v2\/comments?post=723"}],"version-history":[{"count":4,"href":"https:\/\/www.praha14.cz\/ctrnactka-podle-vas\/wp-json\/wp\/v2\/pages\/723\/revisions"}],"predecessor-version":[{"id":981,"href":"https:\/\/www.praha14.cz\/ctrnactka-podle-vas\/wp-json\/wp\/v2\/pages\/723\/revisions\/981"}],"up":[{"embeddable":true,"href":"https:\/\/www.praha14.cz\/ctrnactka-podle-vas\/wp-json\/wp\/v2\/pages\/642"}],"wp:attachment":[{"href":"https:\/\/www.praha14.cz\/ctrnactka-podle-vas\/wp-json\/wp\/v2\/media?parent=723"}],"curies":[{"name":"wp","href":"https:\/\/api.w.org\/{rel}","templated":true}]}}