{"id":729,"date":"2021-03-25T09:00:30","date_gmt":"2021-03-25T08:00:30","guid":{"rendered":"https:\/\/www.praha14.cz\/ctrnactka-podle-vas\/?page_id=729"},"modified":"2023-01-19T10:25:14","modified_gmt":"2023-01-19T09:25:14","slug":"co-nas-ceka-2","status":"publish","type":"page","link":"https:\/\/www.praha14.cz\/ctrnactka-podle-vas\/participace-na-lehovci\/co-nas-ceka-2\/","title":{"rendered":"Co n\u00e1s \u010dek\u00e1"},"content":{"rendered":"<ul>\n<li>Zpracov\u00e1n\u00ed Pl\u00e1nu revitalizace s\u00eddli\u0161t\u011b Lehovec\n<ul>\n<li>Analytick\u00e1 f\u00e1ze \u2013 \u0158\u00edjen 2021<\/li>\n<li>N\u00e1vrhov\u00e1 f\u00e1ze \u2013 zima 2021\/2022<\/li>\n<\/ul>\n<\/li>\n<li>P\u0159\u00edprava d\u00edl\u010d\u00edch projekt\u016f \u2013 pr\u016fb\u011bh roku 2021\/2022<\/li>\n<li>Komentovan\u00e9 vych\u00e1zky pro ve\u0159ejnost \u2013 z\u00e1\u0159\u00ed 2021<\/li>\n<li>V\u00fdstava ve ve\u0159ejn\u00e9m prostoru \u2013 podzim 2021<\/li>\n<\/ul>\n","protected":false},"excerpt":{"rendered":"<p>Zpracov\u00e1n\u00ed Pl\u00e1nu revitalizace s\u00eddli\u0161t\u011b Lehovec Analytick\u00e1 f\u00e1ze \u2013 \u0158\u00edjen 2021 N\u00e1vrhov\u00e1 f\u00e1ze \u2013 zima 2021\/2022 P\u0159\u00edprava d\u00edl\u010d\u00edch projekt\u016f \u2013 pr\u016fb\u011bh roku 2021\/2022 Komentovan\u00e9 vych\u00e1zky pro ve\u0159ejnost \u2013 z\u00e1\u0159\u00ed 2021 V\u00fdstava ve ve\u0159ejn\u00e9m prostoru \u2013 podzim 2021<\/p>\n","protected":false},"author":1057,"featured_media":0,"parent":642,"menu_order":0,"comment_status":"closed","ping_status":"closed","template":"","meta":{"_acf_changed":false,"footnotes":""},"class_list":["post-729","page","type-page","status-publish","hentry"],"acf":[],"yoast_head":"<!-- This site is optimized with the Yoast SEO plugin v27.2 - https:\/\/yoast.com\/product\/yoast-seo-wordpress\/ -->\n<title>Co n\u00e1s \u010dek\u00e1 - M\u011b\u0148te s n\u00e1mi Prahu 14<\/title>\n<meta name=\"robots\" content=\"index, follow, max-snippet:-1, max-image-preview:large, max-video-preview:-1\" \/>\n<link rel=\"canonical\" href=\"https:\/\/www.praha14.cz\/ctrnactka-podle-vas\/participace-na-lehovci\/co-nas-ceka-2\/\" \/>\n<meta property=\"og:locale\" content=\"cs_CZ\" \/>\n<meta property=\"og:type\" content=\"article\" \/>\n<meta property=\"og:title\" content=\"Co n\u00e1s \u010dek\u00e1 - M\u011b\u0148te s n\u00e1mi Prahu 14\" \/>\n<meta property=\"og:description\" content=\"Zpracov\u00e1n\u00ed Pl\u00e1nu revitalizace s\u00eddli\u0161t\u011b Lehovec Analytick\u00e1 f\u00e1ze \u2013 \u0158\u00edjen 2021 N\u00e1vrhov\u00e1 f\u00e1ze \u2013 zima 2021\/2022 P\u0159\u00edprava d\u00edl\u010d\u00edch projekt\u016f \u2013 pr\u016fb\u011bh roku 2021\/2022 Komentovan\u00e9 vych\u00e1zky pro ve\u0159ejnost \u2013 z\u00e1\u0159\u00ed 2021 V\u00fdstava ve ve\u0159ejn\u00e9m prostoru \u2013 podzim 2021\" \/>\n<meta property=\"og:url\" content=\"https:\/\/www.praha14.cz\/ctrnactka-podle-vas\/participace-na-lehovci\/co-nas-ceka-2\/\" \/>\n<meta property=\"og:site_name\" content=\"M\u011b\u0148te s n\u00e1mi Prahu 14\" \/>\n<meta property=\"article:modified_time\" content=\"2023-01-19T09:25:14+00:00\" \/>\n<meta name=\"twitter:card\" content=\"summary_large_image\" \/>\n<script type=\"application\/ld+json\" class=\"yoast-schema-graph\">{\"@context\":\"https:\/\/schema.org\",\"@graph\":[{\"@type\":\"WebPage\",\"@id\":\"https:\/\/www.praha14.cz\/ctrnactka-podle-vas\/participace-na-lehovci\/co-nas-ceka-2\/\",\"url\":\"https:\/\/www.praha14.cz\/ctrnactka-podle-vas\/participace-na-lehovci\/co-nas-ceka-2\/\",\"name\":\"Co n\u00e1s \u010dek\u00e1 - M\u011b\u0148te s n\u00e1mi Prahu 14\",\"isPartOf\":{\"@id\":\"https:\/\/www.praha14.cz\/ctrnactka-podle-vas\/#website\"},\"datePublished\":\"2021-03-25T08:00:30+00:00\",\"dateModified\":\"2023-01-19T09:25:14+00:00\",\"breadcrumb\":{\"@id\":\"https:\/\/www.praha14.cz\/ctrnactka-podle-vas\/participace-na-lehovci\/co-nas-ceka-2\/#breadcrumb\"},\"inLanguage\":\"cs\",\"potentialAction\":[{\"@type\":\"ReadAction\",\"target\":[\"https:\/\/www.praha14.cz\/ctrnactka-podle-vas\/participace-na-lehovci\/co-nas-ceka-2\/\"]}]},{\"@type\":\"BreadcrumbList\",\"@id\":\"https:\/\/www.praha14.cz\/ctrnactka-podle-vas\/participace-na-lehovci\/co-nas-ceka-2\/#breadcrumb\",\"itemListElement\":[{\"@type\":\"ListItem\",\"position\":1,\"name\":\"M\u011b\u0148te s n\u00e1mi Prahu 14\",\"item\":\"https:\/\/www.praha14.cz\/ctrnactka-podle-vas\/\"},{\"@type\":\"ListItem\",\"position\":2,\"name\":\"Participace na Lehovci\",\"item\":\"https:\/\/www.praha14.cz\/ctrnactka-podle-vas\/participace-na-lehovci\/\"},{\"@type\":\"ListItem\",\"position\":3,\"name\":\"Co n\u00e1s \u010dek\u00e1\"}]},{\"@type\":\"WebSite\",\"@id\":\"https:\/\/www.praha14.cz\/ctrnactka-podle-vas\/#website\",\"url\":\"https:\/\/www.praha14.cz\/ctrnactka-podle-vas\/\",\"name\":\"M\u011b\u0148te s n\u00e1mi Prahu 14\",\"description\":\"\u010ctrn\u00e1ctka podle v\u00e1s\",\"potentialAction\":[{\"@type\":\"SearchAction\",\"target\":{\"@type\":\"EntryPoint\",\"urlTemplate\":\"https:\/\/www.praha14.cz\/ctrnactka-podle-vas\/?s={search_term_string}\"},\"query-input\":{\"@type\":\"PropertyValueSpecification\",\"valueRequired\":true,\"valueName\":\"search_term_string\"}}],\"inLanguage\":\"cs\"}]}<\/script>\n<!-- \/ Yoast SEO plugin. -->","yoast_head_json":{"title":"Co n\u00e1s \u010dek\u00e1 - M\u011b\u0148te s n\u00e1mi Prahu 14","robots":{"index":"index","follow":"follow","max-snippet":"max-snippet:-1","max-image-preview":"max-image-preview:large","max-video-preview":"max-video-preview:-1"},"canonical":"https:\/\/www.praha14.cz\/ctrnactka-podle-vas\/participace-na-lehovci\/co-nas-ceka-2\/","og_locale":"cs_CZ","og_type":"article","og_title":"Co n\u00e1s \u010dek\u00e1 - M\u011b\u0148te s n\u00e1mi Prahu 14","og_description":"Zpracov\u00e1n\u00ed Pl\u00e1nu revitalizace s\u00eddli\u0161t\u011b Lehovec Analytick\u00e1 f\u00e1ze \u2013 \u0158\u00edjen 2021 N\u00e1vrhov\u00e1 f\u00e1ze \u2013 zima 2021\/2022 P\u0159\u00edprava d\u00edl\u010d\u00edch projekt\u016f \u2013 pr\u016fb\u011bh roku 2021\/2022 Komentovan\u00e9 vych\u00e1zky pro ve\u0159ejnost \u2013 z\u00e1\u0159\u00ed 2021 V\u00fdstava ve ve\u0159ejn\u00e9m prostoru \u2013 podzim 2021","og_url":"https:\/\/www.praha14.cz\/ctrnactka-podle-vas\/participace-na-lehovci\/co-nas-ceka-2\/","og_site_name":"M\u011b\u0148te s n\u00e1mi Prahu 14","article_modified_time":"2023-01-19T09:25:14+00:00","twitter_card":"summary_large_image","schema":{"@context":"https:\/\/schema.org","@graph":[{"@type":"WebPage","@id":"https:\/\/www.praha14.cz\/ctrnactka-podle-vas\/participace-na-lehovci\/co-nas-ceka-2\/","url":"https:\/\/www.praha14.cz\/ctrnactka-podle-vas\/participace-na-lehovci\/co-nas-ceka-2\/","name":"Co n\u00e1s \u010dek\u00e1 - M\u011b\u0148te s n\u00e1mi Prahu 14","isPartOf":{"@id":"https:\/\/www.praha14.cz\/ctrnactka-podle-vas\/#website"},"datePublished":"2021-03-25T08:00:30+00:00","dateModified":"2023-01-19T09:25:14+00:00","breadcrumb":{"@id":"https:\/\/www.praha14.cz\/ctrnactka-podle-vas\/participace-na-lehovci\/co-nas-ceka-2\/#breadcrumb"},"inLanguage":"cs","potentialAction":[{"@type":"ReadAction","target":["https:\/\/www.praha14.cz\/ctrnactka-podle-vas\/participace-na-lehovci\/co-nas-ceka-2\/"]}]},{"@type":"BreadcrumbList","@id":"https:\/\/www.praha14.cz\/ctrnactka-podle-vas\/participace-na-lehovci\/co-nas-ceka-2\/#breadcrumb","itemListElement":[{"@type":"ListItem","position":1,"name":"M\u011b\u0148te s n\u00e1mi Prahu 14","item":"https:\/\/www.praha14.cz\/ctrnactka-podle-vas\/"},{"@type":"ListItem","position":2,"name":"Participace na Lehovci","item":"https:\/\/www.praha14.cz\/ctrnactka-podle-vas\/participace-na-lehovci\/"},{"@type":"ListItem","position":3,"name":"Co n\u00e1s \u010dek\u00e1"}]},{"@type":"WebSite","@id":"https:\/\/www.praha14.cz\/ctrnactka-podle-vas\/#website","url":"https:\/\/www.praha14.cz\/ctrnactka-podle-vas\/","name":"M\u011b\u0148te s n\u00e1mi Prahu 14","description":"\u010ctrn\u00e1ctka podle v\u00e1s","potentialAction":[{"@type":"SearchAction","target":{"@type":"EntryPoint","urlTemplate":"https:\/\/www.praha14.cz\/ctrnactka-podle-vas\/?s={search_term_string}"},"query-input":{"@type":"PropertyValueSpecification","valueRequired":true,"valueName":"search_term_string"}}],"inLanguage":"cs"}]}},"_links":{"self":[{"href":"https:\/\/www.praha14.cz\/ctrnactka-podle-vas\/wp-json\/wp\/v2\/pages\/729","targetHints":{"allow":["GET"]}}],"collection":[{"href":"https:\/\/www.praha14.cz\/ctrnactka-podle-vas\/wp-json\/wp\/v2\/pages"}],"about":[{"href":"https:\/\/www.praha14.cz\/ctrnactka-podle-vas\/wp-json\/wp\/v2\/types\/page"}],"author":[{"embeddable":true,"href":"https:\/\/www.praha14.cz\/ctrnactka-podle-vas\/wp-json\/wp\/v2\/users\/1057"}],"replies":[{"embeddable":true,"href":"https:\/\/www.praha14.cz\/ctrnactka-podle-vas\/wp-json\/wp\/v2\/comments?post=729"}],"version-history":[{"count":5,"href":"https:\/\/www.praha14.cz\/ctrnactka-podle-vas\/wp-json\/wp\/v2\/pages\/729\/revisions"}],"predecessor-version":[{"id":983,"href":"https:\/\/www.praha14.cz\/ctrnactka-podle-vas\/wp-json\/wp\/v2\/pages\/729\/revisions\/983"}],"up":[{"embeddable":true,"href":"https:\/\/www.praha14.cz\/ctrnactka-podle-vas\/wp-json\/wp\/v2\/pages\/642"}],"wp:attachment":[{"href":"https:\/\/www.praha14.cz\/ctrnactka-podle-vas\/wp-json\/wp\/v2\/media?parent=729"}],"curies":[{"name":"wp","href":"https:\/\/api.w.org\/{rel}","templated":true}]}}

Co nás čeká

<ul>
<li>Zpracování Plánu revitalizace sídliště Lehovec
<ul>
<li>Analytická fáze – Říjen 2021</li>
<li>Návrhová fáze – zima 2021/2022</li>
</ul>
</li>
<li>Příprava dílčích projektů – průběh roku 2021/2022</li>
<li>Komentované vycházky pro veřejnost – září 2021</li>
<li>Výstava ve veřejném prostoru – podzim 2021</li>
</ul>

<p>Zpracování Plánu revitalizace sídliště Lehovec Analytická fáze – Říjen 2021 Návrhová fáze – zima 2021/2022 Příprava dílčích projektů – průběh roku 2021/2022 Komentované vycházky pro veřejnost – září 2021 Výstava ve veřejném prostoru – podzim 2021</p>

<!-- This site is optimized with the Yoast SEO plugin v27.2 - https://yoast.com/product/yoast-seo-wordpress/ -->
<title>Co nás čeká - Měňte s námi Prahu 14</title>
<meta name="robots" content="index, follow, max-snippet:-1, max-image-preview:large, max-video-preview:-1" />
<link rel="canonical" href="https://www.praha14.cz/ctrnactka-podle-vas/participace-na-lehovci/co-nas-ceka-2/" />
<meta property="og:locale" content="cs_CZ" />
<meta property="og:type" content="article" />
<meta property="og:title" content="Co nás čeká - Měňte s námi Prahu 14" />
<meta property="og:description" content="Zpracování Plánu revitalizace sídliště Lehovec Analytická fáze – Říjen 2021 Návrhová fáze – zima 2021/2022 Příprava dílčích projektů – průběh roku 2021/2022 Komentované vycházky pro veřejnost – září 2021 Výstava ve veřejném prostoru – podzim 2021" />
<meta property="og:url" content="https://www.praha14.cz/ctrnactka-podle-vas/participace-na-lehovci/co-nas-ceka-2/" />
<meta property="og:site_name" content="Měňte s námi Prahu 14" />
<meta property="article:modified_time" content="2023-01-19T09:25:14+00:00" />
<meta name="twitter:card" content="summary_large_image" />
<script type="application/ld+json" class="yoast-schema-graph">{"@context":"https://schema.org","@graph":[{"@type":"WebPage","@id":"https://www.praha14.cz/ctrnactka-podle-vas/participace-na-lehovci/co-nas-ceka-2/","url":"https://www.praha14.cz/ctrnactka-podle-vas/participace-na-lehovci/co-nas-ceka-2/","name":"Co nás čeká - Měňte s námi Prahu 14","isPartOf":{"@id":"https://www.praha14.cz/ctrnactka-podle-vas/#website"},"datePublished":"2021-03-25T08:00:30+00:00","dateModified":"2023-01-19T09:25:14+00:00","breadcrumb":{"@id":"https://www.praha14.cz/ctrnactka-podle-vas/participace-na-lehovci/co-nas-ceka-2/#breadcrumb"},"inLanguage":"cs","potentialAction":[{"@type":"ReadAction","target":["https://www.praha14.cz/ctrnactka-podle-vas/participace-na-lehovci/co-nas-ceka-2/"]}]},{"@type":"BreadcrumbList","@id":"https://www.praha14.cz/ctrnactka-podle-vas/participace-na-lehovci/co-nas-ceka-2/#breadcrumb","itemListElement":[{"@type":"ListItem","position":1,"name":"Měňte s námi Prahu 14","item":"https://www.praha14.cz/ctrnactka-podle-vas/"},{"@type":"ListItem","position":2,"name":"Participace na Lehovci","item":"https://www.praha14.cz/ctrnactka-podle-vas/participace-na-lehovci/"},{"@type":"ListItem","position":3,"name":"Co nás čeká"}]},{"@type":"WebSite","@id":"https://www.praha14.cz/ctrnactka-podle-vas/#website","url":"https://www.praha14.cz/ctrnactka-podle-vas/","name":"Měňte s námi Prahu 14","description":"Čtrnáctka podle vás","potentialAction":[{"@type":"SearchAction","target":{"@type":"EntryPoint","urlTemplate":"https://www.praha14.cz/ctrnactka-podle-vas/?s={search_term_string}"},"query-input":{"@type":"PropertyValueSpecification","valueRequired":true,"valueName":"search_term_string"}}],"inLanguage":"cs"}]}</script>
<!-- / Yoast SEO plugin. -->

Co nás čeká - Měňte s námi Prahu 14

Zpracování Plánu revitalizace sídliště Lehovec Analytická fáze – Říjen 2021 Návrhová fáze – zima 2021/2022 Příprava dílčích projektů – průběh roku 2021/2022 Komentované vycházky pro veřejnost – září 2021 Výstava ve veřejném prostoru – podzim 2021

Měňte s námi Prahu 14

Čtrnáctka podle vás
