{"id":213,"date":"2014-04-16T12:47:07","date_gmt":"2014-04-16T11:47:07","guid":{"rendered":"\/samosprava\/?page_id=213"},"modified":"2023-01-30T08:57:30","modified_gmt":"2023-01-30T07:57:30","slug":"granty-schvalene-radou-mc-praha-14-v-roce-2007","status":"publish","type":"page","link":"https:\/\/www.praha14.cz\/samosprava\/granty-schvalene-radou-mc-praha-14-v-roce-2007\/","title":{"rendered":"Granty schv\u00e1len\u00e9 Radou M\u010c Praha 14 v roce 2007"},"content":{"rendered":"<p>Usnesen\u00ed Rady\u00a0<a title=\"Odkaz do nov\u00e9ho okna, html\" href=\"https:\/\/www.praha14.cz\/app\/uploads\/usneseni\/rada\/2007\/03\/154_9MR.htm\" target=\"_blank\" rel=\"noopener\">\u010d. 154\/RM\u010c\/2007<\/a>\u00a0ze 13.03.2007 k p\u0159id\u011blen\u00ed grantov\u00fdch prost\u0159edk\u016f m\u011bstsk\u00e9 \u010d\u00e1sti Praha 14 v roce 2007<\/p>\n<p><strong>celkem Granty R: 2.000.000,- K\u010d\u00a0<\/strong><\/p>\n<p>KV\u010c &#8211; Kultura a vyu\u017eit\u00ed voln\u00e9ho \u010dasu d\u011bt\u00ed a ml\u00e1de\u017ee<br \/>\nPPK &#8211; Protidrogov\u00e1 prevence a prevence kriminality<br \/>\nSVZ &#8211; Soci\u00e1ln\u00ed v\u011bc\u00ed a zdravotnictv\u00ed<br \/>\nSTV &#8211; Sport a t\u011blov\u00fdchova<\/p>\n<table>\n<tbody>\n<tr>\n<th colspan=\"6\">Granty schv\u00e1len\u00e9 Radou M\u010c Praha 14 v roce 2007<\/th>\n<\/tr>\n<tr>\n<td><span style=\"color: #f39600;\"><strong>Oblast<\/strong><\/span><\/td>\n<td><span style=\"color: #f39600;\"><strong>\u017dadatel<\/strong><\/span><\/td>\n<td><span style=\"color: #f39600;\"><strong>N\u00e1zev projektu<\/strong><\/span><\/td>\n<td><span style=\"color: #f39600;\"><strong>po\u017eadov. \u00fa\u010dast M\u010c v K\u010d<\/strong><\/span><\/td>\n<td><span style=\"color: #f39600;\"><strong>p\u0159iznan\u00e1 v\u00fd\u0161e grantu<\/strong><\/span><\/td>\n<td><span style=\"color: #f39600;\"><strong>v\u00fd\u0161e grant\u016f pro \u017eadatele<\/strong><\/span><\/td>\n<\/tr>\n<tr>\n<td>KV\u010c<\/td>\n<td>Mgr. J. B\u0159ich\u00e1\u010dkov\u00e1-Olivov\u00e1<\/td>\n<td>Zakoupen\u00ed v\u00fdtvarn\u00fdch pot\u0159eb pro provoz ateli\u00e9ru VV d\u011bt\u00ed a ml\u00e1d.<\/td>\n<td>20000<\/td>\n<td>13000<\/td>\n<td><strong>13000<\/strong><\/td>\n<\/tr>\n<tr>\n<td>KV\u010c<\/td>\n<td>Jun\u00e1k, svaz skaut\u016f a skautek \u010cR<\/td>\n<td>Kultura vyu\u017eit\u00ed voln\u00e9ho \u010dasu d\u011bt\u00ed a ml\u00e1de\u017ee<\/td>\n<td>20000<\/td>\n<td>15000<\/td>\n<td><strong>15000<\/strong><\/td>\n<\/tr>\n<tr>\n<td>KV\u010c<\/td>\n<td>O. S. Po\u010din<\/td>\n<td>Kon\u011b pod st\u0159echou<\/td>\n<td>27893<\/td>\n<td>12000<\/td>\n<td><strong>12000<\/strong><\/td>\n<\/tr>\n<tr>\n<td>KV\u010c<\/td>\n<td>TJ Kyje<\/td>\n<td>V\u00fdprava za kulturou, pozn\u00e1n\u00edm a za zdrav\u00edm do l\u00e1zn\u00ed Pod\u011bbrady<\/td>\n<td>6000<\/td>\n<td>6000<\/td>\n<td><\/td>\n<\/tr>\n<tr>\n<td>STV<\/td>\n<td>TJ Kyje<\/td>\n<td>N\u00e1kup p\u0159enosn\u00fdch hlin\u00edkov\u00fdch juniorsk\u00fdch branek na kopanou a cen<\/td>\n<td>48000<\/td>\n<td>25000<\/td>\n<td><strong>31000<\/strong><\/td>\n<\/tr>\n<tr>\n<td>KV\u010c<\/td>\n<td>Sdru\u017een\u00ed ob\u010dansk\u00e1 inspirace<\/td>\n<td>Rekonstrukce a vybaven\u00ed prostor pro pr\u00e1ci s d\u011btmi a soc.-pr\u00e1vn\u00ed poradenstv\u00ed<\/td>\n<td>33000<\/td>\n<td>20000<\/td>\n<td><strong>20000<\/strong><\/td>\n<\/tr>\n<tr>\n<td>KV\u010c<\/td>\n<td>93. pion\u00fdrsk\u00e1 skupina<\/td>\n<td>Akce ve voln\u00e9m \u010dase pro ml\u00e1de\u017e<\/td>\n<td>30000<\/td>\n<td>10000<\/td>\n<td><\/td>\n<\/tr>\n<tr>\n<td>KV\u010c<\/td>\n<td>93. pion\u00fdrsk\u00e1 skupina<\/td>\n<td>Provoz a vybaven\u00ed prostor pro \u010dinnost<\/td>\n<td>20000<\/td>\n<td>10000<\/td>\n<td><\/td>\n<\/tr>\n<tr>\n<td>KV\u010c<\/td>\n<td>93. pion\u00fdrsk\u00e1 skupina<\/td>\n<td>Akce pro neorganizovan\u00e9 d\u011bti a ml\u00e1de\u017e<\/td>\n<td>16000<\/td>\n<td>10000<\/td>\n<td><strong>30000<\/strong><\/td>\n<\/tr>\n<tr>\n<td>KV\u010c<\/td>\n<td>Divadlo K\u00e1men<\/td>\n<td>Celoro\u010dn\u00ed \u010dinnost v r. 2007<\/td>\n<td>8000<\/td>\n<td>8000<\/td>\n<td><strong>8000<\/strong><\/td>\n<\/tr>\n<tr>\n<td>KV\u010c<\/td>\n<td>O.S.Kometa<\/td>\n<td>Kometa d\u011btem &#8211; n\u00e1v\u0161t\u011bvy 3 Z\u0160 v lokalit\u011b Prahy 14<\/td>\n<td>42000<\/td>\n<td>10000<\/td>\n<td><strong>10000<\/strong><\/td>\n<\/tr>\n<tr>\n<td>KV\u010c<\/td>\n<td>DDM Praha 9<\/td>\n<td>Akce pro neorganizovanou ml\u00e1de\u017e<\/td>\n<td>4150<\/td>\n<td>4150<\/td>\n<td><\/td>\n<\/tr>\n<tr>\n<td>KV\u010c<\/td>\n<td>DDM Praha 9<\/td>\n<td>Akce ve voln\u00e9m \u010dase pro d\u011bti a ml\u00e1de\u017e, akce pro seniory<\/td>\n<td>31200<\/td>\n<td>15000<\/td>\n<td><strong>19150<\/strong><\/td>\n<\/tr>\n<tr>\n<td>PPK<\/td>\n<td>C\u00edrkev Bratrsk\u00e1 v\u00a0Praze 9 &#8211; \u010cM<\/td>\n<td>Provoz BB klub\u016f &#8211; klubov\u00e1 \u010dinnost sboru C\u00edrkve Bratrsk\u00e9 \u010cern\u00fd Most<\/td>\n<td>45000<\/td>\n<td>30000<\/td>\n<td><strong>30000<\/strong><\/td>\n<\/tr>\n<tr>\n<td>PPK<\/td>\n<td>Z\u00e1kladn\u00ed \u0161kola Vyb\u00edralova, P9<\/td>\n<td>Protidrogov\u00fd preventivn\u00ed program pro \u017e\u00e1ky 6. t\u0159\u00edd<\/td>\n<td>65840<\/td>\n<td>30000<\/td>\n<td><strong>30000<\/strong><\/td>\n<\/tr>\n<tr>\n<td>PPK<\/td>\n<td>Z\u00e1kladn\u00ed \u0161kola Hloub\u011bt\u00ednsk\u00e1, P9<\/td>\n<td>PROgram prim\u00e1rn\u00ed PREVence<\/td>\n<td>32000<\/td>\n<td>20000<\/td>\n<td><strong>20000<\/strong><\/td>\n<\/tr>\n<tr>\n<td>KV\u010c<\/td>\n<td>KOB Tretra Praha<\/td>\n<td>Velikono\u010dn\u00ed a letn\u00ed sportovn\u00ed pobyt v p\u0159\u00edrod\u011b spojen\u00fd s tr\u00e9ninkem<\/td>\n<td>10000<\/td>\n<td>10000<\/td>\n<td><\/td>\n<\/tr>\n<tr>\n<td>STV<\/td>\n<td>KOB Tretra Praha<\/td>\n<td>Po\u0159\u00e1d\u00e1n\u00ed z\u00e1vod\u016f poh\u00e1ru \u017eactva (Praha) a pra\u017esk\u00e9ho \u017eeb\u0159\u00ed\u010dku ve Star\u00e9 Huti (St\u0159edo\u010d. kraj)<\/td>\n<td>17000<\/td>\n<td>10000<\/td>\n<td><\/td>\n<\/tr>\n<tr>\n<td>STV<\/td>\n<td>KOB Tretra Praha<\/td>\n<td>Pron\u00e1jmy t\u011blocvi\u010dny, doprava na z\u00e1vody, startovn\u00e9 a podpora celoro\u010dn\u00edch aktivit Klubu orient. b\u011bhu<\/td>\n<td>10000<\/td>\n<td>10000<\/td>\n<td><strong>30000<\/strong><\/td>\n<\/tr>\n<tr>\n<td>SVZ<\/td>\n<td>PROSAZ<\/td>\n<td>Doma je doma<\/td>\n<td>40000<\/td>\n<td>30000<\/td>\n<td><strong>30000<\/strong><\/td>\n<\/tr>\n<tr>\n<td>SVZ<\/td>\n<td>1. integra\u010dn\u00ed centrum<\/td>\n<td>Integrace handicapovan\u00fdch osob M\u010c Praha 14 &#8211; 2007<\/td>\n<td>63600<\/td>\n<td>30000<\/td>\n<td><strong>30000<\/strong><\/td>\n<\/tr>\n<tr>\n<td>SVZ<\/td>\n<td>SKP H. Po\u010dernice<\/td>\n<td>SKP H. Po\u010dernice &#8211; pe\u010dovatelsk\u00e1 slu\u017eba<\/td>\n<td>100000<\/td>\n<td>30000<\/td>\n<td><strong>30000<\/strong><\/td>\n<\/tr>\n<tr>\n<td>SVZ<\/td>\n<td>Marie M\u00e1dlov\u00e1<\/td>\n<td>Osobn\u00ed asistence zdravotn\u011b posti\u017een\u00e9mu<\/td>\n<td>80000<\/td>\n<td>30000<\/td>\n<td><strong>30000<\/strong><\/td>\n<\/tr>\n<tr>\n<td>SVZ<\/td>\n<td>Integra\u010dn\u00ed centrum zahrada v Praze 3<\/td>\n<td>Komplexn\u00ed p\u00e9\u010de pro handicapovan\u00e9 ob\u010dany Prahy 14 &#8211; klienty Integr. centra<\/td>\n<td>44000<\/td>\n<td>20000<\/td>\n<td><strong>20000<\/strong><\/td>\n<\/tr>\n<tr>\n<td>SVZ<\/td>\n<td>Centrum pro zdrav. posti\u017een\u00e9 Kraje Praha<\/td>\n<td>Centrum pro zdravotn\u011b posti\u017een\u00e9 ob\u010dany Prahy 14<\/td>\n<td>24816<\/td>\n<td>20000<\/td>\n<td><strong>20000<\/strong><\/td>\n<\/tr>\n<tr>\n<td>SVZ<\/td>\n<td>Sjednocen\u00e1 org. nevidom\u00fdch a slabozrak\u00fdch<\/td>\n<td>Zdravotn\u011b rehabilita\u010dn\u00ed program s v\u00fdukou<\/td>\n<td>33600<\/td>\n<td>20000<\/td>\n<td><strong>20000<\/strong><\/td>\n<\/tr>\n<tr>\n<td>SVZ<\/td>\n<td>Fokus<\/td>\n<td>D\u016fm na p\u016fl cesty v syst\u00e9mu komunitn\u00edch slu\u017eeb pro lidi s du\u0161evn\u00ed nemoc\u00ed<\/td>\n<td>99600<\/td>\n<td>40000<\/td>\n<td><strong>40000<\/strong><\/td>\n<\/tr>\n<tr>\n<td>SVZ<\/td>\n<td>Formika<\/td>\n<td>Podporovan\u00e9 zam\u011bstn\u00e1v\u00e1n\u00ed v regionu hl. m. Praha<\/td>\n<td>40000<\/td>\n<td>20000<\/td>\n<td><strong>20000<\/strong><\/td>\n<\/tr>\n<tr>\n<td>SVZ<\/td>\n<td>Speci\u00e1ln\u00ed domov ml\u00e1de\u017ee SPMP Chot\u011b\u0161ice<\/td>\n<td>P\u0159\u00edprava ment\u00e1ln\u011b posti\u017een\u00e9 ml\u00e1de\u017ee pro uplatn\u011bn\u00ed na trhu pr\u00e1ce<\/td>\n<td>10000<\/td>\n<td>5000<\/td>\n<td><strong>5000<\/strong><\/td>\n<\/tr>\n<tr>\n<td>STV<\/td>\n<td>SK Neptun Praha<\/td>\n<td>Pron\u00e1jem baz\u00e9nu a t\u011blocvi\u010dny<\/td>\n<td>200000<\/td>\n<td>50000<\/td>\n<td><strong>50000<\/strong><\/td>\n<\/tr>\n<tr>\n<td>STV<\/td>\n<td>TJ Slavoj Tesla Hloub\u011bt\u00edn<\/td>\n<td>Rekonstrukce rozvod\u016f vody v are\u00e1lu odd\u00edlu tenisu<\/td>\n<td>60509<\/td>\n<td>50000<\/td>\n<td><strong>50000<\/strong><\/td>\n<\/tr>\n<tr>\n<td>STV<\/td>\n<td>FK King fotbalov\u00fd odd\u00edl<\/td>\n<td>Pron\u00e1jmy h\u0159i\u0161\u0165, t\u011blocvi\u010den, vybaven\u00ed mistrovsk\u00e9, tr\u00e9ninkov\u00e9 a v\u00fddaje s t\u00edm spojen\u00e9<\/td>\n<td>44051<\/td>\n<td>20000<\/td>\n<td><strong>20000\u00a0<\/strong><\/td>\n<\/tr>\n<tr>\n<td>STV<\/td>\n<td>AQUA BLUES<\/td>\n<td>N\u00e1kup sportovn\u00edho vybaven\u00ed pro pot\u00e1p\u011b\u010dsk\u00fd klub<\/td>\n<td>48000<\/td>\n<td>30000<\/td>\n<td><strong>30000<\/strong><\/td>\n<\/tr>\n<tr>\n<td>STV<\/td>\n<td>TJ Sokol Hloub\u011bt\u00edn<\/td>\n<td>N\u00e1jemn\u00e9 na pou\u017e\u00edv\u00e1n\u00ed t\u011blocvi\u010den, ostatn\u00ed akce odd\u00edl\u016f sokolsk\u00e9 v\u0161estrannosti<\/td>\n<td>30000<\/td>\n<td>30000<\/td>\n<td><strong>30000<\/strong><\/td>\n<\/tr>\n<tr>\n<td>STV<\/td>\n<td>\u0160kola Taekwon-doo Dan-Gun<\/td>\n<td>Pron\u00e1jmy t\u011blov\u00fdchovn\u00fdch za\u0159\u00edzen\u00ed a sportovi\u0161\u0165 &#8211; Pron\u00e1jem t\u011blocvi\u010den<\/td>\n<td>38000<\/td>\n<td>20000<\/td>\n<td><\/td>\n<\/tr>\n<tr>\n<td>STV<\/td>\n<td>\u0160kola Taekwon-doo Dan-Gun<\/td>\n<td>Vybaven\u00ed d\u011bt\u00ed a junior\u016f ochrann\u00fdmi pom\u016fckami &#8211; chr\u00e1ni\u010di<\/td>\n<td>35000<\/td>\n<td>10000<\/td>\n<td><strong>30000<\/strong><\/td>\n<\/tr>\n<tr>\n<td>STV<\/td>\n<td>PROTEBE humanit\u00e1rn\u00ed sdru\u017een\u00ed<\/td>\n<td>\u0160ach PROTEBE<\/td>\n<td>25000<\/td>\n<td>15000<\/td>\n<td><strong>15000<\/strong><\/td>\n<\/tr>\n<tr>\n<td>STV<\/td>\n<td>FlbK Z\u0160 Vyb\u00edralova<\/td>\n<td>Jarn\u00ed florbalov\u00fd turnaj a vybaven\u00ed odd\u00edlu<\/td>\n<td>42000<\/td>\n<td>10000<\/td>\n<td><strong>10000<\/strong><\/td>\n<\/tr>\n<tr>\n<td>STV<\/td>\n<td>SK Spectrum Praha<\/td>\n<td>\u0160koln\u00ed softbalov\u00e1 liga<\/td>\n<td>15000<\/td>\n<td>10000<\/td>\n<td><\/td>\n<\/tr>\n<tr>\n<td>STV<\/td>\n<td>SK Spectrum Praha<\/td>\n<td>Pron\u00e1jem h\u0159i\u0161t\u011b<\/td>\n<td>17500<\/td>\n<td>10000<\/td>\n<td><strong>20000<\/strong><\/td>\n<\/tr>\n<tr>\n<td>STV<\/td>\n<td>Fit Studio D<\/td>\n<td>Pron\u00e1jem t\u011blov\u00fdchovn\u00fdch za\u0159\u00edzen\u00ed a sportovi\u0161\u0165<\/td>\n<td>55350<\/td>\n<td>30000<\/td>\n<td><strong>30000<\/strong><\/td>\n<\/tr>\n<tr>\n<td>STV<\/td>\n<td>Hanu\u0161ov\u00e1 Hana<\/td>\n<td>5.stepa\u0159sk\u00e1 p\u0159ehl\u00eddka a exhibice modern\u00ed gymnastiky o poh\u00e1r Pra\u017esk\u00e9 14<\/td>\n<td>40000<\/td>\n<td>20000<\/td>\n<td><strong>20000<\/strong><\/td>\n<\/tr>\n<tr>\n<td>STV<\/td>\n<td>SK Prosek Praha<\/td>\n<td>Vybaven\u00ed ve\u0159ejn\u011b p\u0159\u00edstupn\u00fdch TV za\u0159\u00edzen\u00ed &#8211; \u010dasom\u00edra s ukazatelem sk\u00f3re pro basketbal<\/td>\n<td>40000<\/td>\n<td>20000<\/td>\n<td><\/td>\n<\/tr>\n<tr>\n<td>STV<\/td>\n<td>SK Prosek Praha<\/td>\n<td>Pron\u00e1jmy t\u011blov\u00fdchovn\u00fdch za\u0159\u00edzen\u00ed a sportovi\u0161\u0165 na Praze 14 &#8211; d\u00edv\u010d\u00ed sportovn\u00ed aktivity na Lehovci a sp\u00e1dov\u00e9m \u00fazem\u00ed<\/td>\n<td>40000<\/td>\n<td>30000<\/td>\n<td><strong>50000<\/strong><\/td>\n<\/tr>\n<tr>\n<td><\/td>\n<td><strong>C E L K E M<\/strong><\/td>\n<td><\/td>\n<td><strong>5133890*<\/strong><\/td>\n<td><strong>2000000<\/strong><\/td>\n<td><strong>2000000<\/strong><\/td>\n<\/tr>\n<tr>\n<td colspan=\"6\">pozn.* &#8211; celkov\u00e1 suma zahrnuje i projekty, kter\u00e9 nebyly podpo\u0159eny a nejsou zde uvedeny<\/td>\n<\/tr>\n<\/tbody>\n<\/table>\n","protected":false},"excerpt":{"rendered":"<p>Usnesen\u00ed Rady\u00a0\u010d. 154\/RM\u010c\/2007\u00a0ze 13.03.2007 k p\u0159id\u011blen\u00ed grantov\u00fdch prost\u0159edk\u016f m\u011bstsk\u00e9 \u010d\u00e1sti Praha 14 v roce 2007 celkem Granty R: 2.000.000,- K\u010d\u00a0 KV\u010c &#8211; Kultura a vyu\u017eit\u00ed voln\u00e9ho \u010dasu d\u011bt\u00ed a ml\u00e1de\u017ee PPK &#8211; Protidrogov\u00e1 prevence a prevence kriminality SVZ &#8211; Soci\u00e1ln\u00ed v\u011bc\u00ed a zdravotnictv\u00ed STV &#8211; Sport a t\u011blov\u00fdchova Granty schv\u00e1len\u00e9 Radou M\u010c Praha 14 v&#8230;<\/p>\n","protected":false},"author":1,"featured_media":0,"parent":0,"menu_order":0,"comment_status":"closed","ping_status":"open","template":"","meta":{"_acf_changed":false,"footnotes":""},"class_list":["post-213","page","type-page","status-publish","hentry"],"acf":[],"yoast_head":"<!-- This site is optimized with the Yoast SEO plugin v27.2 - https:\/\/yoast.com\/product\/yoast-seo-wordpress\/ -->\n<title>Granty schv\u00e1len\u00e9 Radou M\u010c Praha 14 v roce 2007 - Samospr\u00e1va \u00daM\u010c Praha 14<\/title>\n<meta name=\"robots\" content=\"index, follow, max-snippet:-1, max-image-preview:large, max-video-preview:-1\" \/>\n<link rel=\"canonical\" href=\"https:\/\/www.praha14.cz\/samosprava\/granty-schvalene-radou-mc-praha-14-v-roce-2007\/\" \/>\n<meta property=\"og:locale\" content=\"cs_CZ\" \/>\n<meta property=\"og:type\" content=\"article\" \/>\n<meta property=\"og:title\" content=\"Granty schv\u00e1len\u00e9 Radou M\u010c Praha 14 v roce 2007 - Samospr\u00e1va \u00daM\u010c Praha 14\" \/>\n<meta property=\"og:description\" content=\"Usnesen\u00ed Rady\u00a0\u010d. 154\/RM\u010c\/2007\u00a0ze 13.03.2007 k p\u0159id\u011blen\u00ed grantov\u00fdch prost\u0159edk\u016f m\u011bstsk\u00e9 \u010d\u00e1sti Praha 14 v roce 2007 celkem Granty R: 2.000.000,- K\u010d\u00a0 KV\u010c &#8211; Kultura a vyu\u017eit\u00ed voln\u00e9ho \u010dasu d\u011bt\u00ed a ml\u00e1de\u017ee PPK &#8211; Protidrogov\u00e1 prevence a prevence kriminality SVZ &#8211; Soci\u00e1ln\u00ed v\u011bc\u00ed a zdravotnictv\u00ed STV &#8211; Sport a t\u011blov\u00fdchova Granty schv\u00e1len\u00e9 Radou M\u010c Praha 14 v...\" \/>\n<meta property=\"og:url\" content=\"https:\/\/www.praha14.cz\/samosprava\/granty-schvalene-radou-mc-praha-14-v-roce-2007\/\" \/>\n<meta property=\"og:site_name\" content=\"Samospr\u00e1va \u00daM\u010c Praha 14\" \/>\n<meta property=\"article:modified_time\" content=\"2023-01-30T07:57:30+00:00\" \/>\n<meta name=\"twitter:card\" content=\"summary_large_image\" \/>\n<meta name=\"twitter:label1\" content=\"Est. reading time\" \/>\n\t<meta name=\"twitter:data1\" content=\"4 minuty\" \/>\n<script type=\"application\/ld+json\" class=\"yoast-schema-graph\">{\"@context\":\"https:\/\/schema.org\",\"@graph\":[{\"@type\":\"WebPage\",\"@id\":\"https:\/\/www.praha14.cz\/samosprava\/granty-schvalene-radou-mc-praha-14-v-roce-2007\/\",\"url\":\"https:\/\/www.praha14.cz\/samosprava\/granty-schvalene-radou-mc-praha-14-v-roce-2007\/\",\"name\":\"Granty schv\u00e1len\u00e9 Radou M\u010c Praha 14 v roce 2007 - Samospr\u00e1va \u00daM\u010c Praha 14\",\"isPartOf\":{\"@id\":\"https:\/\/www.praha14.cz\/samosprava\/#website\"},\"datePublished\":\"2014-04-16T11:47:07+00:00\",\"dateModified\":\"2023-01-30T07:57:30+00:00\",\"breadcrumb\":{\"@id\":\"https:\/\/www.praha14.cz\/samosprava\/granty-schvalene-radou-mc-praha-14-v-roce-2007\/#breadcrumb\"},\"inLanguage\":\"cs\",\"potentialAction\":[{\"@type\":\"ReadAction\",\"target\":[\"https:\/\/www.praha14.cz\/samosprava\/granty-schvalene-radou-mc-praha-14-v-roce-2007\/\"]}]},{\"@type\":\"BreadcrumbList\",\"@id\":\"https:\/\/www.praha14.cz\/samosprava\/granty-schvalene-radou-mc-praha-14-v-roce-2007\/#breadcrumb\",\"itemListElement\":[{\"@type\":\"ListItem\",\"position\":1,\"name\":\"Samospr\u00e1va \u00daM\u010c Praha 14\",\"item\":\"https:\/\/www.praha14.cz\/samosprava\/\"},{\"@type\":\"ListItem\",\"position\":2,\"name\":\"Granty schv\u00e1len\u00e9 Radou M\u010c Praha 14 v roce 2007\"}]},{\"@type\":\"WebSite\",\"@id\":\"https:\/\/www.praha14.cz\/samosprava\/#website\",\"url\":\"https:\/\/www.praha14.cz\/samosprava\/\",\"name\":\"Samospr\u00e1va \u00daM\u010c Praha 14\",\"description\":\"Ofici\u00e1ln\u00ed str\u00e1nky Samospr\u00e1vy \u00daM\u010c Praha 14\",\"potentialAction\":[{\"@type\":\"SearchAction\",\"target\":{\"@type\":\"EntryPoint\",\"urlTemplate\":\"https:\/\/www.praha14.cz\/samosprava\/?s={search_term_string}\"},\"query-input\":{\"@type\":\"PropertyValueSpecification\",\"valueRequired\":true,\"valueName\":\"search_term_string\"}}],\"inLanguage\":\"cs\"}]}<\/script>\n<!-- \/ Yoast SEO plugin. -->","yoast_head_json":{"title":"Granty schv\u00e1len\u00e9 Radou M\u010c Praha 14 v roce 2007 - Samospr\u00e1va \u00daM\u010c Praha 14","robots":{"index":"index","follow":"follow","max-snippet":"max-snippet:-1","max-image-preview":"max-image-preview:large","max-video-preview":"max-video-preview:-1"},"canonical":"https:\/\/www.praha14.cz\/samosprava\/granty-schvalene-radou-mc-praha-14-v-roce-2007\/","og_locale":"cs_CZ","og_type":"article","og_title":"Granty schv\u00e1len\u00e9 Radou M\u010c Praha 14 v roce 2007 - Samospr\u00e1va \u00daM\u010c Praha 14","og_description":"Usnesen\u00ed Rady\u00a0\u010d. 154\/RM\u010c\/2007\u00a0ze 13.03.2007 k p\u0159id\u011blen\u00ed grantov\u00fdch prost\u0159edk\u016f m\u011bstsk\u00e9 \u010d\u00e1sti Praha 14 v roce 2007 celkem Granty R: 2.000.000,- K\u010d\u00a0 KV\u010c &#8211; Kultura a vyu\u017eit\u00ed voln\u00e9ho \u010dasu d\u011bt\u00ed a ml\u00e1de\u017ee PPK &#8211; Protidrogov\u00e1 prevence a prevence kriminality SVZ &#8211; Soci\u00e1ln\u00ed v\u011bc\u00ed a zdravotnictv\u00ed STV &#8211; Sport a t\u011blov\u00fdchova Granty schv\u00e1len\u00e9 Radou M\u010c Praha 14 v...","og_url":"https:\/\/www.praha14.cz\/samosprava\/granty-schvalene-radou-mc-praha-14-v-roce-2007\/","og_site_name":"Samospr\u00e1va \u00daM\u010c Praha 14","article_modified_time":"2023-01-30T07:57:30+00:00","twitter_card":"summary_large_image","twitter_misc":{"Est. reading time":"4 minuty"},"schema":{"@context":"https:\/\/schema.org","@graph":[{"@type":"WebPage","@id":"https:\/\/www.praha14.cz\/samosprava\/granty-schvalene-radou-mc-praha-14-v-roce-2007\/","url":"https:\/\/www.praha14.cz\/samosprava\/granty-schvalene-radou-mc-praha-14-v-roce-2007\/","name":"Granty schv\u00e1len\u00e9 Radou M\u010c Praha 14 v roce 2007 - Samospr\u00e1va \u00daM\u010c Praha 14","isPartOf":{"@id":"https:\/\/www.praha14.cz\/samosprava\/#website"},"datePublished":"2014-04-16T11:47:07+00:00","dateModified":"2023-01-30T07:57:30+00:00","breadcrumb":{"@id":"https:\/\/www.praha14.cz\/samosprava\/granty-schvalene-radou-mc-praha-14-v-roce-2007\/#breadcrumb"},"inLanguage":"cs","potentialAction":[{"@type":"ReadAction","target":["https:\/\/www.praha14.cz\/samosprava\/granty-schvalene-radou-mc-praha-14-v-roce-2007\/"]}]},{"@type":"BreadcrumbList","@id":"https:\/\/www.praha14.cz\/samosprava\/granty-schvalene-radou-mc-praha-14-v-roce-2007\/#breadcrumb","itemListElement":[{"@type":"ListItem","position":1,"name":"Samospr\u00e1va \u00daM\u010c Praha 14","item":"https:\/\/www.praha14.cz\/samosprava\/"},{"@type":"ListItem","position":2,"name":"Granty schv\u00e1len\u00e9 Radou M\u010c Praha 14 v roce 2007"}]},{"@type":"WebSite","@id":"https:\/\/www.praha14.cz\/samosprava\/#website","url":"https:\/\/www.praha14.cz\/samosprava\/","name":"Samospr\u00e1va \u00daM\u010c Praha 14","description":"Ofici\u00e1ln\u00ed str\u00e1nky Samospr\u00e1vy \u00daM\u010c Praha 14","potentialAction":[{"@type":"SearchAction","target":{"@type":"EntryPoint","urlTemplate":"https:\/\/www.praha14.cz\/samosprava\/?s={search_term_string}"},"query-input":{"@type":"PropertyValueSpecification","valueRequired":true,"valueName":"search_term_string"}}],"inLanguage":"cs"}]}},"_links":{"self":[{"href":"https:\/\/www.praha14.cz\/samosprava\/wp-json\/wp\/v2\/pages\/213","targetHints":{"allow":["GET"]}}],"collection":[{"href":"https:\/\/www.praha14.cz\/samosprava\/wp-json\/wp\/v2\/pages"}],"about":[{"href":"https:\/\/www.praha14.cz\/samosprava\/wp-json\/wp\/v2\/types\/page"}],"author":[{"embeddable":true,"href":"https:\/\/www.praha14.cz\/samosprava\/wp-json\/wp\/v2\/users\/1"}],"replies":[{"embeddable":true,"href":"https:\/\/www.praha14.cz\/samosprava\/wp-json\/wp\/v2\/comments?post=213"}],"version-history":[{"count":1,"href":"https:\/\/www.praha14.cz\/samosprava\/wp-json\/wp\/v2\/pages\/213\/revisions"}],"predecessor-version":[{"id":44746,"href":"https:\/\/www.praha14.cz\/samosprava\/wp-json\/wp\/v2\/pages\/213\/revisions\/44746"}],"wp:attachment":[{"href":"https:\/\/www.praha14.cz\/samosprava\/wp-json\/wp\/v2\/media?parent=213"}],"curies":[{"name":"wp","href":"https:\/\/api.w.org\/{rel}","templated":true}]}}