{"id":215,"date":"2014-04-16T12:49:13","date_gmt":"2014-04-16T11:49:13","guid":{"rendered":"\/samosprava\/?page_id=215"},"modified":"2023-01-30T08:57:51","modified_gmt":"2023-01-30T07:57:51","slug":"granty-schvalene-radou-mc-praha-14-v-roce-2006","status":"publish","type":"page","link":"https:\/\/www.praha14.cz\/samosprava\/granty-schvalene-radou-mc-praha-14-v-roce-2006\/","title":{"rendered":"Granty schv\u00e1len\u00e9 Radou M\u010c Praha 14 v roce 2006"},"content":{"rendered":"<p>Usnesen\u00ed Rady\u00a0<a title=\"Odkaz do nov\u00e9ho okna, html\" href=\"https:\/\/www.praha14.cz\/app\/uploads\/usneseni\/rada\/2006\/03\/129_78MR.htm\" target=\"_blank\" rel=\"noopener\">\u010d. 129\/RM\u010c\/2006<\/a>\u00a0ze 14.03.2006 k p\u0159id\u011blen\u00ed grantov\u00fdch prost\u0159edk\u016f m\u011bstsk\u00e9 \u010d\u00e1sti Praha 14 v roce 2006<\/p>\n<table>\n<tbody>\n<tr>\n<th>Jm\u00e9no<\/th>\n<th>\u00fa\u010del<\/th>\n<th>po\u017eadavek<\/th>\n<th>schv\u00e1leno<\/th>\n<\/tr>\n<tr>\n<td><strong>Divadlo K\u00e1men, o. s.<\/strong><\/td>\n<td>celoro\u010dn\u00ed \u010dinnost v r. 2006<\/td>\n<td>7.000,- K\u010d<\/td>\n<td><strong>7.000,- K\u010d<\/strong><\/td>\n<\/tr>\n<tr>\n<td><strong>Divadlo K\u00e1men, o. s.<\/strong><\/td>\n<td>benefi\u010dn\u00ed p\u0159edstaven\u00ed pro Komunitn\u00ed centrum Mot\u00fdlek<\/td>\n<td>8.000,- K\u010d<\/td>\n<td><strong>8.000,- K\u010d<\/strong><\/td>\n<\/tr>\n<tr>\n<td><strong>Mgr. Ji\u0159ina B\u0159ich\u00e1\u010dkov\u00e1-Olivov\u00e1<\/strong><\/td>\n<td>zakoupen\u00ed v\u00fdtvarn\u00fdch pot\u0159eb a v\u00fdtvarn\u00fdch materi\u00e1l\u016f<\/td>\n<td>20.000,- K\u010d<\/td>\n<td><strong>15.000,- K\u010d<\/strong><\/td>\n<\/tr>\n<tr>\n<td><strong>Humanit\u00e1rn\u00ed sdru\u017een\u00ed PROTEBE<\/strong><\/td>\n<td>integrovan\u00e9 aktivity d\u011bt\u00ed a ml\u00e1de\u017ee<\/td>\n<td>30.000,- K\u010d<\/td>\n<td><strong>25.000,- K\u010d<\/strong><\/td>\n<\/tr>\n<tr>\n<td><strong>Humanit\u00e1rn\u00ed sdru\u017een\u00ed PROTEBE<\/strong><\/td>\n<td>\u0161ach pro ka\u017ed\u00e9ho<\/td>\n<td>25.000,- K\u010d<\/td>\n<td><strong>10.000,- K\u010d<\/strong><\/td>\n<\/tr>\n<tr>\n<td><strong>Ob\u010dansk\u00e1 inspirace<\/strong><\/td>\n<td>ekov\u00fdchovn\u00e9 programy pro s\u00eddli\u0161tn\u00ed d\u011bti na \u010cern\u00e9m Most\u011b<\/td>\n<td>56.500,- K\u010d<\/td>\n<td><strong>35.000,- K\u010d<\/strong><\/td>\n<\/tr>\n<tr>\n<td><strong>93. pion\u00fdrsk\u00e1 skupina<\/strong><\/td>\n<td>akce ve voln\u00e9m \u010dase pro d\u011bti a ml\u00e1de\u017e<\/td>\n<td>30.000,- K\u010d<\/td>\n<td><strong>10.000,- K\u010d<\/strong><\/td>\n<\/tr>\n<tr>\n<td><strong>93. pion\u00fdrsk\u00e1 skupina<\/strong><\/td>\n<td>provoz a vybaven\u00ed prostor pro \u010dinnost<\/td>\n<td>7.000,- K\u010d<\/td>\n<td><strong>7.000,- K\u010d<\/strong><\/td>\n<\/tr>\n<tr>\n<td><strong>93. pion\u00fdrsk\u00e1 skupina<\/strong><\/td>\n<td>akce pro neorganizovan\u00e9 d\u011bti a ml\u00e1de\u017e<\/td>\n<td>7.800,- K\u010d<\/td>\n<td><strong>7.800,- K\u010d<\/strong><\/td>\n<\/tr>\n<tr>\n<td><strong>DDM Praha 9<\/strong><\/td>\n<td>divadeln\u00ed zahrada pro d\u011bti a Cesty za pozn\u00e1n\u00edm aneb nikdy nen\u00ed pozd\u011b<\/td>\n<td>42.400,- K\u010d<\/td>\n<td><strong>14.500,- K\u010d<\/strong><\/td>\n<\/tr>\n<tr>\n<td><strong>DDM Praha 9<\/strong><\/td>\n<td>sportovn\u00ed akce pro d\u011bti a ml\u00e1de\u017e<\/td>\n<td>24.600,-K\u010d<\/td>\n<td><strong>10.000,- K\u010d<\/strong><\/td>\n<\/tr>\n<tr>\n<td><strong>UNIE RODI\u010c\u016e \u010cR &#8211; sdru\u017een\u00ed p\u0159i Z\u0160 Praha 9 &#8211; Hloub\u011bt\u00edn<\/strong><\/td>\n<td>kulturn\u00ed kontakt s Evropou<\/td>\n<td>17.000,- K\u010d<\/td>\n<td><strong>15.000,- K\u010d<\/strong><\/td>\n<\/tr>\n<tr>\n<td><strong>UNIE RODI\u010c\u016e \u010cR &#8211; sdru\u017een\u00ed p\u0159i Z\u0160 Praha 9 &#8211; Hloub\u011bt\u00edn<\/strong><\/td>\n<td>vybaven\u00ed \u0161achov\u00e9ho krou\u017eku<\/td>\n<td>7.400,- K\u010d<\/td>\n<td><strong>6.400,- K\u010d<\/strong><\/td>\n<\/tr>\n<tr>\n<td><strong>UNIE RODI\u010c\u016e \u010cR &#8211; sdru\u017een\u00ed p\u0159i Z\u0160 Praha 9 &#8211; Hloub\u011bt\u00edn<\/strong><\/td>\n<td>spole\u010dn\u00e1 aktivita \u017e\u00e1k\u016f, rodi\u010d\u016f a u\u010ditel\u016f &#8211; \u010dasopis KACHL\u00cdK\u00c1RNA 2006<\/td>\n<td>15.000,- K\u010d<\/td>\n<td><strong>15.000,- K\u010d<\/strong><\/td>\n<\/tr>\n<tr>\n<td><strong>UNIE RODI\u010c\u016e \u010cR &#8211; sdru\u017een\u00ed p\u0159i Z\u0160 Praha 9 &#8211; Hloub\u011bt\u00edn<\/strong><\/td>\n<td>hloub\u011bt\u00ednsk\u00e1 liga<\/td>\n<td>20.000,- K\u010d<\/td>\n<td><strong>5.000,- K\u010d<\/strong><\/td>\n<\/tr>\n<tr>\n<td><strong>Klub orienta\u010dn\u00edho b\u011bhu Tretra Praha<\/strong><\/td>\n<td>velikono\u010dn\u00ed a letn\u00ed sportovn\u00ed pobyt v p\u0159\u00edrod\u011b spojen\u00fd s tr\u00e9ninkem orienta\u010dn\u00edho b\u011bhu<\/td>\n<td>14.000,- K\u010d<\/td>\n<td><strong>14.000,- K\u010d<\/strong><\/td>\n<\/tr>\n<tr>\n<td><strong>Klub orienta\u010dn\u00edho b\u011bhu Tretra Praha<\/strong><\/td>\n<td>pron\u00e1jem t\u011blocvi\u010dny, doprava na z\u00e1vody<\/td>\n<td>18.000,- K\u010d<\/td>\n<td><strong>10.000,- K\u010d<\/strong><\/td>\n<\/tr>\n<tr>\n<td><strong>Klub orienta\u010dn\u00edho b\u011bhu Tretra Praha<\/strong><\/td>\n<td>a way of living<\/td>\n<td>14.000,- K\u010d<\/td>\n<td><strong>5.000,- K\u010d<\/strong><\/td>\n<\/tr>\n<tr>\n<td><strong>Ob\u010dansk\u00e9 sdru\u017een\u00ed PO\u010cIN<\/strong><\/td>\n<td>projekt &#8222;J\u00e1 m\u00e1m kon\u011b, vran\u00fd kon\u011b&#8220;<\/td>\n<td>29.000,- K\u010d<\/td>\n<td><strong>9.000,- K\u010d<\/strong><\/td>\n<\/tr>\n<tr>\n<td><strong>Ob\u010dansk\u00e9 sdru\u017een\u00ed K\u0159es\u0165ansk\u00e9 centrum pro rodinu He\u0159m\u00e1nek<\/strong><\/td>\n<td>p\u011bveck\u00fd a tane\u010dn\u00ed krou\u017eek \u010cern\u00fd Most<\/td>\n<td>45.000,- K\u010d<\/td>\n<td><strong>20.000,- K\u010d<\/strong><\/td>\n<\/tr>\n<tr>\n<td><strong>Cikne \u010dhave<\/strong><\/td>\n<td>fotbalem proti drog\u00e1m<\/td>\n<td>47.600,- K\u010d<\/td>\n<td><strong>47.600,- K\u010d<\/strong><\/td>\n<\/tr>\n<tr>\n<td><strong>C\u00edrkev bratrsk\u00e1<\/strong><\/td>\n<td>B-B kluby (n\u00edzkoprahov\u00e9)<\/td>\n<td>40.000,- K\u010d<\/td>\n<td><strong>35.000,- K\u010d<\/strong><\/td>\n<\/tr>\n<tr>\n<td><strong>Integra\u010dn\u00ed centrum Zahrada v Praze 3<\/strong><\/td>\n<td>komplexn\u00ed p\u00e9\u010de pro handicapovan\u00e9 ob\u010dany Prahy 14 &#8211; klienty Integra\u010dn\u00edho centra<\/td>\n<td>42.570,- K\u010d<\/td>\n<td><strong>42.570,- K\u010d<\/strong><\/td>\n<\/tr>\n<tr>\n<td><strong>Sjednocen\u00e1 organizace nevidom\u00fdch a slabozrak\u00fdch (SONS)<\/strong><\/td>\n<td>zdravotn\u011b rehabilita\u010dn\u00ed pobyt s v\u00fdukou<\/td>\n<td>28.000,- K\u010d<\/td>\n<td><strong>28.000,- K\u010d<\/strong><\/td>\n<\/tr>\n<tr>\n<td><strong>Centrum pro zdravotn\u011b posti\u017een\u00e9 Kraje Praha &#8211; deta\u0161ovan\u00e9 pracovi\u0161t\u011b v Praze 9<\/strong><\/td>\n<td>Centrum pro zdravotn\u011b posti\u017een\u00e9 ob\u010dany M\u010c Praha 14<\/td>\n<td>25.471,- K\u010d<\/td>\n<td><strong>15.000,- K\u010d<\/strong><\/td>\n<\/tr>\n<tr>\n<td><strong>TJ Sokol Hloub\u011bt\u00edn<\/strong><\/td>\n<td>n\u00e1jem\u00e9 t\u011blocvi\u010den a p\u0159\u00edprava sletu<\/td>\n<td>30.000,- K\u010d<\/td>\n<td><strong>20.000,- K\u010d<\/strong><\/td>\n<\/tr>\n<tr>\n<td><strong>TJ Slavoj Tesla Hloub\u011bt\u00edn<\/strong><\/td>\n<td>rekonstrukce vodovodn\u00ed p\u0159\u00edpojky<\/td>\n<td>80.030,- K\u010d<\/td>\n<td><strong>50.000,- K\u010d<\/strong><\/td>\n<\/tr>\n<tr>\n<td><strong>TJ Kyje<\/strong><\/td>\n<td>rekonstrukce kotelny<\/td>\n<td>93.000,- K\u010d<\/td>\n<td><strong>30.000,- K\u010d<\/strong><\/td>\n<\/tr>\n<tr>\n<td><strong>TJ Kyje<\/strong><\/td>\n<td>sportovn\u00ed akce a soust\u0159ed\u011bn\u00ed pro ml\u00e1de\u017e<\/td>\n<td>40.000,- K\u010d<\/td>\n<td><strong>10.000,- K\u010d<\/strong><\/td>\n<\/tr>\n<tr>\n<td><strong>Florbalov\u00fd klub Z\u0160 Vyb\u00edralova<\/strong><\/td>\n<td>jarn\u00ed soust\u0159ed\u011bn\u00ed s turnajem<\/td>\n<td>62.000,- K\u010d<\/td>\n<td><strong>15.000,- K\u010d<\/strong><\/td>\n<\/tr>\n<tr>\n<td><strong>Fit studio D<\/strong><\/td>\n<td>aerobic team show open cup (d\u011bti a ml\u00e1de\u017e)<\/td>\n<td>11.000,- K\u010d<\/td>\n<td><strong>10.000,- K\u010d<\/strong><\/td>\n<\/tr>\n<tr>\n<td><strong>Fit studio D<\/strong><\/td>\n<td>juniorsk\u00fd aerobic master class 11. ro\u010dn\u00edk<\/td>\n<td>14.625,- K\u010d<\/td>\n<td><strong>10.000,- K\u010d<\/strong><\/td>\n<\/tr>\n<tr>\n<td><strong>Fit studio D<\/strong><\/td>\n<td>pron\u00e1jem t\u011blocvi\u010dny<\/td>\n<td>28.250,- K\u010d<\/td>\n<td><strong>20.000,- K\u010d<\/strong><\/td>\n<\/tr>\n<tr>\n<td><strong>SK Prosek Praha<\/strong><\/td>\n<td>basketbal &#8211; d\u00edvky<\/td>\n<td>40.000,- K\u010d<\/td>\n<td><strong>30.000,- K\u010d<\/strong><\/td>\n<\/tr>\n<tr>\n<td><strong>Hana Hanu\u0161ov\u00e1<\/strong><\/td>\n<td>4. stepa\u0159sk\u00e1 p\u0159ehl\u00eddka<\/td>\n<td>45.000,- K\u010d<\/td>\n<td><strong>30.000,- K\u010d<\/strong><\/td>\n<\/tr>\n<tr>\n<td><strong>SK Neptun Praha<\/strong><\/td>\n<td>synchronizovan\u00e9 plav\u00e1n\u00ed &#8211; 25. ro\u010dn\u00edk z\u00e1vod\u016f<\/td>\n<td>30.000,- K\u010d<\/td>\n<td><strong>10.000,- K\u010d<\/strong><\/td>\n<\/tr>\n<tr>\n<td><strong>SK Neptun Praha<\/strong><\/td>\n<td>pron\u00e1jem baz\u00e9nu a t\u011blocvi\u010dny<\/td>\n<td>200.000,- K\u010d<\/td>\n<td><strong>20.000,- K\u010d<\/strong><\/td>\n<\/tr>\n<tr>\n<td><strong>\u0160kola Taekwon-do Dan-Gun<\/strong><\/td>\n<td>vybaven\u00ed d\u011bt\u00ed a junior\u016f ochrann\u00fdmi pom\u016fckami<\/td>\n<td>35.000,- K\u010d<\/td>\n<td><strong>15.000,- K\u010d<\/strong><\/td>\n<\/tr>\n<tr>\n<td><strong>\u0160kola Taekwon-do Dan-Gun<\/strong><\/td>\n<td>pron\u00e1jmy t\u011blov\u00fdchovn\u00fdch za\u0159\u00edzen\u00ed a sportovi\u0161\u0165<\/td>\n<td>35.000,- K\u010d<\/td>\n<td><strong>15.000,- K\u010d<\/strong><\/td>\n<\/tr>\n<tr>\n<td><strong>Stanislav Vyoral &#8211; \u010cesk\u00e1 tenisov\u00e1 \u0161kola<\/strong><\/td>\n<td>n\u00e1kup nahr\u00e1vac\u00edho tenisov\u00e9ho stroje<\/td>\n<td>62.880,- K\u010d<\/td>\n<td><strong>40.000,- K\u010d<\/strong><\/td>\n<\/tr>\n<tr>\n<td><strong>Spectrum Praha<\/strong><\/td>\n<td>softballov\u00e9 turnaje<\/td>\n<td>52.450,- K\u010d<\/td>\n<td><strong>20.000,- K\u010d<\/strong><\/td>\n<\/tr>\n<tr>\n<td><strong>Spectrum Praha<\/strong><\/td>\n<td>zimn\u00ed a letn\u00ed soust\u0159ed\u011bn\u00ed<\/td>\n<td>26.250,- K\u010d<\/td>\n<td><strong>10.000,- K\u010d<\/strong><\/td>\n<\/tr>\n<tr>\n<td><strong>FC. King<\/strong><\/td>\n<td>pron\u00e1jmy h\u0159i\u0161\u0165, t\u011blocvi\u010den + vybaven\u00ed<\/td>\n<td>49.280,- K\u010d<\/td>\n<td><strong>10.000,- K\u010d<\/strong><\/td>\n<\/tr>\n<tr>\n<td><strong>Marie M\u00e1dlov\u00e1<\/strong><\/td>\n<td>osobn\u00ed asistence<\/td>\n<td>80.000,- K\u010d<\/td>\n<td><strong>40.000,- K\u010d<\/strong><\/td>\n<\/tr>\n<tr>\n<td><strong>Pra\u017esk\u00e1 organizace voz\u00ed\u010dk\u00e1\u0159\u016f<\/strong><\/td>\n<td>osobn\u00ed asistence<\/td>\n<td>94.953,60 K\u010d<\/td>\n<td><strong>40.000,- K\u010d<\/strong><\/td>\n<\/tr>\n<tr>\n<td colspan=\"3\"><strong>Celkem Granty Rady:<\/strong><\/td>\n<td><strong>861.870,- K\u010d<\/strong><\/td>\n<\/tr>\n<\/tbody>\n<\/table>\n","protected":false},"excerpt":{"rendered":"<p>Usnesen\u00ed Rady\u00a0\u010d. 129\/RM\u010c\/2006\u00a0ze 14.03.2006 k p\u0159id\u011blen\u00ed grantov\u00fdch prost\u0159edk\u016f m\u011bstsk\u00e9 \u010d\u00e1sti Praha 14 v roce 2006 Jm\u00e9no \u00fa\u010del po\u017eadavek schv\u00e1leno Divadlo K\u00e1men, o. s. celoro\u010dn\u00ed \u010dinnost v r. 2006 7.000,- K\u010d 7.000,- K\u010d Divadlo K\u00e1men, o. s. benefi\u010dn\u00ed p\u0159edstaven\u00ed pro Komunitn\u00ed centrum Mot\u00fdlek 8.000,- K\u010d 8.000,- K\u010d Mgr. Ji\u0159ina B\u0159ich\u00e1\u010dkov\u00e1-Olivov\u00e1 zakoupen\u00ed v\u00fdtvarn\u00fdch pot\u0159eb a v\u00fdtvarn\u00fdch materi\u00e1l\u016f&#8230;<\/p>\n","protected":false},"author":1,"featured_media":0,"parent":0,"menu_order":0,"comment_status":"closed","ping_status":"open","template":"","meta":{"_acf_changed":false,"footnotes":""},"class_list":["post-215","page","type-page","status-publish","hentry"],"acf":[],"yoast_head":"<!-- This site is optimized with the Yoast SEO plugin v27.2 - https:\/\/yoast.com\/product\/yoast-seo-wordpress\/ -->\n<title>Granty schv\u00e1len\u00e9 Radou M\u010c Praha 14 v roce 2006 - Samospr\u00e1va \u00daM\u010c Praha 14<\/title>\n<meta name=\"robots\" content=\"index, follow, max-snippet:-1, max-image-preview:large, max-video-preview:-1\" \/>\n<link rel=\"canonical\" href=\"https:\/\/www.praha14.cz\/samosprava\/granty-schvalene-radou-mc-praha-14-v-roce-2006\/\" \/>\n<meta property=\"og:locale\" content=\"cs_CZ\" \/>\n<meta property=\"og:type\" content=\"article\" \/>\n<meta property=\"og:title\" content=\"Granty schv\u00e1len\u00e9 Radou M\u010c Praha 14 v roce 2006 - Samospr\u00e1va \u00daM\u010c Praha 14\" \/>\n<meta property=\"og:description\" content=\"Usnesen\u00ed Rady\u00a0\u010d. 129\/RM\u010c\/2006\u00a0ze 14.03.2006 k p\u0159id\u011blen\u00ed grantov\u00fdch prost\u0159edk\u016f m\u011bstsk\u00e9 \u010d\u00e1sti Praha 14 v roce 2006 Jm\u00e9no \u00fa\u010del po\u017eadavek schv\u00e1leno Divadlo K\u00e1men, o. s. celoro\u010dn\u00ed \u010dinnost v r. 2006 7.000,- K\u010d 7.000,- K\u010d Divadlo K\u00e1men, o. s. benefi\u010dn\u00ed p\u0159edstaven\u00ed pro Komunitn\u00ed centrum Mot\u00fdlek 8.000,- K\u010d 8.000,- K\u010d Mgr. Ji\u0159ina B\u0159ich\u00e1\u010dkov\u00e1-Olivov\u00e1 zakoupen\u00ed v\u00fdtvarn\u00fdch pot\u0159eb a v\u00fdtvarn\u00fdch materi\u00e1l\u016f...\" \/>\n<meta property=\"og:url\" content=\"https:\/\/www.praha14.cz\/samosprava\/granty-schvalene-radou-mc-praha-14-v-roce-2006\/\" \/>\n<meta property=\"og:site_name\" content=\"Samospr\u00e1va \u00daM\u010c Praha 14\" \/>\n<meta property=\"article:modified_time\" content=\"2023-01-30T07:57:51+00:00\" \/>\n<meta name=\"twitter:card\" content=\"summary_large_image\" \/>\n<meta name=\"twitter:label1\" content=\"Est. reading time\" \/>\n\t<meta name=\"twitter:data1\" content=\"4 minuty\" \/>\n<script type=\"application\/ld+json\" class=\"yoast-schema-graph\">{\"@context\":\"https:\/\/schema.org\",\"@graph\":[{\"@type\":\"WebPage\",\"@id\":\"https:\/\/www.praha14.cz\/samosprava\/granty-schvalene-radou-mc-praha-14-v-roce-2006\/\",\"url\":\"https:\/\/www.praha14.cz\/samosprava\/granty-schvalene-radou-mc-praha-14-v-roce-2006\/\",\"name\":\"Granty schv\u00e1len\u00e9 Radou M\u010c Praha 14 v roce 2006 - Samospr\u00e1va \u00daM\u010c Praha 14\",\"isPartOf\":{\"@id\":\"https:\/\/www.praha14.cz\/samosprava\/#website\"},\"datePublished\":\"2014-04-16T11:49:13+00:00\",\"dateModified\":\"2023-01-30T07:57:51+00:00\",\"breadcrumb\":{\"@id\":\"https:\/\/www.praha14.cz\/samosprava\/granty-schvalene-radou-mc-praha-14-v-roce-2006\/#breadcrumb\"},\"inLanguage\":\"cs\",\"potentialAction\":[{\"@type\":\"ReadAction\",\"target\":[\"https:\/\/www.praha14.cz\/samosprava\/granty-schvalene-radou-mc-praha-14-v-roce-2006\/\"]}]},{\"@type\":\"BreadcrumbList\",\"@id\":\"https:\/\/www.praha14.cz\/samosprava\/granty-schvalene-radou-mc-praha-14-v-roce-2006\/#breadcrumb\",\"itemListElement\":[{\"@type\":\"ListItem\",\"position\":1,\"name\":\"Samospr\u00e1va \u00daM\u010c Praha 14\",\"item\":\"https:\/\/www.praha14.cz\/samosprava\/\"},{\"@type\":\"ListItem\",\"position\":2,\"name\":\"Granty schv\u00e1len\u00e9 Radou M\u010c Praha 14 v roce 2006\"}]},{\"@type\":\"WebSite\",\"@id\":\"https:\/\/www.praha14.cz\/samosprava\/#website\",\"url\":\"https:\/\/www.praha14.cz\/samosprava\/\",\"name\":\"Samospr\u00e1va \u00daM\u010c Praha 14\",\"description\":\"Ofici\u00e1ln\u00ed str\u00e1nky Samospr\u00e1vy \u00daM\u010c Praha 14\",\"potentialAction\":[{\"@type\":\"SearchAction\",\"target\":{\"@type\":\"EntryPoint\",\"urlTemplate\":\"https:\/\/www.praha14.cz\/samosprava\/?s={search_term_string}\"},\"query-input\":{\"@type\":\"PropertyValueSpecification\",\"valueRequired\":true,\"valueName\":\"search_term_string\"}}],\"inLanguage\":\"cs\"}]}<\/script>\n<!-- \/ Yoast SEO plugin. -->","yoast_head_json":{"title":"Granty schv\u00e1len\u00e9 Radou M\u010c Praha 14 v roce 2006 - Samospr\u00e1va \u00daM\u010c Praha 14","robots":{"index":"index","follow":"follow","max-snippet":"max-snippet:-1","max-image-preview":"max-image-preview:large","max-video-preview":"max-video-preview:-1"},"canonical":"https:\/\/www.praha14.cz\/samosprava\/granty-schvalene-radou-mc-praha-14-v-roce-2006\/","og_locale":"cs_CZ","og_type":"article","og_title":"Granty schv\u00e1len\u00e9 Radou M\u010c Praha 14 v roce 2006 - Samospr\u00e1va \u00daM\u010c Praha 14","og_description":"Usnesen\u00ed Rady\u00a0\u010d. 129\/RM\u010c\/2006\u00a0ze 14.03.2006 k p\u0159id\u011blen\u00ed grantov\u00fdch prost\u0159edk\u016f m\u011bstsk\u00e9 \u010d\u00e1sti Praha 14 v roce 2006 Jm\u00e9no \u00fa\u010del po\u017eadavek schv\u00e1leno Divadlo K\u00e1men, o. s. celoro\u010dn\u00ed \u010dinnost v r. 2006 7.000,- K\u010d 7.000,- K\u010d Divadlo K\u00e1men, o. s. benefi\u010dn\u00ed p\u0159edstaven\u00ed pro Komunitn\u00ed centrum Mot\u00fdlek 8.000,- K\u010d 8.000,- K\u010d Mgr. Ji\u0159ina B\u0159ich\u00e1\u010dkov\u00e1-Olivov\u00e1 zakoupen\u00ed v\u00fdtvarn\u00fdch pot\u0159eb a v\u00fdtvarn\u00fdch materi\u00e1l\u016f...","og_url":"https:\/\/www.praha14.cz\/samosprava\/granty-schvalene-radou-mc-praha-14-v-roce-2006\/","og_site_name":"Samospr\u00e1va \u00daM\u010c Praha 14","article_modified_time":"2023-01-30T07:57:51+00:00","twitter_card":"summary_large_image","twitter_misc":{"Est. reading time":"4 minuty"},"schema":{"@context":"https:\/\/schema.org","@graph":[{"@type":"WebPage","@id":"https:\/\/www.praha14.cz\/samosprava\/granty-schvalene-radou-mc-praha-14-v-roce-2006\/","url":"https:\/\/www.praha14.cz\/samosprava\/granty-schvalene-radou-mc-praha-14-v-roce-2006\/","name":"Granty schv\u00e1len\u00e9 Radou M\u010c Praha 14 v roce 2006 - Samospr\u00e1va \u00daM\u010c Praha 14","isPartOf":{"@id":"https:\/\/www.praha14.cz\/samosprava\/#website"},"datePublished":"2014-04-16T11:49:13+00:00","dateModified":"2023-01-30T07:57:51+00:00","breadcrumb":{"@id":"https:\/\/www.praha14.cz\/samosprava\/granty-schvalene-radou-mc-praha-14-v-roce-2006\/#breadcrumb"},"inLanguage":"cs","potentialAction":[{"@type":"ReadAction","target":["https:\/\/www.praha14.cz\/samosprava\/granty-schvalene-radou-mc-praha-14-v-roce-2006\/"]}]},{"@type":"BreadcrumbList","@id":"https:\/\/www.praha14.cz\/samosprava\/granty-schvalene-radou-mc-praha-14-v-roce-2006\/#breadcrumb","itemListElement":[{"@type":"ListItem","position":1,"name":"Samospr\u00e1va \u00daM\u010c Praha 14","item":"https:\/\/www.praha14.cz\/samosprava\/"},{"@type":"ListItem","position":2,"name":"Granty schv\u00e1len\u00e9 Radou M\u010c Praha 14 v roce 2006"}]},{"@type":"WebSite","@id":"https:\/\/www.praha14.cz\/samosprava\/#website","url":"https:\/\/www.praha14.cz\/samosprava\/","name":"Samospr\u00e1va \u00daM\u010c Praha 14","description":"Ofici\u00e1ln\u00ed str\u00e1nky Samospr\u00e1vy \u00daM\u010c Praha 14","potentialAction":[{"@type":"SearchAction","target":{"@type":"EntryPoint","urlTemplate":"https:\/\/www.praha14.cz\/samosprava\/?s={search_term_string}"},"query-input":{"@type":"PropertyValueSpecification","valueRequired":true,"valueName":"search_term_string"}}],"inLanguage":"cs"}]}},"_links":{"self":[{"href":"https:\/\/www.praha14.cz\/samosprava\/wp-json\/wp\/v2\/pages\/215","targetHints":{"allow":["GET"]}}],"collection":[{"href":"https:\/\/www.praha14.cz\/samosprava\/wp-json\/wp\/v2\/pages"}],"about":[{"href":"https:\/\/www.praha14.cz\/samosprava\/wp-json\/wp\/v2\/types\/page"}],"author":[{"embeddable":true,"href":"https:\/\/www.praha14.cz\/samosprava\/wp-json\/wp\/v2\/users\/1"}],"replies":[{"embeddable":true,"href":"https:\/\/www.praha14.cz\/samosprava\/wp-json\/wp\/v2\/comments?post=215"}],"version-history":[{"count":2,"href":"https:\/\/www.praha14.cz\/samosprava\/wp-json\/wp\/v2\/pages\/215\/revisions"}],"predecessor-version":[{"id":45498,"href":"https:\/\/www.praha14.cz\/samosprava\/wp-json\/wp\/v2\/pages\/215\/revisions\/45498"}],"wp:attachment":[{"href":"https:\/\/www.praha14.cz\/samosprava\/wp-json\/wp\/v2\/media?parent=215"}],"curies":[{"name":"wp","href":"https:\/\/api.w.org\/{rel}","templated":true}]}}