{"id":227,"date":"2014-04-16T12:55:13","date_gmt":"2014-04-16T11:55:13","guid":{"rendered":"\/samosprava\/?page_id=227"},"modified":"2023-01-30T08:59:35","modified_gmt":"2023-01-30T07:59:35","slug":"granty-v-oblasti-sportu-a-telovychovy-v-roce-2003","status":"publish","type":"page","link":"https:\/\/www.praha14.cz\/samosprava\/granty-v-oblasti-sportu-a-telovychovy-v-roce-2003\/","title":{"rendered":"Granty v oblasti sportu a t\u011blov\u00fdchovy v roce 2003"},"content":{"rendered":"<table>\n<tbody>\n<tr>\n<th>\u017dadatel<\/th>\n<th>Podm\u00ednky pro pod\u00e1n\u00ed<\/th>\n<th>Stru\u010dn\u00e1 charakteristika<\/th>\n<th>Po\u017eadovan\u00e1 \u010d\u00e1stka<\/th>\n<th>Doporu\u010deno komis\u00ed<\/th>\n<\/tr>\n<tr>\n<td>Klub orienta\u010dn\u00edho b\u011bhu Tretra Praha<\/td>\n<td>\u00a0spln\u011bny<\/td>\n<td>V\u00edkendy v p\u0159\u00edrod\u011b<br \/>\nlesy v okol\u00ed Prahy<\/td>\n<td>10.000,- K\u010d<\/td>\n<td>10.000,- K\u010d<\/td>\n<\/tr>\n<tr>\n<td>Florbalov\u00fd odd\u00edl p\u0159i Z\u0160 Vyb\u00edralova-Zden\u011bk Holick\u00fd<\/td>\n<td>spln\u011bny<\/td>\n<td>Jarn\u00ed soust\u0159ed\u011bn\u00ed<br \/>\nn\u00e1kup dres\u016f a vybaven\u00ed<\/td>\n<td>50.000,- K\u010d<\/td>\n<td>20.000,- K\u010d<\/td>\n<\/tr>\n<tr>\n<td rowspan=\"3\">Sportovn\u00ed klub Spektrum Praha<\/td>\n<td rowspan=\"3\">spln\u011bny<\/td>\n<td>1. Rekonstrukce a opravy kluboven a TZ, dovybaven\u00ed<\/td>\n<td>64.180,- K\u010d<\/td>\n<td>10.400,- K\u010d<\/td>\n<\/tr>\n<tr>\n<td>2. Pron\u00e1jmy t\u011blocvi\u010den a h\u0159i\u0161\u0165<\/td>\n<td>20.000,- K\u010d<\/td>\n<td>7.000,- K\u010d<\/td>\n<\/tr>\n<tr>\n<td>3. Sportovn\u00ed akce celost\u00e1tn\u00edho v\u00fdznamu zam\u011b\u0159en\u00e1 na ml\u00e1de\u017e<\/td>\n<td>10.600,- K\u010d<\/td>\n<td>10.600,- K\u010d<\/td>\n<\/tr>\n<tr>\n<td rowspan=\"2\">TJ Slavoj Tesla Hloub\u011bt\u00edn<\/td>\n<td rowspan=\"2\">spln\u011bny<\/td>\n<td>1. Voln\u00fd \u010das v\u011bnuj sportu tenisov\u00e9 turnaje<\/td>\n<td>18.600,- K\u010d<\/td>\n<td>9.500,- K\u010d<\/td>\n<\/tr>\n<tr>\n<td>2. Oprava a \u00fadr\u017eba plochy fotbalov\u00e9ho h\u0159i\u0161t\u011b<\/td>\n<td>80.000,-K\u010d<\/td>\n<td>40.000,- K\u010d<\/td>\n<\/tr>\n<tr>\n<td>T\u011blocvi\u010dn\u00e1 jednota Sokol Hloub\u011bt\u00edn<\/td>\n<td>spln\u011bny<\/td>\n<td>N\u00e1jemn\u00e9 za pou\u017e\u00edv\u00e1n\u00ed t\u011blocvi\u010dny<\/td>\n<td>30.000,- K\u010d<\/td>\n<td>30.000,- K\u010d<\/td>\n<\/tr>\n<tr>\n<td rowspan=\"2\">SK NEPTUN<\/td>\n<td rowspan=\"2\">nespln\u011bny<\/td>\n<td>1. V\u00e1no\u010dn\u00ed cena Prahy<br \/>\n22.ro\u010dn\u00edk mezin\u00e1rodn\u00edch z\u00e1vod\u016f v synchronizovan\u00e9m plav\u00e1n\u00ed<\/td>\n<td>20.000,- K\u010d<\/td>\n<td><\/td>\n<\/tr>\n<tr>\n<td>2. Pron\u00e1jem t\u011blocvi\u010dny a baz\u00e9nu<\/td>\n<td>150 000,- K\u010d<\/td>\n<td><\/td>\n<\/tr>\n<tr>\n<td rowspan=\"5\">T\u011blov\u00fdchovn\u00e1 jednota Kyje<\/td>\n<td rowspan=\"5\">spln\u011bny<\/td>\n<td>1. Sportovn\u00ed den d\u011bt\u00ed a ml\u00e1de\u017ee v r\u00e1mci Mezin\u00e1rodn\u00edho dne d\u011bt\u00ed<\/td>\n<td>5.000,- K\u010d<\/td>\n<td>5.000,- K\u010d<\/td>\n<\/tr>\n<tr>\n<td>2.Zkvalitn\u011bn\u00ed povrchu fotbalov\u00e9ho h\u0159i\u0161t\u011b TJ Kyje<\/td>\n<td>50.000,- K\u010d<\/td>\n<td>30.000,- K\u010d<\/td>\n<\/tr>\n<tr>\n<td>3.Dovybaven\u00ed are\u00e1lu v Hamersk\u00e9 drobn\u00fdm sportovn\u00edm n\u00e1\u010din\u00edm<\/td>\n<td>7.000,- K\u010d<\/td>\n<td>5.000,- K\u010d<\/td>\n<\/tr>\n<tr>\n<td>4.Zpevn\u011bn\u00ed chodn\u00edk\u016f a prostoru u letn\u00edch \u0161aten &#8211; tenisov\u00fd are\u00e1l<\/td>\n<td>30.000,- K\u010d<\/td>\n<td><\/td>\n<\/tr>\n<tr>\n<td>5.\u00daprava povrchu volejbalov\u00fdch kurt\u016f Hamersk\u00e1, dovybaven\u00ed<\/td>\n<td>15.000,- K\u010d<\/td>\n<td>9.500,- K\u010d<\/td>\n<\/tr>\n<tr>\n<td>T\u011blov\u00fdchovn\u00e1 jednota Sokol Jahodnice<\/td>\n<td>spln\u011bny<\/td>\n<td>Dobudov\u00e1n\u00ed sportovn\u00edho are\u00e1lu TJ Sokol Jahodnice<\/td>\n<td>61.600,- K\u010d<\/td>\n<td>30.000,- K\u010d<\/td>\n<\/tr>\n<tr>\n<td>T\u011blov\u00fdchovn\u00e1 jednota \u010cKD Kompresory<\/td>\n<td>spln\u011bny<\/td>\n<td>Pron\u00e1jem t\u011blocvi\u010dny basketbal &#8211; d\u00edvky<\/td>\n<td>30.000,- K\u010d<\/td>\n<td>25.000,- K\u010d<\/td>\n<\/tr>\n<tr>\n<td>Klub a \u0161kola pot\u00e1p\u011b\u010d\u016f AQUABLUES<\/td>\n<td>spln\u011bny<\/td>\n<td>N\u00e1kup kompenz\u00e1tor\u016f vztlaku a pot\u00e1p\u011b\u010dsk\u00fdch lahv\u00ed pro d\u011bti<\/td>\n<td>60.000,- K\u010d<\/td>\n<td>40.000,- K\u010d<\/td>\n<\/tr>\n<tr>\n<td rowspan=\"3\">FC King &#8211; fotbalov\u00fd odd\u00edl<\/td>\n<td rowspan=\"3\">spln\u011bny<\/td>\n<td>1. Halov\u00e1 liga o poh\u00e1r starosty<\/td>\n<td>25.000,- K\u010d<\/td>\n<td>15.000,- K\u010d<\/td>\n<\/tr>\n<tr>\n<td>2. Zimn\u00ed venkovn\u00ed liga<\/td>\n<td>19.500,- K\u010d<\/td>\n<td>10.000,- K\u010d<\/td>\n<\/tr>\n<tr>\n<td>3.Jednodenn\u00ed turnaje konan\u00e9 dne 30. a 31. srpna &#8211; kopan\u00e1<\/td>\n<td>9.000,- K\u010d<\/td>\n<td>9.000,- K\u010d<\/td>\n<\/tr>\n<tr>\n<td rowspan=\"4\">Fit studio D<br \/>\nPaedDr. Dagmar Zitov\u00e1<\/td>\n<td rowspan=\"4\">spln\u011bny<\/td>\n<td>1. Cvi\u010den\u00edm proti drog\u00e1m<\/td>\n<td>4.000,- K\u010d<\/td>\n<td>4.000,- K\u010d<\/td>\n<\/tr>\n<tr>\n<td>2. Pron\u00e1jmy t\u011blocvi\u010den<\/td>\n<td>10.000,- K\u010d<\/td>\n<td>7.000,- K\u010d<\/td>\n<\/tr>\n<tr>\n<td>3. Sportovn\u00ed akce celost\u00e1tn\u00edho v\u00fdznamu &#8211; Sout\u011b\u017en\u00ed Junior Aerobis Master Class<\/td>\n<td>15.000,- K\u010d<\/td>\n<td>10.000,- K\u010d<\/td>\n<\/tr>\n<tr>\n<td>4. Odpoledne s aerobikem pro v\u0161echny &#8211; \u010derven 2003<\/td>\n<td>6.000,- K\u010d<\/td>\n<td>3.000,- K\u010d<\/td>\n<\/tr>\n<tr>\n<td rowspan=\"2\">Jaroslav Pivo\u0148ka<br \/>\ntenisov\u00e1 \u0161kola E.T.M.<\/td>\n<td rowspan=\"2\">spln\u011bny<\/td>\n<td rowspan=\"2\">Pron\u00e1jem t\u011blocvi\u010den a h\u0159i\u0161\u0165<\/td>\n<td>20.000,- K\u010d<\/td>\n<td>10.000,- K\u010d<\/td>\n<\/tr>\n<tr>\n<td>7.000,- K\u010d<\/td>\n<td><\/td>\n<\/tr>\n<tr>\n<td colspan=\"3\">\u00a0<b>\u00a0C<\/b><b>\u00a0E<\/b><b>\u00a0L<\/b><b>\u00a0K<\/b><b>\u00a0E<\/b><b>\u00a0M<\/b><\/td>\n<td><b>820.480,- K\u010d<\/b><\/td>\n<td><b>350.000,- K\u010d<\/b><\/td>\n<\/tr>\n<\/tbody>\n<\/table>\n<p>Schv\u00e1leno usnesen\u00edm Rady M\u010c Praha 14\u00a0\u010d. 206\/RM\u010c\/2003.<\/p>\n","protected":false},"excerpt":{"rendered":"<p>\u017dadatel Podm\u00ednky pro pod\u00e1n\u00ed Stru\u010dn\u00e1 charakteristika Po\u017eadovan\u00e1 \u010d\u00e1stka Doporu\u010deno komis\u00ed Klub orienta\u010dn\u00edho b\u011bhu Tretra Praha \u00a0spln\u011bny V\u00edkendy v p\u0159\u00edrod\u011b lesy v okol\u00ed Prahy 10.000,- K\u010d 10.000,- K\u010d Florbalov\u00fd odd\u00edl p\u0159i Z\u0160 Vyb\u00edralova-Zden\u011bk Holick\u00fd spln\u011bny Jarn\u00ed soust\u0159ed\u011bn\u00ed n\u00e1kup dres\u016f a vybaven\u00ed 50.000,- K\u010d 20.000,- K\u010d Sportovn\u00ed klub Spektrum Praha spln\u011bny 1. Rekonstrukce a opravy kluboven a&#8230;<\/p>\n","protected":false},"author":1,"featured_media":0,"parent":0,"menu_order":0,"comment_status":"closed","ping_status":"open","template":"","meta":{"_acf_changed":false,"footnotes":""},"class_list":["post-227","page","type-page","status-publish","hentry"],"acf":[],"yoast_head":"<!-- This site is optimized with the Yoast SEO plugin v27.2 - https:\/\/yoast.com\/product\/yoast-seo-wordpress\/ -->\n<title>Granty v oblasti sportu a t\u011blov\u00fdchovy v roce 2003 - Samospr\u00e1va \u00daM\u010c Praha 14<\/title>\n<meta name=\"robots\" content=\"index, follow, max-snippet:-1, max-image-preview:large, max-video-preview:-1\" \/>\n<link rel=\"canonical\" href=\"https:\/\/www.praha14.cz\/samosprava\/granty-v-oblasti-sportu-a-telovychovy-v-roce-2003\/\" \/>\n<meta property=\"og:locale\" content=\"cs_CZ\" \/>\n<meta property=\"og:type\" content=\"article\" \/>\n<meta property=\"og:title\" content=\"Granty v oblasti sportu a t\u011blov\u00fdchovy v roce 2003 - Samospr\u00e1va \u00daM\u010c Praha 14\" \/>\n<meta property=\"og:description\" content=\"\u017dadatel Podm\u00ednky pro pod\u00e1n\u00ed Stru\u010dn\u00e1 charakteristika Po\u017eadovan\u00e1 \u010d\u00e1stka Doporu\u010deno komis\u00ed Klub orienta\u010dn\u00edho b\u011bhu Tretra Praha \u00a0spln\u011bny V\u00edkendy v p\u0159\u00edrod\u011b lesy v okol\u00ed Prahy 10.000,- K\u010d 10.000,- K\u010d Florbalov\u00fd odd\u00edl p\u0159i Z\u0160 Vyb\u00edralova-Zden\u011bk Holick\u00fd spln\u011bny Jarn\u00ed soust\u0159ed\u011bn\u00ed n\u00e1kup dres\u016f a vybaven\u00ed 50.000,- K\u010d 20.000,- K\u010d Sportovn\u00ed klub Spektrum Praha spln\u011bny 1. Rekonstrukce a opravy kluboven a...\" \/>\n<meta property=\"og:url\" content=\"https:\/\/www.praha14.cz\/samosprava\/granty-v-oblasti-sportu-a-telovychovy-v-roce-2003\/\" \/>\n<meta property=\"og:site_name\" content=\"Samospr\u00e1va \u00daM\u010c Praha 14\" \/>\n<meta property=\"article:modified_time\" content=\"2023-01-30T07:59:35+00:00\" \/>\n<meta name=\"twitter:card\" content=\"summary_large_image\" \/>\n<meta name=\"twitter:label1\" content=\"Est. reading time\" \/>\n\t<meta name=\"twitter:data1\" content=\"3 minuty\" \/>\n<script type=\"application\/ld+json\" class=\"yoast-schema-graph\">{\"@context\":\"https:\/\/schema.org\",\"@graph\":[{\"@type\":\"WebPage\",\"@id\":\"https:\/\/www.praha14.cz\/samosprava\/granty-v-oblasti-sportu-a-telovychovy-v-roce-2003\/\",\"url\":\"https:\/\/www.praha14.cz\/samosprava\/granty-v-oblasti-sportu-a-telovychovy-v-roce-2003\/\",\"name\":\"Granty v oblasti sportu a t\u011blov\u00fdchovy v roce 2003 - Samospr\u00e1va \u00daM\u010c Praha 14\",\"isPartOf\":{\"@id\":\"https:\/\/www.praha14.cz\/samosprava\/#website\"},\"datePublished\":\"2014-04-16T11:55:13+00:00\",\"dateModified\":\"2023-01-30T07:59:35+00:00\",\"breadcrumb\":{\"@id\":\"https:\/\/www.praha14.cz\/samosprava\/granty-v-oblasti-sportu-a-telovychovy-v-roce-2003\/#breadcrumb\"},\"inLanguage\":\"cs\",\"potentialAction\":[{\"@type\":\"ReadAction\",\"target\":[\"https:\/\/www.praha14.cz\/samosprava\/granty-v-oblasti-sportu-a-telovychovy-v-roce-2003\/\"]}]},{\"@type\":\"BreadcrumbList\",\"@id\":\"https:\/\/www.praha14.cz\/samosprava\/granty-v-oblasti-sportu-a-telovychovy-v-roce-2003\/#breadcrumb\",\"itemListElement\":[{\"@type\":\"ListItem\",\"position\":1,\"name\":\"Samospr\u00e1va \u00daM\u010c Praha 14\",\"item\":\"https:\/\/www.praha14.cz\/samosprava\/\"},{\"@type\":\"ListItem\",\"position\":2,\"name\":\"Granty v oblasti sportu a t\u011blov\u00fdchovy v roce 2003\"}]},{\"@type\":\"WebSite\",\"@id\":\"https:\/\/www.praha14.cz\/samosprava\/#website\",\"url\":\"https:\/\/www.praha14.cz\/samosprava\/\",\"name\":\"Samospr\u00e1va \u00daM\u010c Praha 14\",\"description\":\"Ofici\u00e1ln\u00ed str\u00e1nky Samospr\u00e1vy \u00daM\u010c Praha 14\",\"potentialAction\":[{\"@type\":\"SearchAction\",\"target\":{\"@type\":\"EntryPoint\",\"urlTemplate\":\"https:\/\/www.praha14.cz\/samosprava\/?s={search_term_string}\"},\"query-input\":{\"@type\":\"PropertyValueSpecification\",\"valueRequired\":true,\"valueName\":\"search_term_string\"}}],\"inLanguage\":\"cs\"}]}<\/script>\n<!-- \/ Yoast SEO plugin. -->","yoast_head_json":{"title":"Granty v oblasti sportu a t\u011blov\u00fdchovy v roce 2003 - Samospr\u00e1va \u00daM\u010c Praha 14","robots":{"index":"index","follow":"follow","max-snippet":"max-snippet:-1","max-image-preview":"max-image-preview:large","max-video-preview":"max-video-preview:-1"},"canonical":"https:\/\/www.praha14.cz\/samosprava\/granty-v-oblasti-sportu-a-telovychovy-v-roce-2003\/","og_locale":"cs_CZ","og_type":"article","og_title":"Granty v oblasti sportu a t\u011blov\u00fdchovy v roce 2003 - Samospr\u00e1va \u00daM\u010c Praha 14","og_description":"\u017dadatel Podm\u00ednky pro pod\u00e1n\u00ed Stru\u010dn\u00e1 charakteristika Po\u017eadovan\u00e1 \u010d\u00e1stka Doporu\u010deno komis\u00ed Klub orienta\u010dn\u00edho b\u011bhu Tretra Praha \u00a0spln\u011bny V\u00edkendy v p\u0159\u00edrod\u011b lesy v okol\u00ed Prahy 10.000,- K\u010d 10.000,- K\u010d Florbalov\u00fd odd\u00edl p\u0159i Z\u0160 Vyb\u00edralova-Zden\u011bk Holick\u00fd spln\u011bny Jarn\u00ed soust\u0159ed\u011bn\u00ed n\u00e1kup dres\u016f a vybaven\u00ed 50.000,- K\u010d 20.000,- K\u010d Sportovn\u00ed klub Spektrum Praha spln\u011bny 1. Rekonstrukce a opravy kluboven a...","og_url":"https:\/\/www.praha14.cz\/samosprava\/granty-v-oblasti-sportu-a-telovychovy-v-roce-2003\/","og_site_name":"Samospr\u00e1va \u00daM\u010c Praha 14","article_modified_time":"2023-01-30T07:59:35+00:00","twitter_card":"summary_large_image","twitter_misc":{"Est. reading time":"3 minuty"},"schema":{"@context":"https:\/\/schema.org","@graph":[{"@type":"WebPage","@id":"https:\/\/www.praha14.cz\/samosprava\/granty-v-oblasti-sportu-a-telovychovy-v-roce-2003\/","url":"https:\/\/www.praha14.cz\/samosprava\/granty-v-oblasti-sportu-a-telovychovy-v-roce-2003\/","name":"Granty v oblasti sportu a t\u011blov\u00fdchovy v roce 2003 - Samospr\u00e1va \u00daM\u010c Praha 14","isPartOf":{"@id":"https:\/\/www.praha14.cz\/samosprava\/#website"},"datePublished":"2014-04-16T11:55:13+00:00","dateModified":"2023-01-30T07:59:35+00:00","breadcrumb":{"@id":"https:\/\/www.praha14.cz\/samosprava\/granty-v-oblasti-sportu-a-telovychovy-v-roce-2003\/#breadcrumb"},"inLanguage":"cs","potentialAction":[{"@type":"ReadAction","target":["https:\/\/www.praha14.cz\/samosprava\/granty-v-oblasti-sportu-a-telovychovy-v-roce-2003\/"]}]},{"@type":"BreadcrumbList","@id":"https:\/\/www.praha14.cz\/samosprava\/granty-v-oblasti-sportu-a-telovychovy-v-roce-2003\/#breadcrumb","itemListElement":[{"@type":"ListItem","position":1,"name":"Samospr\u00e1va \u00daM\u010c Praha 14","item":"https:\/\/www.praha14.cz\/samosprava\/"},{"@type":"ListItem","position":2,"name":"Granty v oblasti sportu a t\u011blov\u00fdchovy v roce 2003"}]},{"@type":"WebSite","@id":"https:\/\/www.praha14.cz\/samosprava\/#website","url":"https:\/\/www.praha14.cz\/samosprava\/","name":"Samospr\u00e1va \u00daM\u010c Praha 14","description":"Ofici\u00e1ln\u00ed str\u00e1nky Samospr\u00e1vy \u00daM\u010c Praha 14","potentialAction":[{"@type":"SearchAction","target":{"@type":"EntryPoint","urlTemplate":"https:\/\/www.praha14.cz\/samosprava\/?s={search_term_string}"},"query-input":{"@type":"PropertyValueSpecification","valueRequired":true,"valueName":"search_term_string"}}],"inLanguage":"cs"}]}},"_links":{"self":[{"href":"https:\/\/www.praha14.cz\/samosprava\/wp-json\/wp\/v2\/pages\/227","targetHints":{"allow":["GET"]}}],"collection":[{"href":"https:\/\/www.praha14.cz\/samosprava\/wp-json\/wp\/v2\/pages"}],"about":[{"href":"https:\/\/www.praha14.cz\/samosprava\/wp-json\/wp\/v2\/types\/page"}],"author":[{"embeddable":true,"href":"https:\/\/www.praha14.cz\/samosprava\/wp-json\/wp\/v2\/users\/1"}],"replies":[{"embeddable":true,"href":"https:\/\/www.praha14.cz\/samosprava\/wp-json\/wp\/v2\/comments?post=227"}],"version-history":[{"count":1,"href":"https:\/\/www.praha14.cz\/samosprava\/wp-json\/wp\/v2\/pages\/227\/revisions"}],"predecessor-version":[{"id":44755,"href":"https:\/\/www.praha14.cz\/samosprava\/wp-json\/wp\/v2\/pages\/227\/revisions\/44755"}],"wp:attachment":[{"href":"https:\/\/www.praha14.cz\/samosprava\/wp-json\/wp\/v2\/media?parent=227"}],"curies":[{"name":"wp","href":"https:\/\/api.w.org\/{rel}","templated":true}]}}