{"id":42625,"date":"2019-05-16T11:40:11","date_gmt":"2019-05-16T09:40:11","guid":{"rendered":"https:\/\/www.praha14.cz\/samosprava\/?page_id=42625"},"modified":"2023-03-23T08:22:23","modified_gmt":"2023-03-23T07:22:23","slug":"jednaci-rad-vyboru-a-jejich-statuty","status":"publish","type":"page","link":"https:\/\/www.praha14.cz\/samosprava\/jednaci-rad-vyboru-a-jejich-statuty\/","title":{"rendered":"Jednac\u00ed \u0159\u00e1d v\u00fdbor\u016f a jejich statuty"},"content":{"rendered":"<p>Ke sta\u017een\u00ed:<\/p>\n<ul>\n<li><a href=\"https:\/\/www.praha14.cz\/app\/uploads\/sites\/3\/2023\/03\/JR-vyboru-ZMC.pdf\" target=\"_blank\" rel=\"noopener\">Jednac\u00ed \u0159\u00e1d v\u00fdbor\u016f ZM\u010c Praha 14<\/a><\/li>\n<li><a href=\"https:\/\/www.praha14.cz\/app\/uploads\/sites\/3\/2019\/05\/Statut-FV-ZM\u010c-P-14.pdf\" target=\"_blank\" rel=\"noopener noreferrer\">Statut Finan\u010dn\u00edho v\u00fdboru<\/a><\/li>\n<li><a href=\"https:\/\/www.praha14.cz\/app\/uploads\/sites\/3\/2022\/12\/Statut-Kontrolniho-vyboru.pdf\" target=\"_blank\" rel=\"noopener\">Statut Kontroln\u00edho v\u00fdboru<\/a><\/li>\n<li><a href=\"https:\/\/www.praha14.cz\/app\/uploads\/sites\/3\/2022\/12\/Statut.pdf\" target=\"_blank\" rel=\"noopener\">Statut V\u00fdboru pro z\u00e1le\u017eitosti n\u00e1rodnostn\u00edch men\u0161in a integraci cizinc\u016f<\/a><\/li>\n<\/ul>\n","protected":false},"excerpt":{"rendered":"<p>Ke sta\u017een\u00ed: Jednac\u00ed \u0159\u00e1d v\u00fdbor\u016f ZM\u010c Praha 14 Statut Finan\u010dn\u00edho v\u00fdboru Statut Kontroln\u00edho v\u00fdboru Statut V\u00fdboru pro z\u00e1le\u017eitosti n\u00e1rodnostn\u00edch men\u0161in a integraci cizinc\u016f<\/p>\n","protected":false},"author":6,"featured_media":0,"parent":0,"menu_order":0,"comment_status":"closed","ping_status":"closed","template":"","meta":{"_acf_changed":false,"footnotes":""},"class_list":["post-42625","page","type-page","status-publish","hentry"],"acf":[],"yoast_head":"<!-- This site is optimized with the Yoast SEO plugin v27.2 - https:\/\/yoast.com\/product\/yoast-seo-wordpress\/ -->\n<title>Jednac\u00ed \u0159\u00e1d v\u00fdbor\u016f a jejich statuty - Samospr\u00e1va \u00daM\u010c Praha 14<\/title>\n<meta name=\"robots\" content=\"index, follow, max-snippet:-1, max-image-preview:large, max-video-preview:-1\" \/>\n<link rel=\"canonical\" href=\"https:\/\/www.praha14.cz\/samosprava\/jednaci-rad-vyboru-a-jejich-statuty\/\" \/>\n<meta property=\"og:locale\" content=\"cs_CZ\" \/>\n<meta property=\"og:type\" content=\"article\" \/>\n<meta property=\"og:title\" content=\"Jednac\u00ed \u0159\u00e1d v\u00fdbor\u016f a jejich statuty - Samospr\u00e1va \u00daM\u010c Praha 14\" \/>\n<meta property=\"og:description\" content=\"Ke sta\u017een\u00ed: Jednac\u00ed \u0159\u00e1d v\u00fdbor\u016f ZM\u010c Praha 14 Statut Finan\u010dn\u00edho v\u00fdboru Statut Kontroln\u00edho v\u00fdboru Statut V\u00fdboru pro z\u00e1le\u017eitosti n\u00e1rodnostn\u00edch men\u0161in a integraci cizinc\u016f\" \/>\n<meta property=\"og:url\" content=\"https:\/\/www.praha14.cz\/samosprava\/jednaci-rad-vyboru-a-jejich-statuty\/\" \/>\n<meta property=\"og:site_name\" content=\"Samospr\u00e1va \u00daM\u010c Praha 14\" \/>\n<meta property=\"article:modified_time\" content=\"2023-03-23T07:22:23+00:00\" \/>\n<meta name=\"twitter:card\" content=\"summary_large_image\" \/>\n<meta name=\"twitter:label1\" content=\"Est. reading time\" \/>\n\t<meta name=\"twitter:data1\" content=\"1 minuta\" \/>\n<script type=\"application\/ld+json\" class=\"yoast-schema-graph\">{\"@context\":\"https:\/\/schema.org\",\"@graph\":[{\"@type\":\"WebPage\",\"@id\":\"https:\/\/www.praha14.cz\/samosprava\/jednaci-rad-vyboru-a-jejich-statuty\/\",\"url\":\"https:\/\/www.praha14.cz\/samosprava\/jednaci-rad-vyboru-a-jejich-statuty\/\",\"name\":\"Jednac\u00ed \u0159\u00e1d v\u00fdbor\u016f a jejich statuty - Samospr\u00e1va \u00daM\u010c Praha 14\",\"isPartOf\":{\"@id\":\"https:\/\/www.praha14.cz\/samosprava\/#website\"},\"datePublished\":\"2019-05-16T09:40:11+00:00\",\"dateModified\":\"2023-03-23T07:22:23+00:00\",\"breadcrumb\":{\"@id\":\"https:\/\/www.praha14.cz\/samosprava\/jednaci-rad-vyboru-a-jejich-statuty\/#breadcrumb\"},\"inLanguage\":\"cs\",\"potentialAction\":[{\"@type\":\"ReadAction\",\"target\":[\"https:\/\/www.praha14.cz\/samosprava\/jednaci-rad-vyboru-a-jejich-statuty\/\"]}]},{\"@type\":\"BreadcrumbList\",\"@id\":\"https:\/\/www.praha14.cz\/samosprava\/jednaci-rad-vyboru-a-jejich-statuty\/#breadcrumb\",\"itemListElement\":[{\"@type\":\"ListItem\",\"position\":1,\"name\":\"Samospr\u00e1va \u00daM\u010c Praha 14\",\"item\":\"https:\/\/www.praha14.cz\/samosprava\/\"},{\"@type\":\"ListItem\",\"position\":2,\"name\":\"Jednac\u00ed \u0159\u00e1d v\u00fdbor\u016f a jejich statuty\"}]},{\"@type\":\"WebSite\",\"@id\":\"https:\/\/www.praha14.cz\/samosprava\/#website\",\"url\":\"https:\/\/www.praha14.cz\/samosprava\/\",\"name\":\"Samospr\u00e1va \u00daM\u010c Praha 14\",\"description\":\"Ofici\u00e1ln\u00ed str\u00e1nky Samospr\u00e1vy \u00daM\u010c Praha 14\",\"potentialAction\":[{\"@type\":\"SearchAction\",\"target\":{\"@type\":\"EntryPoint\",\"urlTemplate\":\"https:\/\/www.praha14.cz\/samosprava\/?s={search_term_string}\"},\"query-input\":{\"@type\":\"PropertyValueSpecification\",\"valueRequired\":true,\"valueName\":\"search_term_string\"}}],\"inLanguage\":\"cs\"}]}<\/script>\n<!-- \/ Yoast SEO plugin. -->","yoast_head_json":{"title":"Jednac\u00ed \u0159\u00e1d v\u00fdbor\u016f a jejich statuty - Samospr\u00e1va \u00daM\u010c Praha 14","robots":{"index":"index","follow":"follow","max-snippet":"max-snippet:-1","max-image-preview":"max-image-preview:large","max-video-preview":"max-video-preview:-1"},"canonical":"https:\/\/www.praha14.cz\/samosprava\/jednaci-rad-vyboru-a-jejich-statuty\/","og_locale":"cs_CZ","og_type":"article","og_title":"Jednac\u00ed \u0159\u00e1d v\u00fdbor\u016f a jejich statuty - Samospr\u00e1va \u00daM\u010c Praha 14","og_description":"Ke sta\u017een\u00ed: Jednac\u00ed \u0159\u00e1d v\u00fdbor\u016f ZM\u010c Praha 14 Statut Finan\u010dn\u00edho v\u00fdboru Statut Kontroln\u00edho v\u00fdboru Statut V\u00fdboru pro z\u00e1le\u017eitosti n\u00e1rodnostn\u00edch men\u0161in a integraci cizinc\u016f","og_url":"https:\/\/www.praha14.cz\/samosprava\/jednaci-rad-vyboru-a-jejich-statuty\/","og_site_name":"Samospr\u00e1va \u00daM\u010c Praha 14","article_modified_time":"2023-03-23T07:22:23+00:00","twitter_card":"summary_large_image","twitter_misc":{"Est. reading time":"1 minuta"},"schema":{"@context":"https:\/\/schema.org","@graph":[{"@type":"WebPage","@id":"https:\/\/www.praha14.cz\/samosprava\/jednaci-rad-vyboru-a-jejich-statuty\/","url":"https:\/\/www.praha14.cz\/samosprava\/jednaci-rad-vyboru-a-jejich-statuty\/","name":"Jednac\u00ed \u0159\u00e1d v\u00fdbor\u016f a jejich statuty - Samospr\u00e1va \u00daM\u010c Praha 14","isPartOf":{"@id":"https:\/\/www.praha14.cz\/samosprava\/#website"},"datePublished":"2019-05-16T09:40:11+00:00","dateModified":"2023-03-23T07:22:23+00:00","breadcrumb":{"@id":"https:\/\/www.praha14.cz\/samosprava\/jednaci-rad-vyboru-a-jejich-statuty\/#breadcrumb"},"inLanguage":"cs","potentialAction":[{"@type":"ReadAction","target":["https:\/\/www.praha14.cz\/samosprava\/jednaci-rad-vyboru-a-jejich-statuty\/"]}]},{"@type":"BreadcrumbList","@id":"https:\/\/www.praha14.cz\/samosprava\/jednaci-rad-vyboru-a-jejich-statuty\/#breadcrumb","itemListElement":[{"@type":"ListItem","position":1,"name":"Samospr\u00e1va \u00daM\u010c Praha 14","item":"https:\/\/www.praha14.cz\/samosprava\/"},{"@type":"ListItem","position":2,"name":"Jednac\u00ed \u0159\u00e1d v\u00fdbor\u016f a jejich statuty"}]},{"@type":"WebSite","@id":"https:\/\/www.praha14.cz\/samosprava\/#website","url":"https:\/\/www.praha14.cz\/samosprava\/","name":"Samospr\u00e1va \u00daM\u010c Praha 14","description":"Ofici\u00e1ln\u00ed str\u00e1nky Samospr\u00e1vy \u00daM\u010c Praha 14","potentialAction":[{"@type":"SearchAction","target":{"@type":"EntryPoint","urlTemplate":"https:\/\/www.praha14.cz\/samosprava\/?s={search_term_string}"},"query-input":{"@type":"PropertyValueSpecification","valueRequired":true,"valueName":"search_term_string"}}],"inLanguage":"cs"}]}},"_links":{"self":[{"href":"https:\/\/www.praha14.cz\/samosprava\/wp-json\/wp\/v2\/pages\/42625","targetHints":{"allow":["GET"]}}],"collection":[{"href":"https:\/\/www.praha14.cz\/samosprava\/wp-json\/wp\/v2\/pages"}],"about":[{"href":"https:\/\/www.praha14.cz\/samosprava\/wp-json\/wp\/v2\/types\/page"}],"author":[{"embeddable":true,"href":"https:\/\/www.praha14.cz\/samosprava\/wp-json\/wp\/v2\/users\/6"}],"replies":[{"embeddable":true,"href":"https:\/\/www.praha14.cz\/samosprava\/wp-json\/wp\/v2\/comments?post=42625"}],"version-history":[{"count":7,"href":"https:\/\/www.praha14.cz\/samosprava\/wp-json\/wp\/v2\/pages\/42625\/revisions"}],"predecessor-version":[{"id":45612,"href":"https:\/\/www.praha14.cz\/samosprava\/wp-json\/wp\/v2\/pages\/42625\/revisions\/45612"}],"wp:attachment":[{"href":"https:\/\/www.praha14.cz\/samosprava\/wp-json\/wp\/v2\/media?parent=42625"}],"curies":[{"name":"wp","href":"https:\/\/api.w.org\/{rel}","templated":true}]}}