{"id":27807,"date":"2014-06-18T08:18:27","date_gmt":"2014-06-18T07:18:27","guid":{"rendered":"\/urad-mestske-casti\/?page_id=27807"},"modified":"2026-03-09T12:40:24","modified_gmt":"2026-03-09T11:40:24","slug":"program-a-projekt-podpory-zs","status":"publish","type":"page","link":"https:\/\/www.praha14.cz\/urad-mestske-casti\/hledam-informaci\/skolstvi\/program-a-projekt-podpory-zs\/","title":{"rendered":"Programy podpory prevence rizikov\u00e9ho chov\u00e1n\u00ed na mate\u0159sk\u00fdch a z\u00e1kladn\u00edch \u0161kol\u00e1ch 2026"},"content":{"rendered":"<section class=\"p14-panel-group\"><div id=\"panel_group_1\" class=\"panel-group\"><article class=\"panel panel-default\">\n\t\t\t<div class=\"panel-heading\">\n\t\t\t\t<h1 class=\"panel-title\">\n\t\t\t\t\t<a data-toggle=\"collapse\" data-parent=\"#panel_group_1\" href=\"#panel_1_1\" class=\"collapsed\">\n\t\t\t\t\t\tProgram podpory interven\u010dn\u00edch program\u016f na mate\u0159sk\u00fdch a z\u00e1kladn\u00edch \u0161kol\u00e1ch 2026\n\t\t\t\t\t<\/a>\n\t\t\t\t<\/h1>\n\t\t\t<\/div>\n\t\t\t<div id=\"panel_1_1\" class=\"panel-collapse collapse\">\n\t\t\t\t<div class=\"panel-body\">\n\t\t\t\t\t<\/p>\n<p>Z\u00e1m\u011brem tohoto projektu je podpo\u0159it realizaci interven\u010dn\u00edch program\u016f na <strong>mate\u0159sk\u00fdch \u0161kol\u00e1ch a z\u00e1kladn\u00edch \u0161kol\u00e1ch z\u0159\u00edzen\u00fdch m\u011bstskou \u010d\u00e1st\u00ed Praha 14 (d\u00e1le tak\u00e9 \u201eM\u0160\u201c nebo \u201emate\u0159sk\u00e1 \u0161kola\u201c, \u201eZ\u0160\u201c nebo \u201ez\u00e1kladn\u00ed \u0161kola\u201c)<\/strong>. Na Z\u0160 d\u00e1le v\u00a0n\u00e1vaznosti prob\u00edhaj\u00ed programy prim\u00e1rn\u00ed prevence rizikov\u00e9ho chov\u00e1n\u00ed realizovan\u00e9 organizac\u00ed Proxima Sociale o.p.s. Projekt podpory interven\u010dn\u00edch program\u016f je realizov\u00e1n od r. 2012 a je vhodn\u00fdm dopl\u0148kem selektivn\u00ed \u0161koln\u00ed prevence, kter\u00e1 je zam\u011b\u0159ena na skupiny d\u011bt\u00ed a ml\u00e1de\u017ee se zv\u00fd\u0161en\u00fdm rizikem v\u00fdskytu rizikov\u00e9ho chov\u00e1n\u00ed, k v\u0161eobecn\u00e9 prim\u00e1rn\u00ed prevenci, nebo\u0165 pru\u017en\u011b reaguje na pot\u0159ebu pracovat s t\u0159\u00eddn\u00edmi kolektivy v situac\u00edch, kter\u00e9 nelze pokr\u00fdt v r\u00e1mci dlouhodob\u00e9ho programu prim\u00e1rn\u00ed prevence.<\/p>\n<p>Na\u0161\u00edm c\u00edlem je pod\u00edlet se spolu s u\u010diteli a metodiky \u0161koln\u00ed prevence na \u0159e\u0161en\u00ed problematick\u00fdch situac\u00ed ve t\u0159\u00edd\u00e1ch, p\u0159edch\u00e1zet vzniku soci\u00e1ln\u011b rizikov\u00fdch jev\u016f, zvy\u0161ovat pozitivn\u00ed klima v t\u0159\u00eddn\u00edch kolektivech a rozv\u00edjet schopnost d\u011bt\u00ed navazovat p\u0159\u00e1telsk\u00e9 vztahy s\u00a0vrstevn\u00edky.<\/p>\n<p>M\u011bstsk\u00e1 \u010d\u00e1st Praha 14 (d\u00e1le tak\u00e9 \u201eM\u010c Praha 14\u201c) prost\u0159ednictv\u00edm tohoto projektu p\u0159i spln\u011bn\u00ed stanoven\u00fdch podm\u00ednek podporuje a p\u0159\u00edmo financuje realizaci interven\u010dn\u00edch program\u016f na z\u00e1kladn\u00edch \u0161kol\u00e1ch z\u0159izovan\u00fdch M\u010c Praha 14. Interven\u010dn\u00ed programy jsou ur\u010den\u00e9 t\u0159\u00eddn\u00edm kolektiv\u016fm, d\u016fraz je kladen na pr\u00e1ci se t\u0159\u00eddou jako \u010d\u00e1st\u00ed syst\u00e9mu \u0161koln\u00ed instituce a na spolupr\u00e1ci s pedagogy.<\/p>\n<ul>\n<li><a href=\"https:\/\/www.praha14.cz\/app\/uploads\/sites\/2\/2026\/03\/Program-podpory-intervencnich-programu-na-MS-a-ZS-pro-rok-2026.pdf\">Program podpory interven\u010dn\u00edch program\u016f na M\u0160 a Z\u0160 pro rok 2026<\/a><\/li>\n<li><a href=\"https:\/\/www.praha14.cz\/app\/uploads\/sites\/2\/2026\/03\/Zprava-o-realizaci-intervencniho-programu_realizator_2026.docx\" target=\"_blank\" rel=\"noopener\">Zpr\u00e1va o realizaci interven\u010dn\u00edho programu_realiz\u00e1tor_2026<\/a><\/li>\n<li><a href=\"https:\/\/www.praha14.cz\/app\/uploads\/sites\/2\/2026\/03\/Zprava-o-realizaci-intervencniho-programu_skola_2026.docx\" target=\"_blank\" rel=\"noopener\">Zpr\u00e1va o realizaci interven\u010dn\u00edho programu_\u0161kola_2026<\/a><\/li>\n<li><a href=\"https:\/\/www.praha14.cz\/app\/uploads\/sites\/2\/2026\/03\/Zadost-o-podporu-intervencniho-programu-2026.docx\" target=\"_blank\" rel=\"noopener\">\u017d\u00e1dost o podporu interven\u010dn\u00edho programu 2026<\/a><\/li>\n<\/ul>\n<p>\n\t\t\t\t<\/div>\n\t\t\t<\/div>\n\t\t<\/article><article class=\"panel panel-default\">\n\t\t\t<div class=\"panel-heading\">\n\t\t\t\t<h1 class=\"panel-title\">\n\t\t\t\t\t<a data-toggle=\"collapse\" data-parent=\"#panel_group_1\" href=\"#panel_1_2\" class=\"collapsed\">\n\t\t\t\t\t\tProgram podpory adapta\u010dn\u00edch v\u00fdjezd\u016f na z\u00e1kladn\u00edch \u0161kol\u00e1ch 2026\n\t\t\t\t\t<\/a>\n\t\t\t\t<\/h1>\n\t\t\t<\/div>\n\t\t\t<div id=\"panel_1_2\" class=\"panel-collapse collapse\">\n\t\t\t\t<div class=\"panel-body\">\n\t\t\t\t\t<\/p>\n<p>Z\u00e1m\u011brem tohoto programu je podpora z\u00e1kladn\u00edch \u0161kol, z\u0159\u00edzen\u00fdch m\u011bstskou \u010d\u00e1st\u00ed Praha 14 (d\u00e1le tak\u00e9 \u201eZ\u0160\u201c nebo \u201ez\u00e1kladn\u00ed \u0161kola\u201c) v\u00a0realizaci <strong>adapta\u010dn\u00edch v\u00fdjezd\u016f uskute\u010dn\u011bn\u00fdch mimo \u0161kolu<\/strong>. Podporov\u00e1ny budou aktivity realizovan\u00e9 pro nov\u011b vznikl\u00e9 t\u0159\u00eddn\u00ed kolektivy 6. ro\u010dn\u00edk\u016f Z\u0160, kter\u00e9 budou uskute\u010dn\u011bny na po\u010d\u00e1tku \u0161koln\u00edho roku 2025\/2026 v m\u011bs\u00edc\u00edch z\u00e1\u0159\u00ed a\u017e listopad.<\/p>\n<p>M\u011bstsk\u00e1 \u010d\u00e1st Praha 14 (d\u00e1le tak\u00e9 \u201eM\u010c Praha 14\u201c) prost\u0159ednictv\u00edm tohoto projektu p\u0159i spln\u011bn\u00ed stanoven\u00fdch podm\u00ednek podporuje a p\u0159\u00edmo financuje realizaci adapta\u010dn\u00edch pobyt\u016f na z\u00e1kladn\u00edch \u0161kol\u00e1ch z\u0159izovan\u00fdch M\u010c Praha 14. Adapta\u010dn\u00ed programy jsou tematicky orientovan\u00e9 v\u00fdjezdy, kter\u00e9 kladou d\u016fraz na pr\u00e1ci s t\u0159\u00eddou z hlediska sebepozn\u00e1v\u00e1n\u00ed a zlep\u0161ov\u00e1n\u00ed vztah\u016f v t\u0159\u00eddn\u00edch kolektivech.<\/p>\n<ul>\n<li><a href=\"https:\/\/www.praha14.cz\/app\/uploads\/sites\/2\/2026\/03\/Program-podpory-adaptacnich-vyjezdu-na-zakladnich-skolach-2026-zneni-podminek.pdf\" target=\"_blank\" rel=\"noopener\">Program podpory adapta\u010dn\u00edch v\u00fdjezd\u016f na z\u00e1kladn\u00edch \u0161kol\u00e1ch 2026- zn\u011bn\u00ed podm\u00ednek<\/a><\/li>\n<li><a href=\"https:\/\/www.praha14.cz\/app\/uploads\/sites\/2\/2026\/03\/Zprava-o-realizaci-adaptacniho-vyjezdu-2026.docx\" target=\"_blank\" rel=\"noopener\">Zpr\u00e1va o realizaci adapta\u010dn\u00edho v\u00fdjezdu 2026<\/a><\/li>\n<li><a href=\"https:\/\/www.praha14.cz\/app\/uploads\/sites\/2\/2026\/03\/Zadost-o-Program-podpory-adaptacnich-vyjezdu-na-zakladnich-skolach-2026.docx\" target=\"_blank\" rel=\"noopener\">\u017d\u00e1dost o Program podpory adapta\u010dn\u00edch v\u00fdjezd\u016f na z\u00e1kladn\u00edch \u0161kol\u00e1ch 2026<\/a><\/li>\n<\/ul>\n<p>\n\t\t\t\t<\/div>\n\t\t\t<\/div>\n\t\t<\/article><article class=\"panel panel-default\">\n\t\t\t<div class=\"panel-heading\">\n\t\t\t\t<h1 class=\"panel-title\">\n\t\t\t\t\t<a data-toggle=\"collapse\" data-parent=\"#panel_group_1\" href=\"#panel_1_3\" class=\"collapsed\">\n\t\t\t\t\t\tProgram podpory superviz\u00ed pro pedagogick\u00e9 pracovn\u00edky 2026\n\t\t\t\t\t<\/a>\n\t\t\t\t<\/h1>\n\t\t\t<\/div>\n\t\t\t<div id=\"panel_1_3\" class=\"panel-collapse collapse\">\n\t\t\t\t<div class=\"panel-body\">\n\t\t\t\t\t<\/p>\n<p>O vyhl\u00e1\u0161en\u00ed zat\u00edm nebylo rozhodnuto. \u010cek\u00e1me na stanovisko Magistr\u00e1tu hl. m. Prahy.<\/p>\n<p>\n\t\t\t\t<\/div>\n\t\t\t<\/div>\n\t\t<\/article><article class=\"panel panel-default\">\n\t\t\t<div class=\"panel-heading\">\n\t\t\t\t<h1 class=\"panel-title\">\n\t\t\t\t\t<a data-toggle=\"collapse\" data-parent=\"#panel_group_1\" href=\"#panel_1_4\" class=\"collapsed\">\n\t\t\t\t\t\tProgram podpory vzd\u011bl\u00e1v\u00e1n\u00ed pedagogick\u00fdch pracovn\u00edk\u016f v oblasti prim\u00e1rn\u00ed prevence a du\u0161evn\u00edho zdrav\u00ed 2026\n\t\t\t\t\t<\/a>\n\t\t\t\t<\/h1>\n\t\t\t<\/div>\n\t\t\t<div id=\"panel_1_4\" class=\"panel-collapse collapse\">\n\t\t\t\t<div class=\"panel-body\">\n\t\t\t\t\t<\/p>\n<p>O vyhl\u00e1\u0161en\u00ed zat\u00edm nebylo rozhodnuto. \u010cek\u00e1me na stanovisko Magistr\u00e1tu hl. m. Prahy.<\/p>\n<p>\n\t\t\t\t<\/div>\n\t\t\t<\/div>\n\t\t<\/article><\/div><\/section>\n","protected":false},"excerpt":{"rendered":"","protected":false},"author":1,"featured_media":0,"parent":27840,"menu_order":0,"comment_status":"closed","ping_status":"closed","template":"","meta":{"_acf_changed":false,"footnotes":""},"class_list":["post-27807","page","type-page","status-publish","hentry"],"acf":[],"yoast_head":"<!-- This site is optimized with the Yoast SEO plugin v27.2 - https:\/\/yoast.com\/product\/yoast-seo-wordpress\/ -->\n<title>Programy podpory prevence rizikov\u00e9ho chov\u00e1n\u00ed na mate\u0159sk\u00fdch a z\u00e1kladn\u00edch \u0161kol\u00e1ch 2026 - \u00daM\u010c P14<\/title>\n<meta name=\"robots\" content=\"index, follow, max-snippet:-1, max-image-preview:large, max-video-preview:-1\" \/>\n<link rel=\"canonical\" href=\"https:\/\/www.praha14.cz\/urad-mestske-casti\/hledam-informaci\/skolstvi\/program-a-projekt-podpory-zs\/\" \/>\n<meta property=\"og:locale\" content=\"cs_CZ\" \/>\n<meta property=\"og:type\" content=\"article\" \/>\n<meta property=\"og:title\" content=\"Programy podpory prevence rizikov\u00e9ho chov\u00e1n\u00ed na mate\u0159sk\u00fdch a z\u00e1kladn\u00edch \u0161kol\u00e1ch 2026 - \u00daM\u010c P14\" \/>\n<meta property=\"og:url\" content=\"https:\/\/www.praha14.cz\/urad-mestske-casti\/hledam-informaci\/skolstvi\/program-a-projekt-podpory-zs\/\" \/>\n<meta property=\"og:site_name\" content=\"\u00daM\u010c P14\" \/>\n<meta property=\"article:modified_time\" content=\"2026-03-09T11:40:24+00:00\" \/>\n<meta name=\"twitter:card\" content=\"summary_large_image\" \/>\n<meta name=\"twitter:label1\" content=\"Est. reading time\" \/>\n\t<meta name=\"twitter:data1\" content=\"3 minuty\" \/>\n<script type=\"application\/ld+json\" class=\"yoast-schema-graph\">{\"@context\":\"https:\/\/schema.org\",\"@graph\":[{\"@type\":\"WebPage\",\"@id\":\"https:\/\/www.praha14.cz\/urad-mestske-casti\/hledam-informaci\/skolstvi\/program-a-projekt-podpory-zs\/\",\"url\":\"https:\/\/www.praha14.cz\/urad-mestske-casti\/hledam-informaci\/skolstvi\/program-a-projekt-podpory-zs\/\",\"name\":\"Programy podpory prevence rizikov\u00e9ho chov\u00e1n\u00ed na mate\u0159sk\u00fdch a z\u00e1kladn\u00edch \u0161kol\u00e1ch 2026 - \u00daM\u010c P14\",\"isPartOf\":{\"@id\":\"https:\/\/www.praha14.cz\/urad-mestske-casti\/#website\"},\"datePublished\":\"2014-06-18T07:18:27+00:00\",\"dateModified\":\"2026-03-09T11:40:24+00:00\",\"breadcrumb\":{\"@id\":\"https:\/\/www.praha14.cz\/urad-mestske-casti\/hledam-informaci\/skolstvi\/program-a-projekt-podpory-zs\/#breadcrumb\"},\"inLanguage\":\"cs\",\"potentialAction\":[{\"@type\":\"ReadAction\",\"target\":[\"https:\/\/www.praha14.cz\/urad-mestske-casti\/hledam-informaci\/skolstvi\/program-a-projekt-podpory-zs\/\"]}]},{\"@type\":\"BreadcrumbList\",\"@id\":\"https:\/\/www.praha14.cz\/urad-mestske-casti\/hledam-informaci\/skolstvi\/program-a-projekt-podpory-zs\/#breadcrumb\",\"itemListElement\":[{\"@type\":\"ListItem\",\"position\":1,\"name\":\"\u00da\u0159ad m\u011bstsk\u00e9 \u010d\u00e1sti Praha 14\",\"item\":\"https:\/\/www.praha14.cz\/urad-mestske-casti\/\"},{\"@type\":\"ListItem\",\"position\":2,\"name\":\"Hled\u00e1m informaci\",\"item\":\"https:\/\/www.praha14.cz\/urad-mestske-casti\/hledam-informaci\/\"},{\"@type\":\"ListItem\",\"position\":3,\"name\":\"\u0160kolstv\u00ed\",\"item\":\"https:\/\/www.praha14.cz\/urad-mestske-casti\/hledam-informaci\/skolstvi\/\"},{\"@type\":\"ListItem\",\"position\":4,\"name\":\"Programy podpory prevence rizikov\u00e9ho chov\u00e1n\u00ed na mate\u0159sk\u00fdch a z\u00e1kladn\u00edch \u0161kol\u00e1ch 2026\"}]},{\"@type\":\"WebSite\",\"@id\":\"https:\/\/www.praha14.cz\/urad-mestske-casti\/#website\",\"url\":\"https:\/\/www.praha14.cz\/urad-mestske-casti\/\",\"name\":\"\u00daM\u010c P14\",\"description\":\"Ofici\u00e1ln\u00ed str\u00e1nky m\u011bstsk\u00e9 \u010d\u00e1sti Praha 14\",\"potentialAction\":[{\"@type\":\"SearchAction\",\"target\":{\"@type\":\"EntryPoint\",\"urlTemplate\":\"https:\/\/www.praha14.cz\/urad-mestske-casti\/?s={search_term_string}\"},\"query-input\":{\"@type\":\"PropertyValueSpecification\",\"valueRequired\":true,\"valueName\":\"search_term_string\"}}],\"inLanguage\":\"cs\"}]}<\/script>\n<!-- \/ Yoast SEO plugin. -->","yoast_head_json":{"title":"Programy podpory prevence rizikov\u00e9ho chov\u00e1n\u00ed na mate\u0159sk\u00fdch a z\u00e1kladn\u00edch \u0161kol\u00e1ch 2026 - \u00daM\u010c P14","robots":{"index":"index","follow":"follow","max-snippet":"max-snippet:-1","max-image-preview":"max-image-preview:large","max-video-preview":"max-video-preview:-1"},"canonical":"https:\/\/www.praha14.cz\/urad-mestske-casti\/hledam-informaci\/skolstvi\/program-a-projekt-podpory-zs\/","og_locale":"cs_CZ","og_type":"article","og_title":"Programy podpory prevence rizikov\u00e9ho chov\u00e1n\u00ed na mate\u0159sk\u00fdch a z\u00e1kladn\u00edch \u0161kol\u00e1ch 2026 - \u00daM\u010c P14","og_url":"https:\/\/www.praha14.cz\/urad-mestske-casti\/hledam-informaci\/skolstvi\/program-a-projekt-podpory-zs\/","og_site_name":"\u00daM\u010c P14","article_modified_time":"2026-03-09T11:40:24+00:00","twitter_card":"summary_large_image","twitter_misc":{"Est. reading time":"3 minuty"},"schema":{"@context":"https:\/\/schema.org","@graph":[{"@type":"WebPage","@id":"https:\/\/www.praha14.cz\/urad-mestske-casti\/hledam-informaci\/skolstvi\/program-a-projekt-podpory-zs\/","url":"https:\/\/www.praha14.cz\/urad-mestske-casti\/hledam-informaci\/skolstvi\/program-a-projekt-podpory-zs\/","name":"Programy podpory prevence rizikov\u00e9ho chov\u00e1n\u00ed na mate\u0159sk\u00fdch a z\u00e1kladn\u00edch \u0161kol\u00e1ch 2026 - \u00daM\u010c P14","isPartOf":{"@id":"https:\/\/www.praha14.cz\/urad-mestske-casti\/#website"},"datePublished":"2014-06-18T07:18:27+00:00","dateModified":"2026-03-09T11:40:24+00:00","breadcrumb":{"@id":"https:\/\/www.praha14.cz\/urad-mestske-casti\/hledam-informaci\/skolstvi\/program-a-projekt-podpory-zs\/#breadcrumb"},"inLanguage":"cs","potentialAction":[{"@type":"ReadAction","target":["https:\/\/www.praha14.cz\/urad-mestske-casti\/hledam-informaci\/skolstvi\/program-a-projekt-podpory-zs\/"]}]},{"@type":"BreadcrumbList","@id":"https:\/\/www.praha14.cz\/urad-mestske-casti\/hledam-informaci\/skolstvi\/program-a-projekt-podpory-zs\/#breadcrumb","itemListElement":[{"@type":"ListItem","position":1,"name":"\u00da\u0159ad m\u011bstsk\u00e9 \u010d\u00e1sti Praha 14","item":"https:\/\/www.praha14.cz\/urad-mestske-casti\/"},{"@type":"ListItem","position":2,"name":"Hled\u00e1m informaci","item":"https:\/\/www.praha14.cz\/urad-mestske-casti\/hledam-informaci\/"},{"@type":"ListItem","position":3,"name":"\u0160kolstv\u00ed","item":"https:\/\/www.praha14.cz\/urad-mestske-casti\/hledam-informaci\/skolstvi\/"},{"@type":"ListItem","position":4,"name":"Programy podpory prevence rizikov\u00e9ho chov\u00e1n\u00ed na mate\u0159sk\u00fdch a z\u00e1kladn\u00edch \u0161kol\u00e1ch 2026"}]},{"@type":"WebSite","@id":"https:\/\/www.praha14.cz\/urad-mestske-casti\/#website","url":"https:\/\/www.praha14.cz\/urad-mestske-casti\/","name":"\u00daM\u010c P14","description":"Ofici\u00e1ln\u00ed str\u00e1nky m\u011bstsk\u00e9 \u010d\u00e1sti Praha 14","potentialAction":[{"@type":"SearchAction","target":{"@type":"EntryPoint","urlTemplate":"https:\/\/www.praha14.cz\/urad-mestske-casti\/?s={search_term_string}"},"query-input":{"@type":"PropertyValueSpecification","valueRequired":true,"valueName":"search_term_string"}}],"inLanguage":"cs"}]}},"_links":{"self":[{"href":"https:\/\/www.praha14.cz\/urad-mestske-casti\/wp-json\/wp\/v2\/pages\/27807","targetHints":{"allow":["GET"]}}],"collection":[{"href":"https:\/\/www.praha14.cz\/urad-mestske-casti\/wp-json\/wp\/v2\/pages"}],"about":[{"href":"https:\/\/www.praha14.cz\/urad-mestske-casti\/wp-json\/wp\/v2\/types\/page"}],"author":[{"embeddable":true,"href":"https:\/\/www.praha14.cz\/urad-mestske-casti\/wp-json\/wp\/v2\/users\/1"}],"replies":[{"embeddable":true,"href":"https:\/\/www.praha14.cz\/urad-mestske-casti\/wp-json\/wp\/v2\/comments?post=27807"}],"version-history":[{"count":12,"href":"https:\/\/www.praha14.cz\/urad-mestske-casti\/wp-json\/wp\/v2\/pages\/27807\/revisions"}],"predecessor-version":[{"id":54643,"href":"https:\/\/www.praha14.cz\/urad-mestske-casti\/wp-json\/wp\/v2\/pages\/27807\/revisions\/54643"}],"up":[{"embeddable":true,"href":"https:\/\/www.praha14.cz\/urad-mestske-casti\/wp-json\/wp\/v2\/pages\/27840"}],"wp:attachment":[{"href":"https:\/\/www.praha14.cz\/urad-mestske-casti\/wp-json\/wp\/v2\/media?parent=27807"}],"curies":[{"name":"wp","href":"https:\/\/api.w.org\/{rel}","templated":true}]}}