{"id":286,"date":"2014-04-14T14:18:49","date_gmt":"2014-04-14T13:18:49","guid":{"rendered":"\/urad-mestske-casti\/?page_id=286"},"modified":"2023-01-30T10:31:50","modified_gmt":"2023-01-30T09:31:50","slug":"286-2","status":"publish","type":"page","link":"https:\/\/www.praha14.cz\/urad-mestske-casti\/286-2\/","title":{"rendered":"\u00daprava podm\u00ednek pr\u00e1va svobodn\u00e9ho p\u0159\u00edstupu k informac\u00edm"},"content":{"rendered":"<ul>\n<li><strong>N\u00e1zev:<\/strong> \u00daprava podm\u00ednek pr\u00e1va svobodn\u00e9ho p\u0159\u00edstupu k informac\u00edm<\/li>\n<li><strong>Identifika\u010dn\u00ed ozna\u010den\u00ed:<\/strong> <strong><strong>QI 42-02-04 V02R08<\/strong><\/strong><\/li>\n<li><strong>Platnost:<\/strong> Ano<\/li>\n<li><strong>Platnost od:<\/strong> 25. 1. 2022<\/li>\n<li><strong>Platnost do:<\/strong><\/li>\n<li><strong>Garant: <\/strong>Mgr. Robin L\u00e9dl, vedouc\u00ed OPK\u010c<\/li>\n<li><strong>Jm\u00e9no:<\/strong><\/li>\n<li><strong>Oblast:<\/strong> osobn\u00ed \u00fadaje a poskytov\u00e1n\u00ed informac\u00ed<\/li>\n<li><strong>Schv\u00e1lil:<\/strong> Usnesen\u00ed \u010d. 39\/RM\u010c\/2022<\/li>\n<li><strong>Cel\u00fd text sm\u011brnice:<\/strong> <a href=\"https:\/\/www.praha14.cz\/app\/uploads\/sites\/2\/2022\/04\/QI-42-02-04.pdf\" target=\"_blank\" rel=\"noopener\">QI 42-02-04<\/a><\/li>\n<\/ul>\n","protected":false},"excerpt":{"rendered":"<p>N\u00e1zev: \u00daprava podm\u00ednek pr\u00e1va svobodn\u00e9ho p\u0159\u00edstupu k informac\u00edm Identifika\u010dn\u00ed ozna\u010den\u00ed: QI 42-02-04 V02R08 Platnost: Ano Platnost od: 25. 1. 2022 Platnost do: Garant: Mgr. Robin L\u00e9dl, vedouc\u00ed OPK\u010c Jm\u00e9no: Oblast: osobn\u00ed \u00fadaje a poskytov\u00e1n\u00ed informac\u00ed Schv\u00e1lil: Usnesen\u00ed \u010d. 39\/RM\u010c\/2022 Cel\u00fd text sm\u011brnice: QI 42-02-04<\/p>\n","protected":false},"author":1,"featured_media":0,"parent":0,"menu_order":0,"comment_status":"closed","ping_status":"open","template":"","meta":{"_acf_changed":false,"footnotes":""},"class_list":["post-286","page","type-page","status-publish","hentry"],"acf":[],"yoast_head":"<!-- This site is optimized with the Yoast SEO plugin v27.2 - https:\/\/yoast.com\/product\/yoast-seo-wordpress\/ -->\n<title>\u00daprava podm\u00ednek pr\u00e1va svobodn\u00e9ho p\u0159\u00edstupu k informac\u00edm - \u00daM\u010c P14<\/title>\n<meta name=\"robots\" content=\"index, follow, max-snippet:-1, max-image-preview:large, max-video-preview:-1\" \/>\n<link rel=\"canonical\" href=\"https:\/\/www.praha14.cz\/urad-mestske-casti\/286-2\/\" \/>\n<meta property=\"og:locale\" content=\"cs_CZ\" \/>\n<meta property=\"og:type\" content=\"article\" \/>\n<meta property=\"og:title\" content=\"\u00daprava podm\u00ednek pr\u00e1va svobodn\u00e9ho p\u0159\u00edstupu k informac\u00edm - \u00daM\u010c P14\" \/>\n<meta property=\"og:description\" content=\"N\u00e1zev: \u00daprava podm\u00ednek pr\u00e1va svobodn\u00e9ho p\u0159\u00edstupu k informac\u00edm Identifika\u010dn\u00ed ozna\u010den\u00ed: QI 42-02-04 V02R08 Platnost: Ano Platnost od: 25. 1. 2022 Platnost do: Garant: Mgr. Robin L\u00e9dl, vedouc\u00ed OPK\u010c Jm\u00e9no: Oblast: osobn\u00ed \u00fadaje a poskytov\u00e1n\u00ed informac\u00ed Schv\u00e1lil: Usnesen\u00ed \u010d. 39\/RM\u010c\/2022 Cel\u00fd text sm\u011brnice: QI 42-02-04\" \/>\n<meta property=\"og:url\" content=\"https:\/\/www.praha14.cz\/urad-mestske-casti\/286-2\/\" \/>\n<meta property=\"og:site_name\" content=\"\u00daM\u010c P14\" \/>\n<meta property=\"article:modified_time\" content=\"2023-01-30T09:31:50+00:00\" \/>\n<meta name=\"twitter:card\" content=\"summary_large_image\" \/>\n<meta name=\"twitter:label1\" content=\"Est. reading time\" \/>\n\t<meta name=\"twitter:data1\" content=\"1 minuta\" \/>\n<script type=\"application\/ld+json\" class=\"yoast-schema-graph\">{\"@context\":\"https:\/\/schema.org\",\"@graph\":[{\"@type\":\"WebPage\",\"@id\":\"https:\/\/www.praha14.cz\/urad-mestske-casti\/286-2\/\",\"url\":\"https:\/\/www.praha14.cz\/urad-mestske-casti\/286-2\/\",\"name\":\"\u00daprava podm\u00ednek pr\u00e1va svobodn\u00e9ho p\u0159\u00edstupu k informac\u00edm - \u00daM\u010c P14\",\"isPartOf\":{\"@id\":\"https:\/\/www.praha14.cz\/urad-mestske-casti\/#website\"},\"datePublished\":\"2014-04-14T13:18:49+00:00\",\"dateModified\":\"2023-01-30T09:31:50+00:00\",\"breadcrumb\":{\"@id\":\"https:\/\/www.praha14.cz\/urad-mestske-casti\/286-2\/#breadcrumb\"},\"inLanguage\":\"cs\",\"potentialAction\":[{\"@type\":\"ReadAction\",\"target\":[\"https:\/\/www.praha14.cz\/urad-mestske-casti\/286-2\/\"]}]},{\"@type\":\"BreadcrumbList\",\"@id\":\"https:\/\/www.praha14.cz\/urad-mestske-casti\/286-2\/#breadcrumb\",\"itemListElement\":[{\"@type\":\"ListItem\",\"position\":1,\"name\":\"\u00da\u0159ad m\u011bstsk\u00e9 \u010d\u00e1sti Praha 14\",\"item\":\"https:\/\/www.praha14.cz\/urad-mestske-casti\/\"},{\"@type\":\"ListItem\",\"position\":2,\"name\":\"\u00daprava podm\u00ednek pr\u00e1va svobodn\u00e9ho p\u0159\u00edstupu k informac\u00edm\"}]},{\"@type\":\"WebSite\",\"@id\":\"https:\/\/www.praha14.cz\/urad-mestske-casti\/#website\",\"url\":\"https:\/\/www.praha14.cz\/urad-mestske-casti\/\",\"name\":\"\u00daM\u010c P14\",\"description\":\"Ofici\u00e1ln\u00ed str\u00e1nky m\u011bstsk\u00e9 \u010d\u00e1sti Praha 14\",\"potentialAction\":[{\"@type\":\"SearchAction\",\"target\":{\"@type\":\"EntryPoint\",\"urlTemplate\":\"https:\/\/www.praha14.cz\/urad-mestske-casti\/?s={search_term_string}\"},\"query-input\":{\"@type\":\"PropertyValueSpecification\",\"valueRequired\":true,\"valueName\":\"search_term_string\"}}],\"inLanguage\":\"cs\"}]}<\/script>\n<!-- \/ Yoast SEO plugin. -->","yoast_head_json":{"title":"\u00daprava podm\u00ednek pr\u00e1va svobodn\u00e9ho p\u0159\u00edstupu k informac\u00edm - \u00daM\u010c P14","robots":{"index":"index","follow":"follow","max-snippet":"max-snippet:-1","max-image-preview":"max-image-preview:large","max-video-preview":"max-video-preview:-1"},"canonical":"https:\/\/www.praha14.cz\/urad-mestske-casti\/286-2\/","og_locale":"cs_CZ","og_type":"article","og_title":"\u00daprava podm\u00ednek pr\u00e1va svobodn\u00e9ho p\u0159\u00edstupu k informac\u00edm - \u00daM\u010c P14","og_description":"N\u00e1zev: \u00daprava podm\u00ednek pr\u00e1va svobodn\u00e9ho p\u0159\u00edstupu k informac\u00edm Identifika\u010dn\u00ed ozna\u010den\u00ed: QI 42-02-04 V02R08 Platnost: Ano Platnost od: 25. 1. 2022 Platnost do: Garant: Mgr. Robin L\u00e9dl, vedouc\u00ed OPK\u010c Jm\u00e9no: Oblast: osobn\u00ed \u00fadaje a poskytov\u00e1n\u00ed informac\u00ed Schv\u00e1lil: Usnesen\u00ed \u010d. 39\/RM\u010c\/2022 Cel\u00fd text sm\u011brnice: QI 42-02-04","og_url":"https:\/\/www.praha14.cz\/urad-mestske-casti\/286-2\/","og_site_name":"\u00daM\u010c P14","article_modified_time":"2023-01-30T09:31:50+00:00","twitter_card":"summary_large_image","twitter_misc":{"Est. reading time":"1 minuta"},"schema":{"@context":"https:\/\/schema.org","@graph":[{"@type":"WebPage","@id":"https:\/\/www.praha14.cz\/urad-mestske-casti\/286-2\/","url":"https:\/\/www.praha14.cz\/urad-mestske-casti\/286-2\/","name":"\u00daprava podm\u00ednek pr\u00e1va svobodn\u00e9ho p\u0159\u00edstupu k informac\u00edm - \u00daM\u010c P14","isPartOf":{"@id":"https:\/\/www.praha14.cz\/urad-mestske-casti\/#website"},"datePublished":"2014-04-14T13:18:49+00:00","dateModified":"2023-01-30T09:31:50+00:00","breadcrumb":{"@id":"https:\/\/www.praha14.cz\/urad-mestske-casti\/286-2\/#breadcrumb"},"inLanguage":"cs","potentialAction":[{"@type":"ReadAction","target":["https:\/\/www.praha14.cz\/urad-mestske-casti\/286-2\/"]}]},{"@type":"BreadcrumbList","@id":"https:\/\/www.praha14.cz\/urad-mestske-casti\/286-2\/#breadcrumb","itemListElement":[{"@type":"ListItem","position":1,"name":"\u00da\u0159ad m\u011bstsk\u00e9 \u010d\u00e1sti Praha 14","item":"https:\/\/www.praha14.cz\/urad-mestske-casti\/"},{"@type":"ListItem","position":2,"name":"\u00daprava podm\u00ednek pr\u00e1va svobodn\u00e9ho p\u0159\u00edstupu k informac\u00edm"}]},{"@type":"WebSite","@id":"https:\/\/www.praha14.cz\/urad-mestske-casti\/#website","url":"https:\/\/www.praha14.cz\/urad-mestske-casti\/","name":"\u00daM\u010c P14","description":"Ofici\u00e1ln\u00ed str\u00e1nky m\u011bstsk\u00e9 \u010d\u00e1sti Praha 14","potentialAction":[{"@type":"SearchAction","target":{"@type":"EntryPoint","urlTemplate":"https:\/\/www.praha14.cz\/urad-mestske-casti\/?s={search_term_string}"},"query-input":{"@type":"PropertyValueSpecification","valueRequired":true,"valueName":"search_term_string"}}],"inLanguage":"cs"}]}},"_links":{"self":[{"href":"https:\/\/www.praha14.cz\/urad-mestske-casti\/wp-json\/wp\/v2\/pages\/286","targetHints":{"allow":["GET"]}}],"collection":[{"href":"https:\/\/www.praha14.cz\/urad-mestske-casti\/wp-json\/wp\/v2\/pages"}],"about":[{"href":"https:\/\/www.praha14.cz\/urad-mestske-casti\/wp-json\/wp\/v2\/types\/page"}],"author":[{"embeddable":true,"href":"https:\/\/www.praha14.cz\/urad-mestske-casti\/wp-json\/wp\/v2\/users\/1"}],"replies":[{"embeddable":true,"href":"https:\/\/www.praha14.cz\/urad-mestske-casti\/wp-json\/wp\/v2\/comments?post=286"}],"version-history":[{"count":4,"href":"https:\/\/www.praha14.cz\/urad-mestske-casti\/wp-json\/wp\/v2\/pages\/286\/revisions"}],"predecessor-version":[{"id":47399,"href":"https:\/\/www.praha14.cz\/urad-mestske-casti\/wp-json\/wp\/v2\/pages\/286\/revisions\/47399"}],"wp:attachment":[{"href":"https:\/\/www.praha14.cz\/urad-mestske-casti\/wp-json\/wp\/v2\/media?parent=286"}],"curies":[{"name":"wp","href":"https:\/\/api.w.org\/{rel}","templated":true}]}}