{"id":35153,"date":"2025-02-09T14:22:49","date_gmt":"2025-02-09T13:22:49","guid":{"rendered":"https:\/\/www.praha14.cz\/urad-mestske-casti\/?page_id=35153"},"modified":"2025-10-14T10:51:17","modified_gmt":"2025-10-14T08:51:17","slug":"blokove-cisteni-ulic","status":"publish","type":"page","link":"https:\/\/www.praha14.cz\/urad-mestske-casti\/blokove-cisteni-ulic\/","title":{"rendered":"Blokov\u00e9 \u010di\u0161t\u011bn\u00ed ulic"},"content":{"rendered":"<p><a href=\"https:\/\/www.praha14.cz\/app\/uploads\/sites\/2\/2023\/02\/IMG_7507-scaled.jpg\" target=\"_blank\" rel=\"noopener\" data-rel=\"lightbox-image-0\" data-rl_title=\"\" data-rl_caption=\"\" title=\"\"><img loading=\"lazy\" decoding=\"async\" class=\"alignleft wp-image-49919\" src=\"https:\/\/www.praha14.cz\/app\/uploads\/sites\/2\/2023\/02\/IMG_7507-scaled.jpg\" alt=\"\" width=\"225\" height=\"150\" srcset=\"https:\/\/www.praha14.cz\/app\/uploads\/sites\/2\/2023\/02\/IMG_7507-scaled.jpg 2560w, https:\/\/www.praha14.cz\/app\/uploads\/sites\/2\/2023\/02\/IMG_7507-370x247.jpg 370w, https:\/\/www.praha14.cz\/app\/uploads\/sites\/2\/2023\/02\/IMG_7507-1024x683.jpg 1024w, https:\/\/www.praha14.cz\/app\/uploads\/sites\/2\/2023\/02\/IMG_7507-768x512.jpg 768w, https:\/\/www.praha14.cz\/app\/uploads\/sites\/2\/2023\/02\/IMG_7507-1536x1024.jpg 1536w, https:\/\/www.praha14.cz\/app\/uploads\/sites\/2\/2023\/02\/IMG_7507-2048x1365.jpg 2048w\" sizes=\"(max-width: 225px) 100vw, 225px\" \/><\/a><br \/>\nPodzimn\u00ed \u00faklid komunikac\u00ed (blokov\u00e9 \u010di\u0161t\u011bn\u00ed) se uskute\u010dn\u00ed:<br \/>\n&#8211; ve spr\u00e1v\u011b m\u011bstsk\u00e9 \u010d\u00e1sti Praha 14 v term\u00ednu <strong>od 17. do 31. \u0159\u00edjna 2025: <a href=\"https:\/\/www.praha14.cz\/app\/uploads\/sites\/2\/2025\/10\/Blokove-cisteni.pdf\" target=\"_blank\" rel=\"noopener\">ROZPIS \u00daKLID\u016e<\/a><br \/>\n<\/strong>&#8211; ve spr\u00e1v\u011b Technick\u00e9 spr\u00e1vy komunikac\u00ed <strong>od 8. do 24. \u0159\u00edjna 2025: <a href=\"https:\/\/www.praha14.cz\/app\/uploads\/sites\/2\/2025\/09\/25-34930-harmonogram.pdf\" target=\"_blank\" rel=\"noopener\">ROZPIS \u00daKLID\u016e<\/a><\/strong><\/p>\n<p>&nbsp;<\/p>\n","protected":false},"excerpt":{"rendered":"<p>Podzimn\u00ed \u00faklid komunikac\u00ed (blokov\u00e9 \u010di\u0161t\u011bn\u00ed) se uskute\u010dn\u00ed: &#8211; ve spr\u00e1v\u011b m\u011bstsk\u00e9 \u010d\u00e1sti Praha 14 v term\u00ednu od 17. do 31. \u0159\u00edjna 2025: ROZPIS \u00daKLID\u016e &#8211; ve spr\u00e1v\u011b Technick\u00e9 spr\u00e1vy komunikac\u00ed od 8. do 24. \u0159\u00edjna 2025: ROZPIS \u00daKLID\u016e &nbsp;<\/p>\n","protected":false},"author":6,"featured_media":0,"parent":0,"menu_order":0,"comment_status":"closed","ping_status":"closed","template":"","meta":{"_acf_changed":false,"footnotes":""},"class_list":["post-35153","page","type-page","status-publish","hentry"],"acf":[],"yoast_head":"<!-- This site is optimized with the Yoast SEO plugin v27.2 - https:\/\/yoast.com\/product\/yoast-seo-wordpress\/ -->\n<title>Blokov\u00e9 \u010di\u0161t\u011bn\u00ed ulic - \u00daM\u010c P14<\/title>\n<meta name=\"robots\" content=\"index, follow, max-snippet:-1, max-image-preview:large, max-video-preview:-1\" \/>\n<link rel=\"canonical\" href=\"https:\/\/www.praha14.cz\/urad-mestske-casti\/blokove-cisteni-ulic\/\" \/>\n<meta property=\"og:locale\" content=\"cs_CZ\" \/>\n<meta property=\"og:type\" content=\"article\" \/>\n<meta property=\"og:title\" content=\"Blokov\u00e9 \u010di\u0161t\u011bn\u00ed ulic - \u00daM\u010c P14\" \/>\n<meta property=\"og:description\" content=\"Podzimn\u00ed \u00faklid komunikac\u00ed (blokov\u00e9 \u010di\u0161t\u011bn\u00ed) se uskute\u010dn\u00ed: &#8211; ve spr\u00e1v\u011b m\u011bstsk\u00e9 \u010d\u00e1sti Praha 14 v term\u00ednu od 17. do 31. \u0159\u00edjna 2025: ROZPIS \u00daKLID\u016e &#8211; ve spr\u00e1v\u011b Technick\u00e9 spr\u00e1vy komunikac\u00ed od 8. do 24. \u0159\u00edjna 2025: ROZPIS \u00daKLID\u016e &nbsp;\" \/>\n<meta property=\"og:url\" content=\"https:\/\/www.praha14.cz\/urad-mestske-casti\/blokove-cisteni-ulic\/\" \/>\n<meta property=\"og:site_name\" content=\"\u00daM\u010c P14\" \/>\n<meta property=\"article:modified_time\" content=\"2025-10-14T08:51:17+00:00\" \/>\n<meta property=\"og:image\" content=\"https:\/\/www.praha14.cz\/app\/uploads\/sites\/2\/2023\/02\/IMG_7507-scaled.jpg\" \/>\n\t<meta property=\"og:image:width\" content=\"2560\" \/>\n\t<meta property=\"og:image:height\" content=\"1707\" \/>\n\t<meta property=\"og:image:type\" content=\"image\/jpeg\" \/>\n<meta name=\"twitter:card\" content=\"summary_large_image\" \/>\n<meta name=\"twitter:label1\" content=\"Est. reading time\" \/>\n\t<meta name=\"twitter:data1\" content=\"1 minuta\" \/>\n<script type=\"application\/ld+json\" class=\"yoast-schema-graph\">{\"@context\":\"https:\/\/schema.org\",\"@graph\":[{\"@type\":\"WebPage\",\"@id\":\"https:\/\/www.praha14.cz\/urad-mestske-casti\/blokove-cisteni-ulic\/\",\"url\":\"https:\/\/www.praha14.cz\/urad-mestske-casti\/blokove-cisteni-ulic\/\",\"name\":\"Blokov\u00e9 \u010di\u0161t\u011bn\u00ed ulic - \u00daM\u010c P14\",\"isPartOf\":{\"@id\":\"https:\/\/www.praha14.cz\/urad-mestske-casti\/#website\"},\"primaryImageOfPage\":{\"@id\":\"https:\/\/www.praha14.cz\/urad-mestske-casti\/blokove-cisteni-ulic\/#primaryimage\"},\"image\":{\"@id\":\"https:\/\/www.praha14.cz\/urad-mestske-casti\/blokove-cisteni-ulic\/#primaryimage\"},\"thumbnailUrl\":\"https:\/\/www.praha14.cz\/app\/uploads\/sites\/2\/2023\/02\/IMG_7507-scaled.jpg\",\"datePublished\":\"2025-02-09T13:22:49+00:00\",\"dateModified\":\"2025-10-14T08:51:17+00:00\",\"breadcrumb\":{\"@id\":\"https:\/\/www.praha14.cz\/urad-mestske-casti\/blokove-cisteni-ulic\/#breadcrumb\"},\"inLanguage\":\"cs\",\"potentialAction\":[{\"@type\":\"ReadAction\",\"target\":[\"https:\/\/www.praha14.cz\/urad-mestske-casti\/blokove-cisteni-ulic\/\"]}]},{\"@type\":\"ImageObject\",\"inLanguage\":\"cs\",\"@id\":\"https:\/\/www.praha14.cz\/urad-mestske-casti\/blokove-cisteni-ulic\/#primaryimage\",\"url\":\"https:\/\/www.praha14.cz\/app\/uploads\/sites\/2\/2023\/02\/IMG_7507-scaled.jpg\",\"contentUrl\":\"https:\/\/www.praha14.cz\/app\/uploads\/sites\/2\/2023\/02\/IMG_7507-scaled.jpg\"},{\"@type\":\"BreadcrumbList\",\"@id\":\"https:\/\/www.praha14.cz\/urad-mestske-casti\/blokove-cisteni-ulic\/#breadcrumb\",\"itemListElement\":[{\"@type\":\"ListItem\",\"position\":1,\"name\":\"\u00da\u0159ad m\u011bstsk\u00e9 \u010d\u00e1sti Praha 14\",\"item\":\"https:\/\/www.praha14.cz\/urad-mestske-casti\/\"},{\"@type\":\"ListItem\",\"position\":2,\"name\":\"Blokov\u00e9 \u010di\u0161t\u011bn\u00ed ulic\"}]},{\"@type\":\"WebSite\",\"@id\":\"https:\/\/www.praha14.cz\/urad-mestske-casti\/#website\",\"url\":\"https:\/\/www.praha14.cz\/urad-mestske-casti\/\",\"name\":\"\u00daM\u010c P14\",\"description\":\"Ofici\u00e1ln\u00ed str\u00e1nky m\u011bstsk\u00e9 \u010d\u00e1sti Praha 14\",\"potentialAction\":[{\"@type\":\"SearchAction\",\"target\":{\"@type\":\"EntryPoint\",\"urlTemplate\":\"https:\/\/www.praha14.cz\/urad-mestske-casti\/?s={search_term_string}\"},\"query-input\":{\"@type\":\"PropertyValueSpecification\",\"valueRequired\":true,\"valueName\":\"search_term_string\"}}],\"inLanguage\":\"cs\"}]}<\/script>\n<!-- \/ Yoast SEO plugin. -->","yoast_head_json":{"title":"Blokov\u00e9 \u010di\u0161t\u011bn\u00ed ulic - \u00daM\u010c P14","robots":{"index":"index","follow":"follow","max-snippet":"max-snippet:-1","max-image-preview":"max-image-preview:large","max-video-preview":"max-video-preview:-1"},"canonical":"https:\/\/www.praha14.cz\/urad-mestske-casti\/blokove-cisteni-ulic\/","og_locale":"cs_CZ","og_type":"article","og_title":"Blokov\u00e9 \u010di\u0161t\u011bn\u00ed ulic - \u00daM\u010c P14","og_description":"Podzimn\u00ed \u00faklid komunikac\u00ed (blokov\u00e9 \u010di\u0161t\u011bn\u00ed) se uskute\u010dn\u00ed: &#8211; ve spr\u00e1v\u011b m\u011bstsk\u00e9 \u010d\u00e1sti Praha 14 v term\u00ednu od 17. do 31. \u0159\u00edjna 2025: ROZPIS \u00daKLID\u016e &#8211; ve spr\u00e1v\u011b Technick\u00e9 spr\u00e1vy komunikac\u00ed od 8. do 24. \u0159\u00edjna 2025: ROZPIS \u00daKLID\u016e &nbsp;","og_url":"https:\/\/www.praha14.cz\/urad-mestske-casti\/blokove-cisteni-ulic\/","og_site_name":"\u00daM\u010c P14","article_modified_time":"2025-10-14T08:51:17+00:00","og_image":[{"width":2560,"height":1707,"url":"https:\/\/www.praha14.cz\/app\/uploads\/sites\/2\/2023\/02\/IMG_7507-scaled.jpg","type":"image\/jpeg"}],"twitter_card":"summary_large_image","twitter_misc":{"Est. reading time":"1 minuta"},"schema":{"@context":"https:\/\/schema.org","@graph":[{"@type":"WebPage","@id":"https:\/\/www.praha14.cz\/urad-mestske-casti\/blokove-cisteni-ulic\/","url":"https:\/\/www.praha14.cz\/urad-mestske-casti\/blokove-cisteni-ulic\/","name":"Blokov\u00e9 \u010di\u0161t\u011bn\u00ed ulic - \u00daM\u010c P14","isPartOf":{"@id":"https:\/\/www.praha14.cz\/urad-mestske-casti\/#website"},"primaryImageOfPage":{"@id":"https:\/\/www.praha14.cz\/urad-mestske-casti\/blokove-cisteni-ulic\/#primaryimage"},"image":{"@id":"https:\/\/www.praha14.cz\/urad-mestske-casti\/blokove-cisteni-ulic\/#primaryimage"},"thumbnailUrl":"https:\/\/www.praha14.cz\/app\/uploads\/sites\/2\/2023\/02\/IMG_7507-scaled.jpg","datePublished":"2025-02-09T13:22:49+00:00","dateModified":"2025-10-14T08:51:17+00:00","breadcrumb":{"@id":"https:\/\/www.praha14.cz\/urad-mestske-casti\/blokove-cisteni-ulic\/#breadcrumb"},"inLanguage":"cs","potentialAction":[{"@type":"ReadAction","target":["https:\/\/www.praha14.cz\/urad-mestske-casti\/blokove-cisteni-ulic\/"]}]},{"@type":"ImageObject","inLanguage":"cs","@id":"https:\/\/www.praha14.cz\/urad-mestske-casti\/blokove-cisteni-ulic\/#primaryimage","url":"https:\/\/www.praha14.cz\/app\/uploads\/sites\/2\/2023\/02\/IMG_7507-scaled.jpg","contentUrl":"https:\/\/www.praha14.cz\/app\/uploads\/sites\/2\/2023\/02\/IMG_7507-scaled.jpg"},{"@type":"BreadcrumbList","@id":"https:\/\/www.praha14.cz\/urad-mestske-casti\/blokove-cisteni-ulic\/#breadcrumb","itemListElement":[{"@type":"ListItem","position":1,"name":"\u00da\u0159ad m\u011bstsk\u00e9 \u010d\u00e1sti Praha 14","item":"https:\/\/www.praha14.cz\/urad-mestske-casti\/"},{"@type":"ListItem","position":2,"name":"Blokov\u00e9 \u010di\u0161t\u011bn\u00ed ulic"}]},{"@type":"WebSite","@id":"https:\/\/www.praha14.cz\/urad-mestske-casti\/#website","url":"https:\/\/www.praha14.cz\/urad-mestske-casti\/","name":"\u00daM\u010c P14","description":"Ofici\u00e1ln\u00ed str\u00e1nky m\u011bstsk\u00e9 \u010d\u00e1sti Praha 14","potentialAction":[{"@type":"SearchAction","target":{"@type":"EntryPoint","urlTemplate":"https:\/\/www.praha14.cz\/urad-mestske-casti\/?s={search_term_string}"},"query-input":{"@type":"PropertyValueSpecification","valueRequired":true,"valueName":"search_term_string"}}],"inLanguage":"cs"}]}},"_links":{"self":[{"href":"https:\/\/www.praha14.cz\/urad-mestske-casti\/wp-json\/wp\/v2\/pages\/35153","targetHints":{"allow":["GET"]}}],"collection":[{"href":"https:\/\/www.praha14.cz\/urad-mestske-casti\/wp-json\/wp\/v2\/pages"}],"about":[{"href":"https:\/\/www.praha14.cz\/urad-mestske-casti\/wp-json\/wp\/v2\/types\/page"}],"author":[{"embeddable":true,"href":"https:\/\/www.praha14.cz\/urad-mestske-casti\/wp-json\/wp\/v2\/users\/6"}],"replies":[{"embeddable":true,"href":"https:\/\/www.praha14.cz\/urad-mestske-casti\/wp-json\/wp\/v2\/comments?post=35153"}],"version-history":[{"count":21,"href":"https:\/\/www.praha14.cz\/urad-mestske-casti\/wp-json\/wp\/v2\/pages\/35153\/revisions"}],"predecessor-version":[{"id":54150,"href":"https:\/\/www.praha14.cz\/urad-mestske-casti\/wp-json\/wp\/v2\/pages\/35153\/revisions\/54150"}],"wp:attachment":[{"href":"https:\/\/www.praha14.cz\/urad-mestske-casti\/wp-json\/wp\/v2\/media?parent=35153"}],"curies":[{"name":"wp","href":"https:\/\/api.w.org\/{rel}","templated":true}]}}

Blokové čištění ulic

<p><a href="https://www.praha14.cz/app/uploads/sites/2/2023/02/IMG_7507-scaled.jpg" target="_blank" rel="noopener" data-rel="lightbox-image-0" data-rl_title="" data-rl_caption="" title=""><img loading="lazy" decoding="async" class="alignleft wp-image-49919" src="https://www.praha14.cz/app/uploads/sites/2/2023/02/IMG_7507-scaled.jpg" alt="" width="225" height="150" srcset="https://www.praha14.cz/app/uploads/sites/2/2023/02/IMG_7507-scaled.jpg 2560w, https://www.praha14.cz/app/uploads/sites/2/2023/02/IMG_7507-370x247.jpg 370w, https://www.praha14.cz/app/uploads/sites/2/2023/02/IMG_7507-1024x683.jpg 1024w, https://www.praha14.cz/app/uploads/sites/2/2023/02/IMG_7507-768x512.jpg 768w, https://www.praha14.cz/app/uploads/sites/2/2023/02/IMG_7507-1536x1024.jpg 1536w, https://www.praha14.cz/app/uploads/sites/2/2023/02/IMG_7507-2048x1365.jpg 2048w" sizes="(max-width: 225px) 100vw, 225px" /></a><br />
Podzimní úklid komunikací (blokové čištění) se uskuteční:<br />
&#8211; ve správě městské části Praha 14 v termínu <strong>od 17. do 31. října 2025: <a href="https://www.praha14.cz/app/uploads/sites/2/2025/10/Blokove-cisteni.pdf" target="_blank" rel="noopener">ROZPIS ÚKLIDŮ</a><br />
</strong>&#8211; ve správě Technické správy komunikací <strong>od 8. do 24. října 2025: <a href="https://www.praha14.cz/app/uploads/sites/2/2025/09/25-34930-harmonogram.pdf" target="_blank" rel="noopener">ROZPIS ÚKLIDŮ</a></strong></p>
<p>&nbsp;</p>

<p>Podzimní úklid komunikací (blokové čištění) se uskuteční: &#8211; ve správě městské části Praha 14 v termínu od 17. do 31. října 2025: ROZPIS ÚKLIDŮ &#8211; ve správě Technické správy komunikací od 8. do 24. října 2025: ROZPIS ÚKLIDŮ &nbsp;</p>

<!-- This site is optimized with the Yoast SEO plugin v27.2 - https://yoast.com/product/yoast-seo-wordpress/ -->
<title>Blokové čištění ulic - ÚMČ P14</title>
<meta name="robots" content="index, follow, max-snippet:-1, max-image-preview:large, max-video-preview:-1" />
<link rel="canonical" href="https://www.praha14.cz/urad-mestske-casti/blokove-cisteni-ulic/" />
<meta property="og:locale" content="cs_CZ" />
<meta property="og:type" content="article" />
<meta property="og:title" content="Blokové čištění ulic - ÚMČ P14" />
<meta property="og:description" content="Podzimní úklid komunikací (blokové čištění) se uskuteční: &#8211; ve správě městské části Praha 14 v termínu od 17. do 31. října 2025: ROZPIS ÚKLIDŮ &#8211; ve správě Technické správy komunikací od 8. do 24. října 2025: ROZPIS ÚKLIDŮ &nbsp;" />
<meta property="og:url" content="https://www.praha14.cz/urad-mestske-casti/blokove-cisteni-ulic/" />
<meta property="og:site_name" content="ÚMČ P14" />
<meta property="article:modified_time" content="2025-10-14T08:51:17+00:00" />
<meta property="og:image" content="https://www.praha14.cz/app/uploads/sites/2/2023/02/IMG_7507-scaled.jpg" />
	<meta property="og:image:width" content="2560" />
	<meta property="og:image:height" content="1707" />
	<meta property="og:image:type" content="image/jpeg" />
<meta name="twitter:card" content="summary_large_image" />
<meta name="twitter:label1" content="Est. reading time" />
	<meta name="twitter:data1" content="1 minuta" />
<script type="application/ld+json" class="yoast-schema-graph">{"@context":"https://schema.org","@graph":[{"@type":"WebPage","@id":"https://www.praha14.cz/urad-mestske-casti/blokove-cisteni-ulic/","url":"https://www.praha14.cz/urad-mestske-casti/blokove-cisteni-ulic/","name":"Blokové čištění ulic - ÚMČ P14","isPartOf":{"@id":"https://www.praha14.cz/urad-mestske-casti/#website"},"primaryImageOfPage":{"@id":"https://www.praha14.cz/urad-mestske-casti/blokove-cisteni-ulic/#primaryimage"},"image":{"@id":"https://www.praha14.cz/urad-mestske-casti/blokove-cisteni-ulic/#primaryimage"},"thumbnailUrl":"https://www.praha14.cz/app/uploads/sites/2/2023/02/IMG_7507-scaled.jpg","datePublished":"2025-02-09T13:22:49+00:00","dateModified":"2025-10-14T08:51:17+00:00","breadcrumb":{"@id":"https://www.praha14.cz/urad-mestske-casti/blokove-cisteni-ulic/#breadcrumb"},"inLanguage":"cs","potentialAction":[{"@type":"ReadAction","target":["https://www.praha14.cz/urad-mestske-casti/blokove-cisteni-ulic/"]}]},{"@type":"ImageObject","inLanguage":"cs","@id":"https://www.praha14.cz/urad-mestske-casti/blokove-cisteni-ulic/#primaryimage","url":"https://www.praha14.cz/app/uploads/sites/2/2023/02/IMG_7507-scaled.jpg","contentUrl":"https://www.praha14.cz/app/uploads/sites/2/2023/02/IMG_7507-scaled.jpg"},{"@type":"BreadcrumbList","@id":"https://www.praha14.cz/urad-mestske-casti/blokove-cisteni-ulic/#breadcrumb","itemListElement":[{"@type":"ListItem","position":1,"name":"Úřad městské části Praha 14","item":"https://www.praha14.cz/urad-mestske-casti/"},{"@type":"ListItem","position":2,"name":"Blokové čištění ulic"}]},{"@type":"WebSite","@id":"https://www.praha14.cz/urad-mestske-casti/#website","url":"https://www.praha14.cz/urad-mestske-casti/","name":"ÚMČ P14","description":"Oficiální stránky městské části Praha 14","potentialAction":[{"@type":"SearchAction","target":{"@type":"EntryPoint","urlTemplate":"https://www.praha14.cz/urad-mestske-casti/?s={search_term_string}"},"query-input":{"@type":"PropertyValueSpecification","valueRequired":true,"valueName":"search_term_string"}}],"inLanguage":"cs"}]}</script>
<!-- / Yoast SEO plugin. -->

Blokové čištění ulic - ÚMČ P14

Podzimní úklid komunikací (blokové čištění) se uskuteční: &#8211; ve správě městské části Praha 14 v termínu od 17. do 31. října 2025: ROZPIS ÚKLIDŮ &#8211; ve správě Technické správy komunikací od 8. do 24. října 2025: ROZPIS ÚKLIDŮ &nbsp;

ÚMČ P14

Úřad městské části Praha 14

Oficiální stránky městské části Praha 14
