{"id":40429,"date":"2018-02-02T09:23:39","date_gmt":"2018-02-02T08:23:39","guid":{"rendered":"https:\/\/www.praha14.cz\/urad-mestske-casti\/?page_id=40429"},"modified":"2026-02-26T13:26:36","modified_gmt":"2026-02-26T12:26:36","slug":"prevence-rakoviny-prsu-v-praze-14","status":"publish","type":"page","link":"https:\/\/www.praha14.cz\/urad-mestske-casti\/hledam-informaci\/zdravotnictvi\/prevence-rakoviny-prsu-v-praze-14\/","title":{"rendered":"Prevence rakoviny prsu v Praze 14"},"content":{"rendered":"<p>M\u011bstsk\u00e1 \u010d\u00e1st Praha 14 se ka\u017edoro\u010dn\u011b p\u0159ipojuje k preventivn\u00edm aktivit\u00e1m v oblasti prevence n\u00e1dorov\u00fdch onemocn\u011bn\u00ed. Pravideln\u011b vyhla\u0161uje program, jeho\u017e c\u00edlem je podpo\u0159it prevenci n\u00e1dorov\u00e9ho onemocn\u011bn\u00ed prsu prost\u0159ednictv\u00edm finan\u010dn\u00edho p\u0159\u00edsp\u011bvku ur\u010den\u00e9ho na kvalifikovan\u00e9 vy\u0161et\u0159en\u00ed prsou.<\/p>\n<p><img loading=\"lazy\" decoding=\"async\" class=\"alignleft wp-image-40430 size-medium\" src=\"https:\/\/www.praha14.cz\/app\/uploads\/sites\/2\/2018\/02\/pr-titulka-370x231.jpg\" alt=\"\" width=\"370\" height=\"231\" srcset=\"https:\/\/www.praha14.cz\/app\/uploads\/sites\/2\/2018\/02\/pr-titulka-370x231.jpg 370w, https:\/\/www.praha14.cz\/app\/uploads\/sites\/2\/2018\/02\/pr-titulka.jpg 660w\" sizes=\"(max-width: 370px) 100vw, 370px\" \/><\/p>\n<p>&nbsp;<\/p>\n<p><span style=\"color: #ff99cc;\"><strong>O PROGRAMU<\/strong><\/span><\/p>\n<p>Z\u00e1m\u011brem tohoto preventivn\u00edho programu je podpo\u0159it prevenci n\u00e1dorov\u00e9ho onemocn\u011bn\u00ed prsu prost\u0159ednictv\u00edm finan\u010dn\u00edho p\u0159\u00edsp\u011bvku ur\u010den\u00e9ho na kvalifikovan\u00e9 vy\u0161et\u0159en\u00ed prsou. M\u011bstsk\u00e1 \u010d\u00e1st Praha 14 se tak p\u0159ipojuje k preventivn\u00edm aktivit\u00e1m v oblasti prevence n\u00e1dorov\u00fdch onemocn\u011bn\u00ed. P\u0159\u00edsp\u011bvek v maxim\u00e1ln\u00ed v\u00fd\u0161i 650,- K\u010d bude poskytnut ob\u010dan\u016fm s trval\u00fdm pobytem na m\u011bstsk\u00e9 \u010d\u00e1sti Praha 14, kte\u0159\u00ed se podrobili sonografick\u00e9mu nebo mamografick\u00e9mu vy\u0161et\u0159en\u00ed prsou v obdob\u00ed <strong>od 1. 1. 2026 do 14. 12. 2026. <\/strong>P\u0159\u00edsp\u011bvek bude vyplacen po dohod\u011b v hotovosti v pokladn\u011b \u00fa\u0159adu nebo p\u0159evodem na \u00fa\u010det.<\/p>\n<p>&nbsp;<\/p>\n<p>&nbsp;<\/p>\n<p><strong><span style=\"color: #ff99cc;\">PODM\u00cdNKY PRO POSKYTNUT\u00cd P\u0158\u00cdSP\u011aVKU A DAL\u0160\u00cd INFORMACE<\/span><\/strong><\/p>\n<ul>\n<li>trval\u00fd pobyt na \u00fazem\u00ed M\u010c Praha 14 (prokazuje se platn\u00fdm OP nebo cestovn\u00edm pasem s\u00a0\u00fadajem o trval\u00e9m pobytu),<\/li>\n<li>v\u011bk od 20 do 44,9 let (od 45 let hrad\u00ed toto vy\u0161et\u0159en\u00ed poji\u0161\u0165ovna),<\/li>\n<li>absolvovan\u00e9 vy\u0161et\u0159en\u00ed mus\u00ed b\u00fdt provedeno ve zdravotnick\u00e9m za\u0159\u00edzen\u00ed na \u00fazem\u00ed \u010cR,<\/li>\n<li>absolvovan\u00e9 vy\u0161et\u0159en\u00ed mus\u00ed b\u00fdt provedeno v obdob\u00ed od 1. 1. 2026 do 14. 12. 2026,<\/li>\n<li>o p\u0159\u00edsp\u011bvek je mo\u017en\u00e9 po\u017e\u00e1dat pouze jednou &#8211; doklad o absolvovan\u00e9m vy\u0161et\u0159en\u00ed je t\u0159eba don\u00e9st <strong>OSOBN\u011a<\/strong> na sekretari\u00e1t Odboru soci\u00e1ln\u00edch v\u011bc\u00ed,<\/li>\n<li>na poskytnut\u00ed p\u0159\u00edsp\u011bvku nen\u00ed pr\u00e1vn\u00ed n\u00e1rok,<\/li>\n<li>o p\u0159\u00edsp\u011bvek je nutn\u00e9 \u017e\u00e1dat osobn\u011b na \u00daM\u010c Praha 14 v platn\u00fdch \u00fa\u0159edn\u00edch hodin\u00e1ch (v PO a ve ST od 7.30 do 12 hodin a od 13 do 17.45 hodin),<\/li>\n<li>program bude realizov\u00e1n do vy\u010derp\u00e1n\u00ed finan\u010dn\u00edch prost\u0159edk\u016f, nejpozd\u011bji v\u0161ak do 14. 12. 2026,<\/li>\n<li>M\u010c si vyhrazuje pr\u00e1vo podm\u00ednky programu zm\u011bnit \u010di program zru\u0161it,<\/li>\n<li>podm\u00ednky programu byly schv\u00e1leny usnesen\u00edm Rady M\u010c \u010d. 92\/RM\u010c\/2026 ze dne 18. 2. 2026\u010d.<\/li>\n<li><strong>kontaktn\u00ed osobou <\/strong>pro poskytov\u00e1n\u00ed p\u0159\u00edsp\u011bvku je pracovnice Odboru soci\u00e1ln\u00edch v\u011bc\u00ed \u00da\u0159adu m\u011bstsk\u00e9 \u010d\u00e1sti Praha 14: Hana Hulinkov\u00e1, e-mail: <a href=\"mailto:hana.hulinkova@praha14.cz\" target=\"_blank\" rel=\"noopener noreferrer\">hana.hulinkova@praha14.cz<\/a>, tel.<strong> 225 295 370.<\/strong><\/li>\n<\/ul>\n<p><strong><span style=\"color: #ff99cc;\">POD\u00c1N\u00cd \u017d\u00c1DOSTI<\/span><\/strong><\/p>\n<p>Finan\u010dn\u00ed p\u0159\u00edsp\u011bvek bude poskytnut na z\u00e1klad\u011b uzav\u0159en\u00e9 darovac\u00ed smlouvy (n\u00e1vrh smlouvy ke sta\u017een\u00ed zde nebo k dispozici u kontaktn\u00ed osoby a v informa\u010dn\u00ed kancel\u00e1\u0159i) po p\u0159edlo\u017een\u00ed platn\u00e9ho ob\u010dansk\u00e9ho pr\u016fkazu, dokladu o absolvov\u00e1n\u00ed a \u00fahrad\u011b vy\u0161et\u0159en\u00ed prsou prost\u0159ednictv\u00edm mamografie nebo sonografie a vypln\u011bn\u00e9 \u017e\u00e1dosti. Tu je mo\u017en\u00e9 st\u00e1hnout v <a href=\"https:\/\/www.praha14.cz\/app\/uploads\/sites\/2\/2025\/04\/Zadost-o-poskytnuti-prispevku.pdf\" target=\"_blank\" rel=\"noopener\">elektronick\u00e9 podob\u011b\u00a0<\/a> nebo si ji vyzvednout u kontaktn\u00ed osoby viz v\u00fd\u0161e \u010di v informa\u010dn\u00ed kancel\u00e1\u0159i \u00daM\u010c Praha 14.<\/p>\n<p>&nbsp;<\/p>\n<p><a href=\"https:\/\/www.praha14.cz\/app\/uploads\/sites\/2\/2026\/02\/A4.png\" target=\"_blank\" rel=\"noopener\" data-rel=\"lightbox-image-0\" data-rl_title=\"\" data-rl_caption=\"\" title=\"\"><img loading=\"lazy\" decoding=\"async\" class=\"alignnone wp-image-54608\" src=\"https:\/\/www.praha14.cz\/app\/uploads\/sites\/2\/2026\/02\/A4-262x370.png\" alt=\"A4\" width=\"483\" height=\"682\" srcset=\"https:\/\/www.praha14.cz\/app\/uploads\/sites\/2\/2026\/02\/A4-262x370.png 262w, https:\/\/www.praha14.cz\/app\/uploads\/sites\/2\/2026\/02\/A4-724x1024.png 724w, https:\/\/www.praha14.cz\/app\/uploads\/sites\/2\/2026\/02\/A4-768x1086.png 768w, https:\/\/www.praha14.cz\/app\/uploads\/sites\/2\/2026\/02\/A4-1086x1536.png 1086w, https:\/\/www.praha14.cz\/app\/uploads\/sites\/2\/2026\/02\/A4.png 1414w\" sizes=\"(max-width: 483px) 100vw, 483px\" \/><\/a><\/p>\n<p>&nbsp;<\/p>\n<p>&nbsp;<\/p>\n<p>&nbsp;<\/p>\n<p>&nbsp;<\/p>\n<p>&nbsp;<\/p>\n<p>&nbsp;<\/p>\n<p>&nbsp;<\/p>\n<p>&nbsp;<\/p>\n<p>&nbsp;<\/p>\n<p>&nbsp;<\/p>\n<p>&nbsp;<\/p>\n<p>&nbsp;<\/p>\n<p>&nbsp;<\/p>\n<p>&nbsp;<\/p>\n<p>&nbsp;<\/p>\n","protected":false},"excerpt":{"rendered":"<p>M\u011bstsk\u00e1 \u010d\u00e1st Praha 14 se ka\u017edoro\u010dn\u011b p\u0159ipojuje k preventivn\u00edm aktivit\u00e1m v oblasti prevence n\u00e1dorov\u00fdch onemocn\u011bn\u00ed. Pravideln\u011b vyhla\u0161uje program, jeho\u017e c\u00edlem je podpo\u0159it prevenci n\u00e1dorov\u00e9ho onemocn\u011bn\u00ed prsu prost\u0159ednictv\u00edm finan\u010dn\u00edho p\u0159\u00edsp\u011bvku ur\u010den\u00e9ho na kvalifikovan\u00e9 vy\u0161et\u0159en\u00ed prsou. &nbsp; O PROGRAMU Z\u00e1m\u011brem tohoto preventivn\u00edho programu je podpo\u0159it prevenci n\u00e1dorov\u00e9ho onemocn\u011bn\u00ed prsu prost\u0159ednictv\u00edm finan\u010dn\u00edho p\u0159\u00edsp\u011bvku ur\u010den\u00e9ho na kvalifikovan\u00e9 vy\u0161et\u0159en\u00ed prsou&#8230;.<\/p>\n","protected":false},"author":6,"featured_media":0,"parent":27856,"menu_order":0,"comment_status":"closed","ping_status":"closed","template":"","meta":{"_acf_changed":false,"footnotes":""},"class_list":["post-40429","page","type-page","status-publish","hentry"],"acf":[],"yoast_head":"<!-- This site is optimized with the Yoast SEO plugin v27.2 - https:\/\/yoast.com\/product\/yoast-seo-wordpress\/ -->\n<title>Prevence rakoviny prsu v Praze 14 - \u00daM\u010c P14<\/title>\n<meta name=\"robots\" content=\"index, follow, max-snippet:-1, max-image-preview:large, max-video-preview:-1\" \/>\n<link rel=\"canonical\" href=\"https:\/\/www.praha14.cz\/urad-mestske-casti\/hledam-informaci\/zdravotnictvi\/prevence-rakoviny-prsu-v-praze-14\/\" \/>\n<meta property=\"og:locale\" content=\"cs_CZ\" \/>\n<meta property=\"og:type\" content=\"article\" \/>\n<meta property=\"og:title\" content=\"Prevence rakoviny prsu v Praze 14 - \u00daM\u010c P14\" \/>\n<meta property=\"og:description\" content=\"M\u011bstsk\u00e1 \u010d\u00e1st Praha 14 se ka\u017edoro\u010dn\u011b p\u0159ipojuje k preventivn\u00edm aktivit\u00e1m v oblasti prevence n\u00e1dorov\u00fdch onemocn\u011bn\u00ed. Pravideln\u011b vyhla\u0161uje program, jeho\u017e c\u00edlem je podpo\u0159it prevenci n\u00e1dorov\u00e9ho onemocn\u011bn\u00ed prsu prost\u0159ednictv\u00edm finan\u010dn\u00edho p\u0159\u00edsp\u011bvku ur\u010den\u00e9ho na kvalifikovan\u00e9 vy\u0161et\u0159en\u00ed prsou. &nbsp; O PROGRAMU Z\u00e1m\u011brem tohoto preventivn\u00edho programu je podpo\u0159it prevenci n\u00e1dorov\u00e9ho onemocn\u011bn\u00ed prsu prost\u0159ednictv\u00edm finan\u010dn\u00edho p\u0159\u00edsp\u011bvku ur\u010den\u00e9ho na kvalifikovan\u00e9 vy\u0161et\u0159en\u00ed prsou....\" \/>\n<meta property=\"og:url\" content=\"https:\/\/www.praha14.cz\/urad-mestske-casti\/hledam-informaci\/zdravotnictvi\/prevence-rakoviny-prsu-v-praze-14\/\" \/>\n<meta property=\"og:site_name\" content=\"\u00daM\u010c P14\" \/>\n<meta property=\"article:modified_time\" content=\"2026-02-26T12:26:36+00:00\" \/>\n<meta property=\"og:image\" content=\"https:\/\/www.praha14.cz\/app\/uploads\/sites\/2\/2018\/02\/pr-titulka.jpg\" \/>\n\t<meta property=\"og:image:width\" content=\"660\" \/>\n\t<meta property=\"og:image:height\" content=\"412\" \/>\n\t<meta property=\"og:image:type\" content=\"image\/jpeg\" \/>\n<meta name=\"twitter:card\" content=\"summary_large_image\" \/>\n<meta name=\"twitter:label1\" content=\"Est. reading time\" \/>\n\t<meta name=\"twitter:data1\" content=\"3 minuty\" \/>\n<script type=\"application\/ld+json\" class=\"yoast-schema-graph\">{\"@context\":\"https:\/\/schema.org\",\"@graph\":[{\"@type\":\"WebPage\",\"@id\":\"https:\/\/www.praha14.cz\/urad-mestske-casti\/hledam-informaci\/zdravotnictvi\/prevence-rakoviny-prsu-v-praze-14\/\",\"url\":\"https:\/\/www.praha14.cz\/urad-mestske-casti\/hledam-informaci\/zdravotnictvi\/prevence-rakoviny-prsu-v-praze-14\/\",\"name\":\"Prevence rakoviny prsu v Praze 14 - \u00daM\u010c P14\",\"isPartOf\":{\"@id\":\"https:\/\/www.praha14.cz\/urad-mestske-casti\/#website\"},\"primaryImageOfPage\":{\"@id\":\"https:\/\/www.praha14.cz\/urad-mestske-casti\/hledam-informaci\/zdravotnictvi\/prevence-rakoviny-prsu-v-praze-14\/#primaryimage\"},\"image\":{\"@id\":\"https:\/\/www.praha14.cz\/urad-mestske-casti\/hledam-informaci\/zdravotnictvi\/prevence-rakoviny-prsu-v-praze-14\/#primaryimage\"},\"thumbnailUrl\":\"https:\/\/www.praha14.cz\/app\/uploads\/sites\/2\/2018\/02\/pr-titulka-370x231.jpg\",\"datePublished\":\"2018-02-02T08:23:39+00:00\",\"dateModified\":\"2026-02-26T12:26:36+00:00\",\"breadcrumb\":{\"@id\":\"https:\/\/www.praha14.cz\/urad-mestske-casti\/hledam-informaci\/zdravotnictvi\/prevence-rakoviny-prsu-v-praze-14\/#breadcrumb\"},\"inLanguage\":\"cs\",\"potentialAction\":[{\"@type\":\"ReadAction\",\"target\":[\"https:\/\/www.praha14.cz\/urad-mestske-casti\/hledam-informaci\/zdravotnictvi\/prevence-rakoviny-prsu-v-praze-14\/\"]}]},{\"@type\":\"ImageObject\",\"inLanguage\":\"cs\",\"@id\":\"https:\/\/www.praha14.cz\/urad-mestske-casti\/hledam-informaci\/zdravotnictvi\/prevence-rakoviny-prsu-v-praze-14\/#primaryimage\",\"url\":\"https:\/\/www.praha14.cz\/app\/uploads\/sites\/2\/2018\/02\/pr-titulka-370x231.jpg\",\"contentUrl\":\"https:\/\/www.praha14.cz\/app\/uploads\/sites\/2\/2018\/02\/pr-titulka-370x231.jpg\"},{\"@type\":\"BreadcrumbList\",\"@id\":\"https:\/\/www.praha14.cz\/urad-mestske-casti\/hledam-informaci\/zdravotnictvi\/prevence-rakoviny-prsu-v-praze-14\/#breadcrumb\",\"itemListElement\":[{\"@type\":\"ListItem\",\"position\":1,\"name\":\"\u00da\u0159ad m\u011bstsk\u00e9 \u010d\u00e1sti Praha 14\",\"item\":\"https:\/\/www.praha14.cz\/urad-mestske-casti\/\"},{\"@type\":\"ListItem\",\"position\":2,\"name\":\"Hled\u00e1m informaci\",\"item\":\"https:\/\/www.praha14.cz\/urad-mestske-casti\/hledam-informaci\/\"},{\"@type\":\"ListItem\",\"position\":3,\"name\":\"Zdravotnictv\u00ed\",\"item\":\"https:\/\/www.praha14.cz\/urad-mestske-casti\/hledam-informaci\/zdravotnictvi\/\"},{\"@type\":\"ListItem\",\"position\":4,\"name\":\"Prevence rakoviny prsu v Praze 14\"}]},{\"@type\":\"WebSite\",\"@id\":\"https:\/\/www.praha14.cz\/urad-mestske-casti\/#website\",\"url\":\"https:\/\/www.praha14.cz\/urad-mestske-casti\/\",\"name\":\"\u00daM\u010c P14\",\"description\":\"Ofici\u00e1ln\u00ed str\u00e1nky m\u011bstsk\u00e9 \u010d\u00e1sti Praha 14\",\"potentialAction\":[{\"@type\":\"SearchAction\",\"target\":{\"@type\":\"EntryPoint\",\"urlTemplate\":\"https:\/\/www.praha14.cz\/urad-mestske-casti\/?s={search_term_string}\"},\"query-input\":{\"@type\":\"PropertyValueSpecification\",\"valueRequired\":true,\"valueName\":\"search_term_string\"}}],\"inLanguage\":\"cs\"}]}<\/script>\n<!-- \/ Yoast SEO plugin. -->","yoast_head_json":{"title":"Prevence rakoviny prsu v Praze 14 - \u00daM\u010c P14","robots":{"index":"index","follow":"follow","max-snippet":"max-snippet:-1","max-image-preview":"max-image-preview:large","max-video-preview":"max-video-preview:-1"},"canonical":"https:\/\/www.praha14.cz\/urad-mestske-casti\/hledam-informaci\/zdravotnictvi\/prevence-rakoviny-prsu-v-praze-14\/","og_locale":"cs_CZ","og_type":"article","og_title":"Prevence rakoviny prsu v Praze 14 - \u00daM\u010c P14","og_description":"M\u011bstsk\u00e1 \u010d\u00e1st Praha 14 se ka\u017edoro\u010dn\u011b p\u0159ipojuje k preventivn\u00edm aktivit\u00e1m v oblasti prevence n\u00e1dorov\u00fdch onemocn\u011bn\u00ed. Pravideln\u011b vyhla\u0161uje program, jeho\u017e c\u00edlem je podpo\u0159it prevenci n\u00e1dorov\u00e9ho onemocn\u011bn\u00ed prsu prost\u0159ednictv\u00edm finan\u010dn\u00edho p\u0159\u00edsp\u011bvku ur\u010den\u00e9ho na kvalifikovan\u00e9 vy\u0161et\u0159en\u00ed prsou. &nbsp; O PROGRAMU Z\u00e1m\u011brem tohoto preventivn\u00edho programu je podpo\u0159it prevenci n\u00e1dorov\u00e9ho onemocn\u011bn\u00ed prsu prost\u0159ednictv\u00edm finan\u010dn\u00edho p\u0159\u00edsp\u011bvku ur\u010den\u00e9ho na kvalifikovan\u00e9 vy\u0161et\u0159en\u00ed prsou....","og_url":"https:\/\/www.praha14.cz\/urad-mestske-casti\/hledam-informaci\/zdravotnictvi\/prevence-rakoviny-prsu-v-praze-14\/","og_site_name":"\u00daM\u010c P14","article_modified_time":"2026-02-26T12:26:36+00:00","og_image":[{"width":660,"height":412,"url":"https:\/\/www.praha14.cz\/app\/uploads\/sites\/2\/2018\/02\/pr-titulka.jpg","type":"image\/jpeg"}],"twitter_card":"summary_large_image","twitter_misc":{"Est. reading time":"3 minuty"},"schema":{"@context":"https:\/\/schema.org","@graph":[{"@type":"WebPage","@id":"https:\/\/www.praha14.cz\/urad-mestske-casti\/hledam-informaci\/zdravotnictvi\/prevence-rakoviny-prsu-v-praze-14\/","url":"https:\/\/www.praha14.cz\/urad-mestske-casti\/hledam-informaci\/zdravotnictvi\/prevence-rakoviny-prsu-v-praze-14\/","name":"Prevence rakoviny prsu v Praze 14 - \u00daM\u010c P14","isPartOf":{"@id":"https:\/\/www.praha14.cz\/urad-mestske-casti\/#website"},"primaryImageOfPage":{"@id":"https:\/\/www.praha14.cz\/urad-mestske-casti\/hledam-informaci\/zdravotnictvi\/prevence-rakoviny-prsu-v-praze-14\/#primaryimage"},"image":{"@id":"https:\/\/www.praha14.cz\/urad-mestske-casti\/hledam-informaci\/zdravotnictvi\/prevence-rakoviny-prsu-v-praze-14\/#primaryimage"},"thumbnailUrl":"https:\/\/www.praha14.cz\/app\/uploads\/sites\/2\/2018\/02\/pr-titulka-370x231.jpg","datePublished":"2018-02-02T08:23:39+00:00","dateModified":"2026-02-26T12:26:36+00:00","breadcrumb":{"@id":"https:\/\/www.praha14.cz\/urad-mestske-casti\/hledam-informaci\/zdravotnictvi\/prevence-rakoviny-prsu-v-praze-14\/#breadcrumb"},"inLanguage":"cs","potentialAction":[{"@type":"ReadAction","target":["https:\/\/www.praha14.cz\/urad-mestske-casti\/hledam-informaci\/zdravotnictvi\/prevence-rakoviny-prsu-v-praze-14\/"]}]},{"@type":"ImageObject","inLanguage":"cs","@id":"https:\/\/www.praha14.cz\/urad-mestske-casti\/hledam-informaci\/zdravotnictvi\/prevence-rakoviny-prsu-v-praze-14\/#primaryimage","url":"https:\/\/www.praha14.cz\/app\/uploads\/sites\/2\/2018\/02\/pr-titulka-370x231.jpg","contentUrl":"https:\/\/www.praha14.cz\/app\/uploads\/sites\/2\/2018\/02\/pr-titulka-370x231.jpg"},{"@type":"BreadcrumbList","@id":"https:\/\/www.praha14.cz\/urad-mestske-casti\/hledam-informaci\/zdravotnictvi\/prevence-rakoviny-prsu-v-praze-14\/#breadcrumb","itemListElement":[{"@type":"ListItem","position":1,"name":"\u00da\u0159ad m\u011bstsk\u00e9 \u010d\u00e1sti Praha 14","item":"https:\/\/www.praha14.cz\/urad-mestske-casti\/"},{"@type":"ListItem","position":2,"name":"Hled\u00e1m informaci","item":"https:\/\/www.praha14.cz\/urad-mestske-casti\/hledam-informaci\/"},{"@type":"ListItem","position":3,"name":"Zdravotnictv\u00ed","item":"https:\/\/www.praha14.cz\/urad-mestske-casti\/hledam-informaci\/zdravotnictvi\/"},{"@type":"ListItem","position":4,"name":"Prevence rakoviny prsu v Praze 14"}]},{"@type":"WebSite","@id":"https:\/\/www.praha14.cz\/urad-mestske-casti\/#website","url":"https:\/\/www.praha14.cz\/urad-mestske-casti\/","name":"\u00daM\u010c P14","description":"Ofici\u00e1ln\u00ed str\u00e1nky m\u011bstsk\u00e9 \u010d\u00e1sti Praha 14","potentialAction":[{"@type":"SearchAction","target":{"@type":"EntryPoint","urlTemplate":"https:\/\/www.praha14.cz\/urad-mestske-casti\/?s={search_term_string}"},"query-input":{"@type":"PropertyValueSpecification","valueRequired":true,"valueName":"search_term_string"}}],"inLanguage":"cs"}]}},"_links":{"self":[{"href":"https:\/\/www.praha14.cz\/urad-mestske-casti\/wp-json\/wp\/v2\/pages\/40429","targetHints":{"allow":["GET"]}}],"collection":[{"href":"https:\/\/www.praha14.cz\/urad-mestske-casti\/wp-json\/wp\/v2\/pages"}],"about":[{"href":"https:\/\/www.praha14.cz\/urad-mestske-casti\/wp-json\/wp\/v2\/types\/page"}],"author":[{"embeddable":true,"href":"https:\/\/www.praha14.cz\/urad-mestske-casti\/wp-json\/wp\/v2\/users\/6"}],"replies":[{"embeddable":true,"href":"https:\/\/www.praha14.cz\/urad-mestske-casti\/wp-json\/wp\/v2\/comments?post=40429"}],"version-history":[{"count":18,"href":"https:\/\/www.praha14.cz\/urad-mestske-casti\/wp-json\/wp\/v2\/pages\/40429\/revisions"}],"predecessor-version":[{"id":54610,"href":"https:\/\/www.praha14.cz\/urad-mestske-casti\/wp-json\/wp\/v2\/pages\/40429\/revisions\/54610"}],"up":[{"embeddable":true,"href":"https:\/\/www.praha14.cz\/urad-mestske-casti\/wp-json\/wp\/v2\/pages\/27856"}],"wp:attachment":[{"href":"https:\/\/www.praha14.cz\/urad-mestske-casti\/wp-json\/wp\/v2\/media?parent=40429"}],"curies":[{"name":"wp","href":"https:\/\/api.w.org\/{rel}","templated":true}]}}