{"id":67,"date":"2014-04-11T11:19:57","date_gmt":"2014-04-11T10:19:57","guid":{"rendered":"\/urad-mestske-casti\/?page_id=67"},"modified":"2026-04-09T14:36:43","modified_gmt":"2026-04-09T12:36:43","slug":"czech-point","status":"publish","type":"page","link":"https:\/\/www.praha14.cz\/urad-mestske-casti\/czech-point\/","title":{"rendered":"Czech POINT"},"content":{"rendered":"<h5>\u010cesk\u00fd Podac\u00ed Ov\u011b\u0159ovac\u00ed Informa\u010dn\u00ed N\u00e1rodn\u00ed Termin\u00e1l (Czech POINT)<\/h5>\n<p>Smyslem tohoto projektu je umo\u017enit ob\u010danovi z\u00edskat na jednom m\u00edst\u011b, a na po\u010dk\u00e1n\u00ed, v\u00edce po\u017eadovan\u00fdch informac\u00ed, nebo l\u00e9pe \u0159e\u010deno doklad\u016f.<br \/>\nDoklad\u016f proto, \u017ee po\u017eadovan\u00e9 v\u00fdstupy z informa\u010dn\u00edch datab\u00e1z\u00ed jsou \u00fa\u0159adem osv\u011bd\u010deny ov\u011b\u0159ovac\u00ed dolo\u017ekou. To znamen\u00e1, \u017ee dosavadn\u00ed informativn\u00ed v\u00fdtisk, nap\u0159. \u00fadaj\u016f o firm\u011b z obchodn\u00edho rejst\u0159\u00edku, z\u00edsk\u00e1v\u00e1 certifikovan\u00fdm v\u00fddajem z datab\u00e1ze a ov\u011b\u0159ovac\u00ed dolo\u017ekou \u00fa\u0159adu, v\u00e1hu dokladu.<\/p>\n<h6><span style=\"color: #000000;\"><strong>Agendy: <\/strong><\/span><\/h6>\n<ul>\n<li>V\u00fdpisy z informa\u010dn\u00edch datab\u00e1z\u00ed<\/li>\n<li>Informa\u010dn\u00ed syst\u00e9m datov\u00fdch schr\u00e1nek a konverze dokument\u016f<\/li>\n<li>Syst\u00e9m z\u00e1kladn\u00edch registr\u016f<\/li>\n<\/ul>\n<h6><span style=\"color: #000000;\"><strong>V\u00fdpisy z informa\u010dn\u00edch datab\u00e1z\u00ed:<\/strong><\/span><\/h6>\n<h6>1. Z ve\u0159ejn\u00fdch evidenc\u00ed:<\/h6>\n<ul style=\"padding-left: 30px;\">\n<li style=\"padding-left: 30px;\">z Katastru nemovitost\u00ed<\/li>\n<li style=\"padding-left: 30px;\">z \u017divnostensk\u00e9ho rejst\u0159\u00edku<\/li>\n<li style=\"padding-left: 30px;\">z Obchodn\u00edho rejst\u0159\u00edku<\/li>\n<li style=\"padding-left: 30px;\">ze Seznamu kvalifikovan\u00fdch dodavatel\u016f &#8211; ur\u010deno firm\u00e1m v p\u0159\u00edpad\u011b jejich pod\u00e1n\u00ed \u017e\u00e1dosti o ve\u0159ejnou zak\u00e1zku<\/li>\n<li style=\"padding-left: 30px;\">z insolven\u010dn\u00edho rejst\u0159\u00edku<\/li>\n<li style=\"padding-left: 30px;\">z rejst\u0159\u00edku trest\u016f pr\u00e1vnick\u00fdch osob<\/li>\n<\/ul>\n<p>U ve\u0159ejn\u00fdch evidenc\u00ed nen\u00ed ov\u011b\u0159ov\u00e1na toto\u017enost \u017eadatele. \u017dadatel je pouze povinen sd\u011blit relevantn\u00ed krit\u00e9ria pro vyhled\u00e1n\u00ed sv\u00e9ho po\u017eadavku.<\/p>\n<table>\n<tbody>\n<tr>\n<td>Obchodn\u00ed rejst\u0159\u00edk<\/td>\n<td>I\u010c subjektu<\/td>\n<\/tr>\n<tr>\n<td>\u017divnostensk\u00fd rejst\u0159\u00edk<\/td>\n<td>I\u010c podnikatele \/ fyzick\u00e9 osoby<\/td>\n<\/tr>\n<tr>\n<td>Katastr nemovitost\u00ed<\/td>\n<td>N\u00e1zev katastr\u00e1ln\u00edho \u00fazem\u00ed a \u010d\u00edslo listu vlastnictv\u00ed<\/td>\n<\/tr>\n<\/tbody>\n<\/table>\n<h6>2. Z neve\u0159ejn\u00fdch evidenc\u00ed:<\/h6>\n<ul style=\"padding-left: 30px;\">\n<li style=\"padding-left: 30px;\"><strong>z Rejst\u0159\u00edku trest\u016f (RT)<\/strong><br \/>\nPro vyd\u00e1n\u00ed ov\u011b\u0159en\u00e9ho v\u00fdpis\u016f z RT je t\u0159eba podepsat p\u00edsemnou \u017e\u00e1dost a dolo\u017eit toto\u017enost \u017eadatele, kter\u00e9ho se v\u00fdpis t\u00fdk\u00e1. K prok\u00e1z\u00e1n\u00ed toto\u017enosti p\u0159ineste s sebou ob\u010dansk\u00fd pr\u016fkaz nebo cestovn\u00ed pas. V\u00fdpis z RT je mo\u017en\u00e9 vydat i cizinc\u016fm, kte\u0159\u00ed maj\u00ed povolen\u00ed k dlouhodob\u00e9mu nebo trval\u00e9mu pobytu.Pokud n\u011bkdo \u017e\u00e1d\u00e1 o v\u00fdpis z RT v zastoupen\u00ed, mus\u00ed dolo\u017eit i \u00fa\u0159edn\u011b ov\u011b\u0159en\u00e9 pov\u011b\u0159en\u00ed k tomuto \u00fakonu (plnou moc) a svoji toto\u017enost.<\/li>\n<li style=\"padding-left: 30px;\"><strong>z Centr\u00e1ln\u00edho registru \u0159idi\u010d\u016f &#8211; v\u00fdpis bodov\u00e9ho hodnocen\u00ed osoby<\/strong><br \/>\nTato slu\u017eba umo\u017e\u0148uje ka\u017ed\u00e9mu \u0159idi\u010di z\u00edskat ( pouze) ke sv\u00e9 osob\u011b v\u00fdpis p\u0159ehledu sv\u00fdch p\u0159estupkov\u00fdch bod\u016f. P\u0159i \u017e\u00e1dosti se p\u0159edkl\u00e1d\u00e1 platn\u00fd ob\u010dansk\u00fd pr\u016fkaz ( \u0159idi\u010dsk\u00fd pr\u016fkaz nen\u00ed nutn\u00fd). O v\u00fdpis lze po\u017e\u00e1dat tak\u00e9 na z\u00e1klad\u011b \u00fa\u0159edn\u011b ov\u011b\u0159en\u00e9 pln\u00e9 moci (PM) k tomuto \u00fa\u010delu od opr\u00e1vn\u011bn\u00e9 osoby. Tuto PM si ponech\u00e1 vyd\u00e1vaj\u00edc\u00ed \u00fa\u0159ednice. Spr\u00e1vn\u00ed poplatek za tento v\u00fdpis \u010din\u00ed 100.-K\u010d (\u010cesk\u00e1 po\u0161ta jej poskytuje za 69.-K\u010d). Stanoveno p\u0159edpisem.<\/li>\n<li style=\"padding-left: 30px;\"><strong>Registr \u00fa\u010dastn\u00edk\u016f provozu modulu autovrak\u016f ISOH<\/strong><br \/>\nUr\u010deno provozovatel\u016fm autovrakovi\u0161\u0165.<\/li>\n<\/ul>\n<h6>Pracovi\u0161t\u011b Czech POINTu:<\/h6>\n<ul>\n<li>Informa\u010dn\u00ed kancel\u00e1\u0159 (p\u0159\u00edzem\u00ed budovy \u00fa\u0159adu \u010d. p. 1073)<\/li>\n<li>Polyfunk\u010dn\u00ed budova \u010cern\u00fd Most (Bobkova 534\/47, naproti stanici metra \u010cern\u00fd Most) &#8211; kontaktn\u00ed m\u00edsto \u00daM\u010c Praha 14<\/li>\n<\/ul>\n<h6>\u00da\u0159edn\u00ed hodiny pro Czech POINT:<\/h6>\n<p>Spr\u00e1vn\u00ed poplatek: Za v\u00fddej prvn\u00ed str\u00e1nky ka\u017ed\u00e9ho v\u00fdpisu zaplat\u00ed \u017eadatel 100,- K\u010d, za ka\u017edou dal\u0161\u00ed zapo\u010datou str\u00e1nku 50,- K\u010d.<br \/>\nPlat\u00ed se hotov\u011b ov\u011b\u0159ovac\u00ed \u00fa\u0159ednici, p\u0159ed vyd\u00e1n\u00edm po\u017eadovan\u00e9ho dokumentu.<\/p>\n<table>\n<tbody>\n<tr>\n<td>PO<\/td>\n<td>7.30 &#8211; 12.00, 13.00 &#8211; 18.00<\/td>\n<\/tr>\n<tr>\n<td>\u00daT<\/td>\n<td>7.30 &#8211; 12.00, 13.00 &#8211; 15.00<\/td>\n<\/tr>\n<tr>\n<td>ST<\/td>\n<td>7.30 &#8211; 12.00, 13.00 &#8211; 18.00<\/td>\n<\/tr>\n<tr>\n<td>\u010cT<\/td>\n<td>7.30 &#8211; 12.00, 13.00 &#8211; 15.00<\/td>\n<\/tr>\n<tr>\n<td>P\u00c1<\/td>\n<td>7.30 &#8211; 12.00, 13.00 &#8211; 14.00<\/td>\n<\/tr>\n<\/tbody>\n<\/table>\n","protected":false},"excerpt":{"rendered":"<p>\u010cesk\u00fd Podac\u00ed Ov\u011b\u0159ovac\u00ed Informa\u010dn\u00ed N\u00e1rodn\u00ed Termin\u00e1l (Czech POINT) Smyslem tohoto projektu je umo\u017enit ob\u010danovi z\u00edskat na jednom m\u00edst\u011b, a na po\u010dk\u00e1n\u00ed, v\u00edce po\u017eadovan\u00fdch informac\u00ed, nebo l\u00e9pe \u0159e\u010deno doklad\u016f. Doklad\u016f proto, \u017ee po\u017eadovan\u00e9 v\u00fdstupy z informa\u010dn\u00edch datab\u00e1z\u00ed jsou \u00fa\u0159adem osv\u011bd\u010deny ov\u011b\u0159ovac\u00ed dolo\u017ekou. To znamen\u00e1, \u017ee dosavadn\u00ed informativn\u00ed v\u00fdtisk, nap\u0159. \u00fadaj\u016f o firm\u011b z obchodn\u00edho rejst\u0159\u00edku, z\u00edsk\u00e1v\u00e1&#8230;<\/p>\n","protected":false},"author":1,"featured_media":0,"parent":0,"menu_order":0,"comment_status":"closed","ping_status":"open","template":"","meta":{"_acf_changed":false,"footnotes":""},"class_list":["post-67","page","type-page","status-publish","hentry"],"acf":[],"yoast_head":"<!-- This site is optimized with the Yoast SEO plugin v27.2 - https:\/\/yoast.com\/product\/yoast-seo-wordpress\/ -->\n<title>Czech POINT - \u00daM\u010c P14<\/title>\n<meta name=\"robots\" content=\"index, follow, max-snippet:-1, max-image-preview:large, max-video-preview:-1\" \/>\n<link rel=\"canonical\" href=\"https:\/\/www.praha14.cz\/urad-mestske-casti\/czech-point\/\" \/>\n<meta property=\"og:locale\" content=\"cs_CZ\" \/>\n<meta property=\"og:type\" content=\"article\" \/>\n<meta property=\"og:title\" content=\"Czech POINT - \u00daM\u010c P14\" \/>\n<meta property=\"og:description\" content=\"\u010cesk\u00fd Podac\u00ed Ov\u011b\u0159ovac\u00ed Informa\u010dn\u00ed N\u00e1rodn\u00ed Termin\u00e1l (Czech POINT) Smyslem tohoto projektu je umo\u017enit ob\u010danovi z\u00edskat na jednom m\u00edst\u011b, a na po\u010dk\u00e1n\u00ed, v\u00edce po\u017eadovan\u00fdch informac\u00ed, nebo l\u00e9pe \u0159e\u010deno doklad\u016f. Doklad\u016f proto, \u017ee po\u017eadovan\u00e9 v\u00fdstupy z informa\u010dn\u00edch datab\u00e1z\u00ed jsou \u00fa\u0159adem osv\u011bd\u010deny ov\u011b\u0159ovac\u00ed dolo\u017ekou. To znamen\u00e1, \u017ee dosavadn\u00ed informativn\u00ed v\u00fdtisk, nap\u0159. \u00fadaj\u016f o firm\u011b z obchodn\u00edho rejst\u0159\u00edku, z\u00edsk\u00e1v\u00e1...\" \/>\n<meta property=\"og:url\" content=\"https:\/\/www.praha14.cz\/urad-mestske-casti\/czech-point\/\" \/>\n<meta property=\"og:site_name\" content=\"\u00daM\u010c P14\" \/>\n<meta property=\"article:modified_time\" content=\"2026-04-09T12:36:43+00:00\" \/>\n<meta name=\"twitter:card\" content=\"summary_large_image\" \/>\n<meta name=\"twitter:label1\" content=\"Est. reading time\" \/>\n\t<meta name=\"twitter:data1\" content=\"3 minuty\" \/>\n<script type=\"application\/ld+json\" class=\"yoast-schema-graph\">{\"@context\":\"https:\/\/schema.org\",\"@graph\":[{\"@type\":\"WebPage\",\"@id\":\"https:\/\/www.praha14.cz\/urad-mestske-casti\/czech-point\/\",\"url\":\"https:\/\/www.praha14.cz\/urad-mestske-casti\/czech-point\/\",\"name\":\"Czech POINT - \u00daM\u010c P14\",\"isPartOf\":{\"@id\":\"https:\/\/www.praha14.cz\/urad-mestske-casti\/#website\"},\"datePublished\":\"2014-04-11T10:19:57+00:00\",\"dateModified\":\"2026-04-09T12:36:43+00:00\",\"breadcrumb\":{\"@id\":\"https:\/\/www.praha14.cz\/urad-mestske-casti\/czech-point\/#breadcrumb\"},\"inLanguage\":\"cs\",\"potentialAction\":[{\"@type\":\"ReadAction\",\"target\":[\"https:\/\/www.praha14.cz\/urad-mestske-casti\/czech-point\/\"]}]},{\"@type\":\"BreadcrumbList\",\"@id\":\"https:\/\/www.praha14.cz\/urad-mestske-casti\/czech-point\/#breadcrumb\",\"itemListElement\":[{\"@type\":\"ListItem\",\"position\":1,\"name\":\"\u00da\u0159ad m\u011bstsk\u00e9 \u010d\u00e1sti Praha 14\",\"item\":\"https:\/\/www.praha14.cz\/urad-mestske-casti\/\"},{\"@type\":\"ListItem\",\"position\":2,\"name\":\"Czech POINT\"}]},{\"@type\":\"WebSite\",\"@id\":\"https:\/\/www.praha14.cz\/urad-mestske-casti\/#website\",\"url\":\"https:\/\/www.praha14.cz\/urad-mestske-casti\/\",\"name\":\"\u00daM\u010c P14\",\"description\":\"Ofici\u00e1ln\u00ed str\u00e1nky m\u011bstsk\u00e9 \u010d\u00e1sti Praha 14\",\"potentialAction\":[{\"@type\":\"SearchAction\",\"target\":{\"@type\":\"EntryPoint\",\"urlTemplate\":\"https:\/\/www.praha14.cz\/urad-mestske-casti\/?s={search_term_string}\"},\"query-input\":{\"@type\":\"PropertyValueSpecification\",\"valueRequired\":true,\"valueName\":\"search_term_string\"}}],\"inLanguage\":\"cs\"}]}<\/script>\n<!-- \/ Yoast SEO plugin. -->","yoast_head_json":{"title":"Czech POINT - \u00daM\u010c P14","robots":{"index":"index","follow":"follow","max-snippet":"max-snippet:-1","max-image-preview":"max-image-preview:large","max-video-preview":"max-video-preview:-1"},"canonical":"https:\/\/www.praha14.cz\/urad-mestske-casti\/czech-point\/","og_locale":"cs_CZ","og_type":"article","og_title":"Czech POINT - \u00daM\u010c P14","og_description":"\u010cesk\u00fd Podac\u00ed Ov\u011b\u0159ovac\u00ed Informa\u010dn\u00ed N\u00e1rodn\u00ed Termin\u00e1l (Czech POINT) Smyslem tohoto projektu je umo\u017enit ob\u010danovi z\u00edskat na jednom m\u00edst\u011b, a na po\u010dk\u00e1n\u00ed, v\u00edce po\u017eadovan\u00fdch informac\u00ed, nebo l\u00e9pe \u0159e\u010deno doklad\u016f. Doklad\u016f proto, \u017ee po\u017eadovan\u00e9 v\u00fdstupy z informa\u010dn\u00edch datab\u00e1z\u00ed jsou \u00fa\u0159adem osv\u011bd\u010deny ov\u011b\u0159ovac\u00ed dolo\u017ekou. To znamen\u00e1, \u017ee dosavadn\u00ed informativn\u00ed v\u00fdtisk, nap\u0159. \u00fadaj\u016f o firm\u011b z obchodn\u00edho rejst\u0159\u00edku, z\u00edsk\u00e1v\u00e1...","og_url":"https:\/\/www.praha14.cz\/urad-mestske-casti\/czech-point\/","og_site_name":"\u00daM\u010c P14","article_modified_time":"2026-04-09T12:36:43+00:00","twitter_card":"summary_large_image","twitter_misc":{"Est. reading time":"3 minuty"},"schema":{"@context":"https:\/\/schema.org","@graph":[{"@type":"WebPage","@id":"https:\/\/www.praha14.cz\/urad-mestske-casti\/czech-point\/","url":"https:\/\/www.praha14.cz\/urad-mestske-casti\/czech-point\/","name":"Czech POINT - \u00daM\u010c P14","isPartOf":{"@id":"https:\/\/www.praha14.cz\/urad-mestske-casti\/#website"},"datePublished":"2014-04-11T10:19:57+00:00","dateModified":"2026-04-09T12:36:43+00:00","breadcrumb":{"@id":"https:\/\/www.praha14.cz\/urad-mestske-casti\/czech-point\/#breadcrumb"},"inLanguage":"cs","potentialAction":[{"@type":"ReadAction","target":["https:\/\/www.praha14.cz\/urad-mestske-casti\/czech-point\/"]}]},{"@type":"BreadcrumbList","@id":"https:\/\/www.praha14.cz\/urad-mestske-casti\/czech-point\/#breadcrumb","itemListElement":[{"@type":"ListItem","position":1,"name":"\u00da\u0159ad m\u011bstsk\u00e9 \u010d\u00e1sti Praha 14","item":"https:\/\/www.praha14.cz\/urad-mestske-casti\/"},{"@type":"ListItem","position":2,"name":"Czech POINT"}]},{"@type":"WebSite","@id":"https:\/\/www.praha14.cz\/urad-mestske-casti\/#website","url":"https:\/\/www.praha14.cz\/urad-mestske-casti\/","name":"\u00daM\u010c P14","description":"Ofici\u00e1ln\u00ed str\u00e1nky m\u011bstsk\u00e9 \u010d\u00e1sti Praha 14","potentialAction":[{"@type":"SearchAction","target":{"@type":"EntryPoint","urlTemplate":"https:\/\/www.praha14.cz\/urad-mestske-casti\/?s={search_term_string}"},"query-input":{"@type":"PropertyValueSpecification","valueRequired":true,"valueName":"search_term_string"}}],"inLanguage":"cs"}]}},"_links":{"self":[{"href":"https:\/\/www.praha14.cz\/urad-mestske-casti\/wp-json\/wp\/v2\/pages\/67","targetHints":{"allow":["GET"]}}],"collection":[{"href":"https:\/\/www.praha14.cz\/urad-mestske-casti\/wp-json\/wp\/v2\/pages"}],"about":[{"href":"https:\/\/www.praha14.cz\/urad-mestske-casti\/wp-json\/wp\/v2\/types\/page"}],"author":[{"embeddable":true,"href":"https:\/\/www.praha14.cz\/urad-mestske-casti\/wp-json\/wp\/v2\/users\/1"}],"replies":[{"embeddable":true,"href":"https:\/\/www.praha14.cz\/urad-mestske-casti\/wp-json\/wp\/v2\/comments?post=67"}],"version-history":[{"count":9,"href":"https:\/\/www.praha14.cz\/urad-mestske-casti\/wp-json\/wp\/v2\/pages\/67\/revisions"}],"predecessor-version":[{"id":54708,"href":"https:\/\/www.praha14.cz\/urad-mestske-casti\/wp-json\/wp\/v2\/pages\/67\/revisions\/54708"}],"wp:attachment":[{"href":"https:\/\/www.praha14.cz\/urad-mestske-casti\/wp-json\/wp\/v2\/media?parent=67"}],"curies":[{"name":"wp","href":"https:\/\/api.w.org\/{rel}","templated":true}]}}