{"id":10842,"date":"2014-04-23T14:23:16","date_gmt":"2014-04-23T13:23:16","guid":{"rendered":"https:\/\/www.praha14.cz\/zpravodajstvi\/?page_id=10842"},"modified":"2014-06-18T09:24:08","modified_gmt":"2014-06-18T08:24:08","slug":"archiv-102002","status":"publish","type":"page","link":"https:\/\/www.praha14.cz\/zivot-na-praze-14\/casopis-ctrnactka-14\/listy-prahy-14\/archiv-102002\/","title":{"rendered":"Archiv &#8211; 10\/2002"},"content":{"rendered":"<p><b>Seznam \u010dl\u00e1nk\u016f \u010d.10\/2002<\/b><\/p>\n<table>\n<tbody>\n<tr>\n<td><b><span>Tituln\u00ed strana<\/span><\/b><\/td>\n<td><span><b>strana 17<\/b><\/span><\/td>\n<\/tr>\n<tr>\n<td><a href=\"https:\/\/www.praha14.cz\/app\/uploads\/sites\/3\/2014\/04\/2002_10_vlakem.pdf\">Vlakem do centra Prahy<\/a><\/td>\n<td><span><a href=\"https:\/\/www.praha14.cz\/app\/uploads\/sites\/3\/2014\/04\/2002_10_pavlata.pdf\">Josef Pavlata<\/a><\/span><\/td>\n<\/tr>\n<tr>\n<td><b><span>strana 3<\/span><\/b><\/td>\n<td><a href=\"https:\/\/www.praha14.cz\/app\/uploads\/sites\/3\/2014\/04\/2002_10_hermanek.pdf\">Karel He\u0159m\u00e1nek<\/a><\/td>\n<\/tr>\n<tr>\n<td><a href=\"https:\/\/www.praha14.cz\/app\/uploads\/sites\/3\/2014\/04\/2002_10_odbor_zdrav.pdf\">Odbor zdravotnictv\u00ed informuje<\/a><\/td>\n<td><a href=\"https:\/\/www.praha14.cz\/app\/uploads\/sites\/3\/2014\/04\/2002_10_fronek.pdf\">Ing.Miroslav Fron\u011bk<\/a><\/td>\n<\/tr>\n<tr>\n<td><a href=\"https:\/\/www.praha14.cz\/app\/uploads\/sites\/3\/2014\/04\/2002_10_nova_kolaudac.pdf\">Nov\u00e1 kolauda\u010dn\u00ed rozhodnut\u00ed<\/a><\/td>\n<td><span><a href=\"https:\/\/www.praha14.cz\/app\/uploads\/sites\/3\/2014\/04\/2002_10_fejetonek.pdf\">Fejet\u00f3nek<\/a><\/span><\/td>\n<\/tr>\n<tr>\n<td><a href=\"https:\/\/www.praha14.cz\/app\/uploads\/sites\/3\/2014\/04\/2002_10_o_cinnosti.pdf\">O \u010dinnosti spr\u00e1vn\u00ed rady nadace<\/a><\/td>\n<td><span><b>strana 18<\/b><\/span><\/td>\n<\/tr>\n<tr>\n<td><a href=\"https:\/\/www.praha14.cz\/app\/uploads\/sites\/3\/2014\/04\/2002_10_detske_kurzy.pdf\">Voln\u00e1 m\u00edsta v d\u011btsk\u00fdch kurzech<\/a><\/td>\n<td><a href=\"https:\/\/www.praha14.cz\/app\/uploads\/sites\/3\/2014\/04\/2002_10_vol_programCSSD.pdf\">Volebn\u00ed program \u010cSSD<\/a><\/td>\n<\/tr>\n<tr>\n<td><span><b>strana 4<\/b><\/span><\/td>\n<td><span><b>strana 19<\/b><\/span><\/td>\n<\/tr>\n<tr>\n<td><a href=\"https:\/\/www.praha14.cz\/Deska\/oop_vok_rijen_2002.pdf\">Velkoobjemov\u00e9 kontejnery<\/a><\/td>\n<td><a href=\"https:\/\/www.praha14.cz\/app\/uploads\/sites\/3\/2014\/04\/2002_10_jelenova.pdf\">PhDr. Zuzana Jelenov\u00e1<\/a><\/td>\n<\/tr>\n<tr>\n<td><a href=\"https:\/\/www.praha14.cz\/app\/uploads\/sites\/3\/2014\/04\/2002_10_o_realizovanych.pdf\">O realizovan\u00fdch i p\u0159ipravovan\u00fdch dopr.projektech na Praze14<\/a><\/td>\n<td><a href=\"https:\/\/www.praha14.cz\/app\/uploads\/sites\/3\/2014\/04\/2002_10_kdu_csl.pdf\">KDU-\u010cSL<\/a><\/td>\n<\/tr>\n<tr>\n<td><span><b>strana 5<\/b><\/span><\/td>\n<td><span><b>strana 20<\/b><\/span><\/td>\n<\/tr>\n<tr>\n<td><a href=\"https:\/\/www.praha14.cz\/app\/uploads\/sites\/3\/2014\/04\/2002_10_hledejte.pdf\">Hledejte ve mn\u011b nap\u0159ed um\u011blce a pak teprve bojovn\u00edka<\/a><\/td>\n<td><a href=\"https:\/\/www.praha14.cz\/app\/uploads\/sites\/3\/2014\/04\/2002_10_kanditlistina_unie.pdf\">Kandid\u00e1tn\u00ed listina Unie svobody-Demokratick\u00e1 unie<\/a><\/td>\n<\/tr>\n<tr>\n<td><a href=\"https:\/\/www.praha14.cz\/app\/uploads\/sites\/3\/2014\/04\/2002_10_pozvanka.pdf\">Pozv\u00e1nka na v\u00fdstavu do Galerie 14<\/a><\/td>\n<td><span><b>strana 21<\/b><\/span><\/td>\n<\/tr>\n<tr>\n<td><a href=\"https:\/\/www.praha14.cz\/app\/uploads\/sites\/3\/2014\/04\/2002_10_sjednocena.pdf\">Sjednocen\u00e1 organizace nevidom\u00fdch a slabozrak\u00fdch<\/a><\/td>\n<td><a href=\"https:\/\/www.praha14.cz\/app\/uploads\/sites\/3\/2014\/04\/2002_10_kandit24.pdf\">Kandid\u00e1tka do Sen\u00e1tu ve vol.obv.24<\/a><\/td>\n<\/tr>\n<tr>\n<td><span><b>strana 6 a\u017e 8<\/b><\/span><\/td>\n<td><span><b>strana 23<\/b><\/span><\/td>\n<\/tr>\n<tr>\n<td><a href=\"https:\/\/www.praha14.cz\/app\/uploads\/sites\/3\/2014\/04\/2002_10_odborne_komise.pdf\">Odborn\u00e9 komise Rady a V\u00fdbory<\/a><\/td>\n<td><span><a href=\"https:\/\/www.praha14.cz\/app\/uploads\/sites\/3\/2014\/04\/2002_10_s_lidmi.pdf\">S lidmi pro lidi<\/a><\/span><\/td>\n<\/tr>\n<tr>\n<td><span><b>strana 8<\/b><\/span><\/td>\n<td><span><b>strana 24<\/b><\/span><\/td>\n<\/tr>\n<tr>\n<td><a href=\"https:\/\/www.praha14.cz\/app\/uploads\/sites\/3\/2014\/04\/2002_10_knihy.pdf\">Knihy Tr\u00e1vn\u00ed\u010dek<\/a><\/td>\n<td><span><a href=\"https:\/\/www.praha14.cz\/app\/uploads\/sites\/3\/2014\/04\/2002_10_vondracek.pdf\">Franti\u0161ek Vondr\u00e1\u010dek-nez\u00e1visl\u00fd kandid\u00e1t<\/a><\/span><\/td>\n<\/tr>\n<tr>\n<td><a href=\"https:\/\/www.praha14.cz\/app\/uploads\/sites\/3\/2014\/04\/2002_10_pozvanka_nabesedu.pdf\">Pozv\u00e1nka na besedu<\/a><\/td>\n<td><b><span>strana 25<\/span><\/b><\/td>\n<\/tr>\n<tr>\n<td><a href=\"https:\/\/www.praha14.cz\/app\/uploads\/sites\/3\/2014\/04\/2002_10_novinky.pdf\">Novinky v m\u00edstn\u00edch knihovn\u00e1ch<\/a><\/td>\n<td><a href=\"https:\/\/www.praha14.cz\/app\/uploads\/sites\/3\/2014\/04\/2002_10_volebni_inzerce.pdf\">Rozumn\u00e1 \u0159e\u0161en\u00ed pro Prahu<\/a><\/td>\n<\/tr>\n<tr>\n<td><a href=\"https:\/\/www.praha14.cz\/app\/uploads\/sites\/3\/2014\/04\/2002_10_vodacke.pdf\">Vod\u00e1ck\u00e9 sj\u00ed\u017ed\u011bn\u00ed Rokytky se neuskute\u010dn\u00ed<\/a><\/td>\n<td><span><a href=\"https:\/\/www.praha14.cz\/app\/uploads\/sites\/3\/2014\/04\/2002_10_telegraficky.pdf\">Telegraficky<\/a><\/span><\/td>\n<\/tr>\n<tr>\n<td><span><b>strana 9<\/b><\/span><\/td>\n<td><a href=\"https:\/\/www.praha14.cz\/app\/uploads\/sites\/3\/2014\/04\/2002_10_malyoznamovatel.pdf\">Mal\u00fd bezplatn\u00fd oznamovatel<\/a><\/td>\n<\/tr>\n<tr>\n<td><a href=\"https:\/\/www.praha14.cz\/app\/uploads\/sites\/3\/2014\/04\/2002_10_pojdte_snami.pdf\">Poj\u010fte s n\u00e1mi na \u00fa\u0159ad<\/a><\/td>\n<td><span><b>strana 26<\/b><\/span><\/td>\n<\/tr>\n<tr>\n<td><span><b>strana 10<\/b><\/span><\/td>\n<td><a href=\"https:\/\/www.praha14.cz\/app\/uploads\/sites\/3\/2014\/04\/2002_10_srub.pdf\">Srub&#8220;jako z westernu&#8220;<\/a><\/td>\n<\/tr>\n<tr>\n<td><a href=\"https:\/\/www.praha14.cz\/app\/uploads\/sites\/3\/2014\/04\/2002_10_sportovni_prehled.pdf\">Sportovn\u00ed p\u0159ehled<\/a><\/td>\n<td><a href=\"https:\/\/www.praha14.cz\/app\/uploads\/sites\/3\/2014\/04\/2002_10_skautske.pdf\">Skautsk\u00e9 l\u00e9to V Pohod\u011b<\/a><\/td>\n<\/tr>\n<tr>\n<td><a href=\"https:\/\/www.praha14.cz\/app\/uploads\/sites\/3\/2014\/04\/2002_10_vysledky.pdf\">V\u00fdsledky m\u00edstn\u00edch fotbalov\u00fdch t\u00fdm\u016f<\/a><\/td>\n<td><b><span>strana 27<\/span><\/b><\/td>\n<\/tr>\n<tr>\n<td><a href=\"https:\/\/www.praha14.cz\/app\/uploads\/sites\/3\/2014\/04\/2002_10_nabor.pdf\">N\u00e1bor volejbalov\u00e9 \u0161koly<\/a><\/td>\n<td><span><a href=\"https:\/\/www.praha14.cz\/app\/uploads\/sites\/3\/2014\/04\/2002_10_azylovy.pdf\">Azylov\u00fd d\u016fm na \u010cern\u00e9m Most\u011b rok pot\u00e9<\/a><\/span><\/td>\n<\/tr>\n<tr>\n<td><a href=\"https:\/\/www.praha14.cz\/app\/uploads\/sites\/3\/2014\/04\/2002_10_zacvicte.pdf\">Zacvi\u010dte si s n\u00e1mi<\/a><\/td>\n<td><span><b>strana 28<\/b><\/span><\/td>\n<\/tr>\n<tr>\n<td><a href=\"https:\/\/www.praha14.cz\/app\/uploads\/sites\/3\/2014\/04\/2002_10_nohejbal.pdf\">Nohejbal o poh\u00e1r starosty<\/a><\/td>\n<td><span><a href=\"https:\/\/www.praha14.cz\/app\/uploads\/sites\/3\/2014\/04\/2002_10_navraty.pdf\">N\u00e1vraty do d\u011btstv\u00ed<\/a><\/span><\/td>\n<\/tr>\n<tr>\n<td><a href=\"https:\/\/www.praha14.cz\/app\/uploads\/sites\/3\/2014\/04\/2002_10_tenisovy.pdf\">Tenisov\u00fd turnaj na Slavoji Hloub\u011bt\u00edn<\/a><\/td>\n<td><a href=\"https:\/\/www.praha14.cz\/app\/uploads\/sites\/3\/2014\/04\/2002_10_nova_bezpl.pdf\">Nov\u00e1 bezplatn\u00e1 pr\u00e1vn\u00ed poradna v Praze 14<\/a><\/td>\n<\/tr>\n<tr>\n<td><span><b>strana 11a\u017e 15<\/b><\/span><\/td>\n<td><a href=\"https:\/\/www.praha14.cz\/app\/uploads\/sites\/3\/2014\/04\/2002_10_obcanskopravni.pdf\">Ob\u010danskopr\u00e1vn\u00ed poradna<\/a><\/td>\n<\/tr>\n<tr>\n<td><a href=\"https:\/\/www.praha14.cz\/app\/uploads\/sites\/3\/2014\/04\/2002_10_ulice_acisla.pdf\">Volebn\u00ed p\u0159\u00edloha k sen\u00e1tn\u00edm a obecn\u00edm volb\u00e1m<\/a><\/td>\n<td><span><b>strana 29<\/b><\/span><\/td>\n<\/tr>\n<tr>\n<td><span><b>strana 16<\/b><\/span><\/td>\n<td><a href=\"https:\/\/www.praha14.cz\/app\/uploads\/sites\/3\/2014\/04\/2002_10_tezba_uhli.pdf\">T\u011b\u017eba \u010dern\u00e9ho uhl\u00ed v Praze 14<\/a><\/td>\n<\/tr>\n<tr>\n<td><a href=\"https:\/\/www.praha14.cz\/app\/uploads\/sites\/3\/2014\/04\/2002_10_14temat.pdf\">14 t\u00e9mat pro 14 &#8211; ODS<\/a><\/td>\n<td><b><span>strana 30<\/span><\/b><\/td>\n<\/tr>\n<tr>\n<td><\/td>\n<td><a href=\"https:\/\/www.praha14.cz\/app\/uploads\/sites\/3\/2014\/04\/2002_10_v_iscare.pdf\">V Iscare maj\u00ed u\u017e &#8222;sv\u00e9&#8220; prv\u0148\u00e1\u010dky<\/a><\/td>\n<\/tr>\n<tr>\n<td><\/td>\n<td><b><span>strana 32<\/span><\/b><\/td>\n<\/tr>\n<tr>\n<td><\/td>\n<td><span><a href=\"https:\/\/www.praha14.cz\/app\/uploads\/sites\/3\/2014\/04\/2002_10_ccm.pdf\">C\u010cM na prahu podzimu<\/a><\/span><\/td>\n<\/tr>\n<\/tbody>\n<\/table>\n<p><img loading=\"lazy\" decoding=\"async\" alt=\"logo listy\" src=\"https:\/\/www.praha14.cz\/app\/uploads\/sites\/3\/2014\/04\/2002_10_logoListy.jpg\" width=\"430\" height=\"147\" \/><\/p>\n","protected":false},"excerpt":{"rendered":"<p>Seznam \u010dl\u00e1nk\u016f \u010d.10\/2002 Tituln\u00ed strana strana 17 Vlakem do centra Prahy Josef Pavlata strana 3 Karel He\u0159m\u00e1nek Odbor zdravotnictv\u00ed informuje Ing.Miroslav Fron\u011bk Nov\u00e1 kolauda\u010dn\u00ed rozhodnut\u00ed Fejet\u00f3nek O \u010dinnosti spr\u00e1vn\u00ed rady nadace strana 18 Voln\u00e1 m\u00edsta v d\u011btsk\u00fdch kurzech Volebn\u00ed program \u010cSSD strana 4 strana 19 Velkoobjemov\u00e9 kontejnery PhDr. Zuzana Jelenov\u00e1 O realizovan\u00fdch i p\u0159ipravovan\u00fdch dopr.projektech&#8230;<\/p>\n","protected":false},"author":1,"featured_media":0,"parent":409,"menu_order":0,"comment_status":"closed","ping_status":"open","template":"","meta":{"_acf_changed":false,"footnotes":""},"class_list":["post-10842","page","type-page","status-publish","hentry"],"acf":[],"yoast_head":"<!-- This site is optimized with the Yoast SEO plugin v27.2 - https:\/\/yoast.com\/product\/yoast-seo-wordpress\/ -->\n<title>Archiv - 10\/2002 - \u017divot na Praze 14<\/title>\n<meta name=\"robots\" content=\"index, follow, max-snippet:-1, max-image-preview:large, max-video-preview:-1\" \/>\n<link rel=\"canonical\" href=\"https:\/\/www.praha14.cz\/zivot-na-praze-14\/casopis-ctrnactka-14\/listy-prahy-14\/archiv-102002\/\" \/>\n<meta property=\"og:locale\" content=\"cs_CZ\" \/>\n<meta property=\"og:type\" content=\"article\" \/>\n<meta property=\"og:title\" content=\"Archiv - 10\/2002 - \u017divot na Praze 14\" \/>\n<meta property=\"og:description\" content=\"Seznam \u010dl\u00e1nk\u016f \u010d.10\/2002 Tituln\u00ed strana strana 17 Vlakem do centra Prahy Josef Pavlata strana 3 Karel He\u0159m\u00e1nek Odbor zdravotnictv\u00ed informuje Ing.Miroslav Fron\u011bk Nov\u00e1 kolauda\u010dn\u00ed rozhodnut\u00ed Fejet\u00f3nek O \u010dinnosti spr\u00e1vn\u00ed rady nadace strana 18 Voln\u00e1 m\u00edsta v d\u011btsk\u00fdch kurzech Volebn\u00ed program \u010cSSD strana 4 strana 19 Velkoobjemov\u00e9 kontejnery PhDr. Zuzana Jelenov\u00e1 O realizovan\u00fdch i p\u0159ipravovan\u00fdch dopr.projektech...\" \/>\n<meta property=\"og:url\" content=\"https:\/\/www.praha14.cz\/zivot-na-praze-14\/casopis-ctrnactka-14\/listy-prahy-14\/archiv-102002\/\" \/>\n<meta property=\"og:site_name\" content=\"\u017divot na Praze 14\" \/>\n<meta property=\"article:modified_time\" content=\"2014-06-18T08:24:08+00:00\" \/>\n<meta property=\"og:image\" content=\"https:\/\/www.praha14.cz\/app\/uploads\/sites\/3\/2014\/04\/2002_10_logoListy.jpg\" \/>\n<meta name=\"twitter:card\" content=\"summary_large_image\" \/>\n<meta name=\"twitter:label1\" content=\"Est. reading time\" \/>\n\t<meta name=\"twitter:data1\" content=\"1 minuta\" \/>\n<script type=\"application\/ld+json\" class=\"yoast-schema-graph\">{\"@context\":\"https:\/\/schema.org\",\"@graph\":[{\"@type\":\"WebPage\",\"@id\":\"https:\/\/www.praha14.cz\/zivot-na-praze-14\/casopis-ctrnactka-14\/listy-prahy-14\/archiv-102002\/\",\"url\":\"https:\/\/www.praha14.cz\/zivot-na-praze-14\/casopis-ctrnactka-14\/listy-prahy-14\/archiv-102002\/\",\"name\":\"Archiv - 10\/2002 - \u017divot na Praze 14\",\"isPartOf\":{\"@id\":\"https:\/\/www.praha14.cz\/zivot-na-praze-14\/#website\"},\"primaryImageOfPage\":{\"@id\":\"https:\/\/www.praha14.cz\/zivot-na-praze-14\/casopis-ctrnactka-14\/listy-prahy-14\/archiv-102002\/#primaryimage\"},\"image\":{\"@id\":\"https:\/\/www.praha14.cz\/zivot-na-praze-14\/casopis-ctrnactka-14\/listy-prahy-14\/archiv-102002\/#primaryimage\"},\"thumbnailUrl\":\"https:\/\/www.praha14.cz\/app\/uploads\/sites\/3\/2014\/04\/2002_10_logoListy.jpg\",\"datePublished\":\"2014-04-23T13:23:16+00:00\",\"dateModified\":\"2014-06-18T08:24:08+00:00\",\"breadcrumb\":{\"@id\":\"https:\/\/www.praha14.cz\/zivot-na-praze-14\/casopis-ctrnactka-14\/listy-prahy-14\/archiv-102002\/#breadcrumb\"},\"inLanguage\":\"cs\",\"potentialAction\":[{\"@type\":\"ReadAction\",\"target\":[\"https:\/\/www.praha14.cz\/zivot-na-praze-14\/casopis-ctrnactka-14\/listy-prahy-14\/archiv-102002\/\"]}]},{\"@type\":\"ImageObject\",\"inLanguage\":\"cs\",\"@id\":\"https:\/\/www.praha14.cz\/zivot-na-praze-14\/casopis-ctrnactka-14\/listy-prahy-14\/archiv-102002\/#primaryimage\",\"url\":\"https:\/\/www.praha14.cz\/app\/uploads\/sites\/3\/2014\/04\/2002_10_logoListy.jpg\",\"contentUrl\":\"https:\/\/www.praha14.cz\/app\/uploads\/sites\/3\/2014\/04\/2002_10_logoListy.jpg\"},{\"@type\":\"BreadcrumbList\",\"@id\":\"https:\/\/www.praha14.cz\/zivot-na-praze-14\/casopis-ctrnactka-14\/listy-prahy-14\/archiv-102002\/#breadcrumb\",\"itemListElement\":[{\"@type\":\"ListItem\",\"position\":1,\"name\":\"\u017divot na Praze 14\",\"item\":\"https:\/\/www.praha14.cz\/zivot-na-praze-14\/\"},{\"@type\":\"ListItem\",\"position\":2,\"name\":\"\u010casopis \u010ctrn\u00e1ctka\",\"item\":\"https:\/\/www.praha14.cz\/zivot-na-praze-14\/casopis-ctrnactka-14\/\"},{\"@type\":\"ListItem\",\"position\":3,\"name\":\"Listy Prahy 14\",\"item\":\"https:\/\/www.praha14.cz\/zivot-na-praze-14\/casopis-ctrnactka-14\/listy-prahy-14\/\"},{\"@type\":\"ListItem\",\"position\":4,\"name\":\"Archiv &#8211; 10\/2002\"}]},{\"@type\":\"WebSite\",\"@id\":\"https:\/\/www.praha14.cz\/zivot-na-praze-14\/#website\",\"url\":\"https:\/\/www.praha14.cz\/zivot-na-praze-14\/\",\"name\":\"\u017divot na Praze 14\",\"description\":\"\",\"potentialAction\":[{\"@type\":\"SearchAction\",\"target\":{\"@type\":\"EntryPoint\",\"urlTemplate\":\"https:\/\/www.praha14.cz\/zivot-na-praze-14\/?s={search_term_string}\"},\"query-input\":{\"@type\":\"PropertyValueSpecification\",\"valueRequired\":true,\"valueName\":\"search_term_string\"}}],\"inLanguage\":\"cs\"}]}<\/script>\n<!-- \/ Yoast SEO plugin. -->","yoast_head_json":{"title":"Archiv - 10\/2002 - \u017divot na Praze 14","robots":{"index":"index","follow":"follow","max-snippet":"max-snippet:-1","max-image-preview":"max-image-preview:large","max-video-preview":"max-video-preview:-1"},"canonical":"https:\/\/www.praha14.cz\/zivot-na-praze-14\/casopis-ctrnactka-14\/listy-prahy-14\/archiv-102002\/","og_locale":"cs_CZ","og_type":"article","og_title":"Archiv - 10\/2002 - \u017divot na Praze 14","og_description":"Seznam \u010dl\u00e1nk\u016f \u010d.10\/2002 Tituln\u00ed strana strana 17 Vlakem do centra Prahy Josef Pavlata strana 3 Karel He\u0159m\u00e1nek Odbor zdravotnictv\u00ed informuje Ing.Miroslav Fron\u011bk Nov\u00e1 kolauda\u010dn\u00ed rozhodnut\u00ed Fejet\u00f3nek O \u010dinnosti spr\u00e1vn\u00ed rady nadace strana 18 Voln\u00e1 m\u00edsta v d\u011btsk\u00fdch kurzech Volebn\u00ed program \u010cSSD strana 4 strana 19 Velkoobjemov\u00e9 kontejnery PhDr. Zuzana Jelenov\u00e1 O realizovan\u00fdch i p\u0159ipravovan\u00fdch dopr.projektech...","og_url":"https:\/\/www.praha14.cz\/zivot-na-praze-14\/casopis-ctrnactka-14\/listy-prahy-14\/archiv-102002\/","og_site_name":"\u017divot na Praze 14","article_modified_time":"2014-06-18T08:24:08+00:00","og_image":[{"url":"https:\/\/www.praha14.cz\/app\/uploads\/sites\/3\/2014\/04\/2002_10_logoListy.jpg","type":"","width":"","height":""}],"twitter_card":"summary_large_image","twitter_misc":{"Est. reading time":"1 minuta"},"schema":{"@context":"https:\/\/schema.org","@graph":[{"@type":"WebPage","@id":"https:\/\/www.praha14.cz\/zivot-na-praze-14\/casopis-ctrnactka-14\/listy-prahy-14\/archiv-102002\/","url":"https:\/\/www.praha14.cz\/zivot-na-praze-14\/casopis-ctrnactka-14\/listy-prahy-14\/archiv-102002\/","name":"Archiv - 10\/2002 - \u017divot na Praze 14","isPartOf":{"@id":"https:\/\/www.praha14.cz\/zivot-na-praze-14\/#website"},"primaryImageOfPage":{"@id":"https:\/\/www.praha14.cz\/zivot-na-praze-14\/casopis-ctrnactka-14\/listy-prahy-14\/archiv-102002\/#primaryimage"},"image":{"@id":"https:\/\/www.praha14.cz\/zivot-na-praze-14\/casopis-ctrnactka-14\/listy-prahy-14\/archiv-102002\/#primaryimage"},"thumbnailUrl":"https:\/\/www.praha14.cz\/app\/uploads\/sites\/3\/2014\/04\/2002_10_logoListy.jpg","datePublished":"2014-04-23T13:23:16+00:00","dateModified":"2014-06-18T08:24:08+00:00","breadcrumb":{"@id":"https:\/\/www.praha14.cz\/zivot-na-praze-14\/casopis-ctrnactka-14\/listy-prahy-14\/archiv-102002\/#breadcrumb"},"inLanguage":"cs","potentialAction":[{"@type":"ReadAction","target":["https:\/\/www.praha14.cz\/zivot-na-praze-14\/casopis-ctrnactka-14\/listy-prahy-14\/archiv-102002\/"]}]},{"@type":"ImageObject","inLanguage":"cs","@id":"https:\/\/www.praha14.cz\/zivot-na-praze-14\/casopis-ctrnactka-14\/listy-prahy-14\/archiv-102002\/#primaryimage","url":"https:\/\/www.praha14.cz\/app\/uploads\/sites\/3\/2014\/04\/2002_10_logoListy.jpg","contentUrl":"https:\/\/www.praha14.cz\/app\/uploads\/sites\/3\/2014\/04\/2002_10_logoListy.jpg"},{"@type":"BreadcrumbList","@id":"https:\/\/www.praha14.cz\/zivot-na-praze-14\/casopis-ctrnactka-14\/listy-prahy-14\/archiv-102002\/#breadcrumb","itemListElement":[{"@type":"ListItem","position":1,"name":"\u017divot na Praze 14","item":"https:\/\/www.praha14.cz\/zivot-na-praze-14\/"},{"@type":"ListItem","position":2,"name":"\u010casopis \u010ctrn\u00e1ctka","item":"https:\/\/www.praha14.cz\/zivot-na-praze-14\/casopis-ctrnactka-14\/"},{"@type":"ListItem","position":3,"name":"Listy Prahy 14","item":"https:\/\/www.praha14.cz\/zivot-na-praze-14\/casopis-ctrnactka-14\/listy-prahy-14\/"},{"@type":"ListItem","position":4,"name":"Archiv &#8211; 10\/2002"}]},{"@type":"WebSite","@id":"https:\/\/www.praha14.cz\/zivot-na-praze-14\/#website","url":"https:\/\/www.praha14.cz\/zivot-na-praze-14\/","name":"\u017divot na Praze 14","description":"","potentialAction":[{"@type":"SearchAction","target":{"@type":"EntryPoint","urlTemplate":"https:\/\/www.praha14.cz\/zivot-na-praze-14\/?s={search_term_string}"},"query-input":{"@type":"PropertyValueSpecification","valueRequired":true,"valueName":"search_term_string"}}],"inLanguage":"cs"}]}},"_links":{"self":[{"href":"https:\/\/www.praha14.cz\/zivot-na-praze-14\/wp-json\/wp\/v2\/pages\/10842","targetHints":{"allow":["GET"]}}],"collection":[{"href":"https:\/\/www.praha14.cz\/zivot-na-praze-14\/wp-json\/wp\/v2\/pages"}],"about":[{"href":"https:\/\/www.praha14.cz\/zivot-na-praze-14\/wp-json\/wp\/v2\/types\/page"}],"author":[{"embeddable":true,"href":"https:\/\/www.praha14.cz\/zivot-na-praze-14\/wp-json\/wp\/v2\/users\/1"}],"replies":[{"embeddable":true,"href":"https:\/\/www.praha14.cz\/zivot-na-praze-14\/wp-json\/wp\/v2\/comments?post=10842"}],"version-history":[{"count":0,"href":"https:\/\/www.praha14.cz\/zivot-na-praze-14\/wp-json\/wp\/v2\/pages\/10842\/revisions"}],"up":[{"embeddable":true,"href":"https:\/\/www.praha14.cz\/zivot-na-praze-14\/wp-json\/wp\/v2\/pages\/409"}],"wp:attachment":[{"href":"https:\/\/www.praha14.cz\/zivot-na-praze-14\/wp-json\/wp\/v2\/media?parent=10842"}],"curies":[{"name":"wp","href":"https:\/\/api.w.org\/{rel}","templated":true}]}}