{"id":11711,"date":"2014-04-23T14:44:33","date_gmt":"2014-04-23T13:44:33","guid":{"rendered":"https:\/\/www.praha14.cz\/zpravodajstvi\/?page_id=11711"},"modified":"2014-06-18T09:24:08","modified_gmt":"2014-06-18T08:24:08","slug":"archiv-7-82003","status":"publish","type":"page","link":"https:\/\/www.praha14.cz\/zivot-na-praze-14\/casopis-ctrnactka-14\/listy-prahy-14\/archiv-7-82003\/","title":{"rendered":"Archiv &#8211; 7-8\/2003"},"content":{"rendered":"<p><b>Seznam \u010dl\u00e1nk\u016f \u010d. 7 a 8 \/2003<\/b><\/p>\n<table>\n<tbody>\n<tr>\n<td><span><b>Tituln\u00ed strana<\/b><\/span><\/td>\n<td><span><b>strana 19<\/b><\/span><\/td>\n<\/tr>\n<tr>\n<td><a href=\"https:\/\/www.praha14.cz\/app\/uploads\/sites\/3\/2014\/04\/obalka7_2003-html.pdf\">ob\u00e1lka 7 a 8 \/2003<\/a><\/td>\n<td><a href=\"https:\/\/www.praha14.cz\/app\/uploads\/sites\/3\/2014\/04\/minizacky-html.pdf\">Mini\u017ea\u010dky v superform\u011b<\/a><\/td>\n<\/tr>\n<tr>\n<td><b><span>strana 2 a\u017e 3<\/span><\/b><\/td>\n<td><a href=\"https:\/\/www.praha14.cz\/app\/uploads\/sites\/3\/2014\/04\/zlaty-html.pdf\">Zlat\u00fd Vja\u010deslav<\/a><\/td>\n<\/tr>\n<tr>\n<td><a href=\"https:\/\/www.praha14.cz\/app\/uploads\/sites\/3\/2014\/04\/zpravodajstvi-html.pdf\">Zpravodajstv\u00ed z radnice<\/a><\/td>\n<td><a href=\"https:\/\/www.praha14.cz\/app\/uploads\/sites\/3\/2014\/04\/vyloveno-html.pdf\">Vyloveno bylo 68 ryb<\/a><\/td>\n<\/tr>\n<tr>\n<td><b><span>strana 4<\/span><\/b><\/td>\n<td><a href=\"https:\/\/www.praha14.cz\/app\/uploads\/sites\/3\/2014\/04\/republikove-html.pdf\">Republikov\u00e9 mistrovstv\u00ed\u00a0<\/a>v duatlonu \u017eactva<\/td>\n<\/tr>\n<tr>\n<td><a href=\"https:\/\/www.praha14.cz\/app\/uploads\/sites\/3\/2014\/04\/velkoobjemove-html.pdf\">Velkoobjemov\u00e9 kontejnery<\/a>\u00a0na \u010dervenec a srpen<\/td>\n<td><b><span>strana 20<\/span><\/b><\/td>\n<\/tr>\n<tr>\n<td><a href=\"https:\/\/www.praha14.cz\/app\/uploads\/sites\/3\/2014\/04\/pravidla-html.pdf\">Pravidla pro uzav\u00edr\u00e1n\u00ed\u00a0<\/a>n\u00e1jemn\u00edch smluv na zahr\u00e1dky<\/td>\n<td><a href=\"https:\/\/www.praha14.cz\/app\/uploads\/sites\/3\/2014\/04\/obotickach-html.pdf\">O boti\u010dk\u00e1ch, diskusn\u00edm f\u00f3ru a \u0161\u00e9fov\u00e1n\u00ed<\/a><\/td>\n<\/tr>\n<tr>\n<td><b><span>strana 5 a\u017e 7<\/span><\/b><\/td>\n<td><b><span>strana 21<\/span><\/b><\/td>\n<\/tr>\n<tr>\n<td><a href=\"https:\/\/www.praha14.cz\/app\/uploads\/sites\/3\/2014\/04\/ordinace-html.pdf\">Ordinace soukrom\u00fdch l\u00e9ka\u0159\u016f\u00a0<\/a>a zdravotn\u00edk\u016f<\/td>\n<td><a href=\"https:\/\/www.praha14.cz\/app\/uploads\/sites\/3\/2014\/04\/pece-html.pdf\">P\u00e9\u010de o \u017eivotn\u00ed prost\u0159ed\u00ed<\/a>\u00a0je v\u011bc\u00ed n\u00e1s v\u0161ech<\/td>\n<\/tr>\n<tr>\n<td><a href=\"https:\/\/www.praha14.cz\/app\/uploads\/sites\/3\/2014\/04\/anketa-html.pdf\">Anketa<\/a><\/td>\n<td><a href=\"https:\/\/www.praha14.cz\/app\/uploads\/sites\/3\/2014\/04\/napsali-html.pdf\">Jak po boji v t\u0159icetilet\u00e9 v\u00e1lce<\/a><\/td>\n<\/tr>\n<tr>\n<td><b><span>strana 8 a\u017e 10<\/span><\/b><\/td>\n<td><a href=\"https:\/\/www.praha14.cz\/app\/uploads\/sites\/3\/2014\/04\/ekoden-html.pdf\">Ekoden jako n\u00e1\u0161 vzor<\/a><\/td>\n<\/tr>\n<tr>\n<td><a href=\"https:\/\/www.praha14.cz\/app\/uploads\/sites\/3\/2014\/04\/co_sedeje-html.pdf\">Co se d\u011bje nejen v regionu<\/a><\/td>\n<td><b><span>strana 22 a\u017e 23<\/span><\/b><\/td>\n<\/tr>\n<tr>\n<td><a href=\"https:\/\/www.praha14.cz\/app\/uploads\/sites\/3\/2014\/04\/praha-html.pdf\">Praha 14 ocen\u011bna u Zelen\u00e9 \u017e\u00e1by<\/a><\/td>\n<td><a href=\"https:\/\/www.praha14.cz\/app\/uploads\/sites\/3\/2014\/04\/kudykam-html.pdf\">Kudykam na kole<\/a><\/td>\n<\/tr>\n<tr>\n<td><a href=\"https:\/\/www.praha14.cz\/app\/uploads\/sites\/3\/2014\/04\/letni-html.pdf\">Letn\u00ed fotbalov\u00fd kemp<\/a><\/td>\n<td><a href=\"https:\/\/www.praha14.cz\/app\/uploads\/sites\/3\/2014\/04\/utulna-html.pdf\">\u00datuln\u00e1 cukr\u00e1rna v r\u016f\u017eov\u00e9m h\u00e1vu<\/a><\/td>\n<\/tr>\n<tr>\n<td><a href=\"https:\/\/www.praha14.cz\/app\/uploads\/sites\/3\/2014\/04\/maly-html.pdf\">Mal\u00fd ob\u010dansk\u00fd oznamovatel<\/a><\/td>\n<td><a href=\"https:\/\/www.praha14.cz\/app\/uploads\/sites\/3\/2014\/04\/kiosek-html.pdf\">Kiosek b\u0159evnem v oku?<\/a><\/td>\n<\/tr>\n<tr>\n<td><span><b>strana 11<\/b><\/span><\/td>\n<td><span><b>strana 24<\/b><\/span><\/td>\n<\/tr>\n<tr>\n<td><a href=\"https:\/\/www.praha14.cz\/app\/uploads\/sites\/3\/2014\/04\/na_tom-html.pdf\">Na tom \u010cern\u00fdm Most\u011b<\/a><\/td>\n<td><a href=\"https:\/\/www.praha14.cz\/app\/uploads\/sites\/3\/2014\/04\/vztah-html.pdf\">Vztah k senior\u016fm &#8211;<\/a>\u00a0vztah partnerstv\u00ed?<\/td>\n<\/tr>\n<tr>\n<td><span><b>strana 12<\/b><\/span><\/td>\n<td><span><b>strana 25<\/b><\/span><\/td>\n<\/tr>\n<tr>\n<td><a href=\"https:\/\/www.praha14.cz\/app\/uploads\/sites\/3\/2014\/04\/factory-html.pdf\">Factory pro v\u00e1s<\/a><\/td>\n<td><a href=\"https:\/\/www.praha14.cz\/app\/uploads\/sites\/3\/2014\/04\/knihy-html.pdf\">Knihy, kter\u00e9 o\u010dek\u00e1v\u00e1me\u00a0<\/a>o pr\u00e1zdnin\u00e1ch<\/td>\n<\/tr>\n<tr>\n<td><a href=\"https:\/\/www.praha14.cz\/app\/uploads\/sites\/3\/2014\/04\/policie-html.pdf\">Policie \u010cR p\u0159ij\u00edm\u00e1 nov\u00e1\u010dky<\/a><\/td>\n<td><a href=\"https:\/\/www.praha14.cz\/app\/uploads\/sites\/3\/2014\/04\/prazdninovy-html.pdf\">Pr\u00e1zdninov\u00fd provoz knihoven<\/a><\/td>\n<\/tr>\n<tr>\n<td><a href=\"https:\/\/www.praha14.cz\/app\/uploads\/sites\/3\/2014\/04\/studetsky-html.pdf\">Studentsk\u00fd list<\/a><\/td>\n<td><a href=\"https:\/\/www.praha14.cz\/app\/uploads\/sites\/3\/2014\/04\/velky_zajem-html.pdf\">Velk\u00fd z\u00e1jem o slu\u017eby Trianglu<\/a><\/td>\n<\/tr>\n<tr>\n<td><span><b>strana 13<\/b><\/span><\/td>\n<td><a href=\"https:\/\/www.praha14.cz\/app\/uploads\/sites\/3\/2014\/04\/jahodove-html.pdf\">Jahodov\u00e9 menu<\/a><\/td>\n<\/tr>\n<tr>\n<td><a href=\"https:\/\/www.praha14.cz\/app\/uploads\/sites\/3\/2014\/04\/pohodove-html.pdf\">Pohodov\u00e9 l\u00e9to\u00a0<\/a>s n\u00e1kupn\u00edm i z\u00e1bavn\u00edm C\u010cM<\/td>\n<td><a href=\"https:\/\/www.praha14.cz\/app\/uploads\/sites\/3\/2014\/04\/sdruzeni-html.pdf\">Mot\u00fdlek informuje<\/a><\/td>\n<\/tr>\n<tr>\n<td><a href=\"https:\/\/www.praha14.cz\/app\/uploads\/sites\/3\/2014\/04\/anketa_vyznela-html.pdf\">Anketa vyzn\u011bla ve prosp\u011bch baz\u00e9nu<\/a><\/td>\n<td><span><b>strana 26 a\u017e 27<\/b><\/span><\/td>\n<\/tr>\n<tr>\n<td><span><b>strana 14 a\u017e 15<\/b><\/span><\/td>\n<td><a href=\"https:\/\/www.praha14.cz\/app\/uploads\/sites\/3\/2014\/04\/saga-html.pdf\">S\u00e1ga rodu Karaus\u016f<\/a><\/td>\n<\/tr>\n<tr>\n<td><a href=\"https:\/\/www.praha14.cz\/app\/uploads\/sites\/3\/2014\/04\/sportovni-html.pdf\">Sportovn\u00ed p\u0159ehled<\/a><\/td>\n<td><a href=\"https:\/\/www.praha14.cz\/app\/uploads\/sites\/3\/2014\/04\/od_termolampy-html.pdf\">Od termolampy k plynovod\u016fm<\/a><\/td>\n<\/tr>\n<tr>\n<td><span><b>strana 16 a\u017e 17<\/b><\/span><\/td>\n<td><a href=\"https:\/\/www.praha14.cz\/app\/uploads\/sites\/3\/2014\/04\/nabidka-html.pdf\">Nab\u00eddka hudebn\u00edch kurz\u016f<\/a><\/td>\n<\/tr>\n<tr>\n<td><a href=\"https:\/\/www.praha14.cz\/app\/uploads\/sites\/3\/2014\/04\/steparske-html.pdf\">Stepa\u0159sk\u00e9 hv\u011bzdy a hv\u011bzdi\u010dky<\/a><\/td>\n<td><b><span>strana 28<\/span><\/b><\/td>\n<\/tr>\n<tr>\n<td><a href=\"https:\/\/www.praha14.cz\/app\/uploads\/sites\/3\/2014\/04\/turnaj-html.pdf\">Turnaj p\u0159\u00e1tel Kyjsk\u00e9ho volejbalu<\/a><\/td>\n<td><a href=\"https:\/\/www.praha14.cz\/app\/uploads\/sites\/3\/2014\/04\/slavnostni-html.pdf\">Slavnostn\u00ed zakon\u010den\u00ed maturit<\/a><\/td>\n<\/tr>\n<tr>\n<td><span><b>strana 18<\/b><\/span><\/td>\n<td><a href=\"https:\/\/www.praha14.cz\/app\/uploads\/sites\/3\/2014\/04\/galerii-html.pdf\">Galeri\u00ed 14 zn\u011bla ital\u0161tina<\/a><\/td>\n<\/tr>\n<tr>\n<td><a href=\"https:\/\/www.praha14.cz\/app\/uploads\/sites\/3\/2014\/04\/velka-html.pdf\">Velk\u00e1 skateboartov\u00e1 show<\/a><\/td>\n<td><b><span>strana 29<\/span><\/b><\/td>\n<\/tr>\n<tr>\n<td><a href=\"https:\/\/www.praha14.cz\/app\/uploads\/sites\/3\/2014\/04\/streetball-html.pdf\">Streetball Cup p\u0159ed C\u010cM<\/a><\/td>\n<td><a href=\"https:\/\/www.praha14.cz\/app\/uploads\/sites\/3\/2014\/04\/detsky-html.pdf\">D\u011btsk\u00fd den nat\u0159ikr\u00e1t<\/a><\/td>\n<\/tr>\n<\/tbody>\n<\/table>\n<p><img loading=\"lazy\" decoding=\"async\" alt=\"logo listy\" src=\"https:\/\/www.praha14.cz\/app\/uploads\/sites\/3\/2014\/04\/logoListy1.jpg\" width=\"390\" height=\"133\" \/><\/p>\n","protected":false},"excerpt":{"rendered":"<p>Seznam \u010dl\u00e1nk\u016f \u010d. 7 a 8 \/2003 Tituln\u00ed strana strana 19 ob\u00e1lka 7 a 8 \/2003 Mini\u017ea\u010dky v superform\u011b strana 2 a\u017e 3 Zlat\u00fd Vja\u010deslav Zpravodajstv\u00ed z radnice Vyloveno bylo 68 ryb strana 4 Republikov\u00e9 mistrovstv\u00ed\u00a0v duatlonu \u017eactva Velkoobjemov\u00e9 kontejnery\u00a0na \u010dervenec a srpen strana 20 Pravidla pro uzav\u00edr\u00e1n\u00ed\u00a0n\u00e1jemn\u00edch smluv na zahr\u00e1dky O boti\u010dk\u00e1ch, diskusn\u00edm f\u00f3ru&#8230;<\/p>\n","protected":false},"author":1,"featured_media":0,"parent":409,"menu_order":0,"comment_status":"closed","ping_status":"open","template":"","meta":{"_acf_changed":false,"footnotes":""},"class_list":["post-11711","page","type-page","status-publish","hentry"],"acf":[],"yoast_head":"<!-- This site is optimized with the Yoast SEO plugin v27.2 - https:\/\/yoast.com\/product\/yoast-seo-wordpress\/ -->\n<title>Archiv - 7-8\/2003 - \u017divot na Praze 14<\/title>\n<meta name=\"robots\" content=\"index, follow, max-snippet:-1, max-image-preview:large, max-video-preview:-1\" \/>\n<link rel=\"canonical\" href=\"https:\/\/www.praha14.cz\/zivot-na-praze-14\/casopis-ctrnactka-14\/listy-prahy-14\/archiv-7-82003\/\" \/>\n<meta property=\"og:locale\" content=\"cs_CZ\" \/>\n<meta property=\"og:type\" content=\"article\" \/>\n<meta property=\"og:title\" content=\"Archiv - 7-8\/2003 - \u017divot na Praze 14\" \/>\n<meta property=\"og:description\" content=\"Seznam \u010dl\u00e1nk\u016f \u010d. 7 a 8 \/2003 Tituln\u00ed strana strana 19 ob\u00e1lka 7 a 8 \/2003 Mini\u017ea\u010dky v superform\u011b strana 2 a\u017e 3 Zlat\u00fd Vja\u010deslav Zpravodajstv\u00ed z radnice Vyloveno bylo 68 ryb strana 4 Republikov\u00e9 mistrovstv\u00ed\u00a0v duatlonu \u017eactva Velkoobjemov\u00e9 kontejnery\u00a0na \u010dervenec a srpen strana 20 Pravidla pro uzav\u00edr\u00e1n\u00ed\u00a0n\u00e1jemn\u00edch smluv na zahr\u00e1dky O boti\u010dk\u00e1ch, diskusn\u00edm f\u00f3ru...\" \/>\n<meta property=\"og:url\" content=\"https:\/\/www.praha14.cz\/zivot-na-praze-14\/casopis-ctrnactka-14\/listy-prahy-14\/archiv-7-82003\/\" \/>\n<meta property=\"og:site_name\" content=\"\u017divot na Praze 14\" \/>\n<meta property=\"article:modified_time\" content=\"2014-06-18T08:24:08+00:00\" \/>\n<meta property=\"og:image\" content=\"https:\/\/www.praha14.cz\/app\/uploads\/sites\/3\/2014\/04\/logoListy1.jpg\" \/>\n<meta name=\"twitter:card\" content=\"summary_large_image\" \/>\n<meta name=\"twitter:label1\" content=\"Est. reading time\" \/>\n\t<meta name=\"twitter:data1\" content=\"1 minuta\" \/>\n<script type=\"application\/ld+json\" class=\"yoast-schema-graph\">{\"@context\":\"https:\/\/schema.org\",\"@graph\":[{\"@type\":\"WebPage\",\"@id\":\"https:\/\/www.praha14.cz\/zivot-na-praze-14\/casopis-ctrnactka-14\/listy-prahy-14\/archiv-7-82003\/\",\"url\":\"https:\/\/www.praha14.cz\/zivot-na-praze-14\/casopis-ctrnactka-14\/listy-prahy-14\/archiv-7-82003\/\",\"name\":\"Archiv - 7-8\/2003 - \u017divot na Praze 14\",\"isPartOf\":{\"@id\":\"https:\/\/www.praha14.cz\/zivot-na-praze-14\/#website\"},\"primaryImageOfPage\":{\"@id\":\"https:\/\/www.praha14.cz\/zivot-na-praze-14\/casopis-ctrnactka-14\/listy-prahy-14\/archiv-7-82003\/#primaryimage\"},\"image\":{\"@id\":\"https:\/\/www.praha14.cz\/zivot-na-praze-14\/casopis-ctrnactka-14\/listy-prahy-14\/archiv-7-82003\/#primaryimage\"},\"thumbnailUrl\":\"https:\/\/www.praha14.cz\/app\/uploads\/sites\/3\/2014\/04\/logoListy1.jpg\",\"datePublished\":\"2014-04-23T13:44:33+00:00\",\"dateModified\":\"2014-06-18T08:24:08+00:00\",\"breadcrumb\":{\"@id\":\"https:\/\/www.praha14.cz\/zivot-na-praze-14\/casopis-ctrnactka-14\/listy-prahy-14\/archiv-7-82003\/#breadcrumb\"},\"inLanguage\":\"cs\",\"potentialAction\":[{\"@type\":\"ReadAction\",\"target\":[\"https:\/\/www.praha14.cz\/zivot-na-praze-14\/casopis-ctrnactka-14\/listy-prahy-14\/archiv-7-82003\/\"]}]},{\"@type\":\"ImageObject\",\"inLanguage\":\"cs\",\"@id\":\"https:\/\/www.praha14.cz\/zivot-na-praze-14\/casopis-ctrnactka-14\/listy-prahy-14\/archiv-7-82003\/#primaryimage\",\"url\":\"https:\/\/www.praha14.cz\/app\/uploads\/sites\/3\/2014\/04\/logoListy1.jpg\",\"contentUrl\":\"https:\/\/www.praha14.cz\/app\/uploads\/sites\/3\/2014\/04\/logoListy1.jpg\"},{\"@type\":\"BreadcrumbList\",\"@id\":\"https:\/\/www.praha14.cz\/zivot-na-praze-14\/casopis-ctrnactka-14\/listy-prahy-14\/archiv-7-82003\/#breadcrumb\",\"itemListElement\":[{\"@type\":\"ListItem\",\"position\":1,\"name\":\"\u017divot na Praze 14\",\"item\":\"https:\/\/www.praha14.cz\/zivot-na-praze-14\/\"},{\"@type\":\"ListItem\",\"position\":2,\"name\":\"\u010casopis \u010ctrn\u00e1ctka\",\"item\":\"https:\/\/www.praha14.cz\/zivot-na-praze-14\/casopis-ctrnactka-14\/\"},{\"@type\":\"ListItem\",\"position\":3,\"name\":\"Listy Prahy 14\",\"item\":\"https:\/\/www.praha14.cz\/zivot-na-praze-14\/casopis-ctrnactka-14\/listy-prahy-14\/\"},{\"@type\":\"ListItem\",\"position\":4,\"name\":\"Archiv &#8211; 7-8\/2003\"}]},{\"@type\":\"WebSite\",\"@id\":\"https:\/\/www.praha14.cz\/zivot-na-praze-14\/#website\",\"url\":\"https:\/\/www.praha14.cz\/zivot-na-praze-14\/\",\"name\":\"\u017divot na Praze 14\",\"description\":\"\",\"potentialAction\":[{\"@type\":\"SearchAction\",\"target\":{\"@type\":\"EntryPoint\",\"urlTemplate\":\"https:\/\/www.praha14.cz\/zivot-na-praze-14\/?s={search_term_string}\"},\"query-input\":{\"@type\":\"PropertyValueSpecification\",\"valueRequired\":true,\"valueName\":\"search_term_string\"}}],\"inLanguage\":\"cs\"}]}<\/script>\n<!-- \/ Yoast SEO plugin. -->","yoast_head_json":{"title":"Archiv - 7-8\/2003 - \u017divot na Praze 14","robots":{"index":"index","follow":"follow","max-snippet":"max-snippet:-1","max-image-preview":"max-image-preview:large","max-video-preview":"max-video-preview:-1"},"canonical":"https:\/\/www.praha14.cz\/zivot-na-praze-14\/casopis-ctrnactka-14\/listy-prahy-14\/archiv-7-82003\/","og_locale":"cs_CZ","og_type":"article","og_title":"Archiv - 7-8\/2003 - \u017divot na Praze 14","og_description":"Seznam \u010dl\u00e1nk\u016f \u010d. 7 a 8 \/2003 Tituln\u00ed strana strana 19 ob\u00e1lka 7 a 8 \/2003 Mini\u017ea\u010dky v superform\u011b strana 2 a\u017e 3 Zlat\u00fd Vja\u010deslav Zpravodajstv\u00ed z radnice Vyloveno bylo 68 ryb strana 4 Republikov\u00e9 mistrovstv\u00ed\u00a0v duatlonu \u017eactva Velkoobjemov\u00e9 kontejnery\u00a0na \u010dervenec a srpen strana 20 Pravidla pro uzav\u00edr\u00e1n\u00ed\u00a0n\u00e1jemn\u00edch smluv na zahr\u00e1dky O boti\u010dk\u00e1ch, diskusn\u00edm f\u00f3ru...","og_url":"https:\/\/www.praha14.cz\/zivot-na-praze-14\/casopis-ctrnactka-14\/listy-prahy-14\/archiv-7-82003\/","og_site_name":"\u017divot na Praze 14","article_modified_time":"2014-06-18T08:24:08+00:00","og_image":[{"url":"https:\/\/www.praha14.cz\/app\/uploads\/sites\/3\/2014\/04\/logoListy1.jpg","type":"","width":"","height":""}],"twitter_card":"summary_large_image","twitter_misc":{"Est. reading time":"1 minuta"},"schema":{"@context":"https:\/\/schema.org","@graph":[{"@type":"WebPage","@id":"https:\/\/www.praha14.cz\/zivot-na-praze-14\/casopis-ctrnactka-14\/listy-prahy-14\/archiv-7-82003\/","url":"https:\/\/www.praha14.cz\/zivot-na-praze-14\/casopis-ctrnactka-14\/listy-prahy-14\/archiv-7-82003\/","name":"Archiv - 7-8\/2003 - \u017divot na Praze 14","isPartOf":{"@id":"https:\/\/www.praha14.cz\/zivot-na-praze-14\/#website"},"primaryImageOfPage":{"@id":"https:\/\/www.praha14.cz\/zivot-na-praze-14\/casopis-ctrnactka-14\/listy-prahy-14\/archiv-7-82003\/#primaryimage"},"image":{"@id":"https:\/\/www.praha14.cz\/zivot-na-praze-14\/casopis-ctrnactka-14\/listy-prahy-14\/archiv-7-82003\/#primaryimage"},"thumbnailUrl":"https:\/\/www.praha14.cz\/app\/uploads\/sites\/3\/2014\/04\/logoListy1.jpg","datePublished":"2014-04-23T13:44:33+00:00","dateModified":"2014-06-18T08:24:08+00:00","breadcrumb":{"@id":"https:\/\/www.praha14.cz\/zivot-na-praze-14\/casopis-ctrnactka-14\/listy-prahy-14\/archiv-7-82003\/#breadcrumb"},"inLanguage":"cs","potentialAction":[{"@type":"ReadAction","target":["https:\/\/www.praha14.cz\/zivot-na-praze-14\/casopis-ctrnactka-14\/listy-prahy-14\/archiv-7-82003\/"]}]},{"@type":"ImageObject","inLanguage":"cs","@id":"https:\/\/www.praha14.cz\/zivot-na-praze-14\/casopis-ctrnactka-14\/listy-prahy-14\/archiv-7-82003\/#primaryimage","url":"https:\/\/www.praha14.cz\/app\/uploads\/sites\/3\/2014\/04\/logoListy1.jpg","contentUrl":"https:\/\/www.praha14.cz\/app\/uploads\/sites\/3\/2014\/04\/logoListy1.jpg"},{"@type":"BreadcrumbList","@id":"https:\/\/www.praha14.cz\/zivot-na-praze-14\/casopis-ctrnactka-14\/listy-prahy-14\/archiv-7-82003\/#breadcrumb","itemListElement":[{"@type":"ListItem","position":1,"name":"\u017divot na Praze 14","item":"https:\/\/www.praha14.cz\/zivot-na-praze-14\/"},{"@type":"ListItem","position":2,"name":"\u010casopis \u010ctrn\u00e1ctka","item":"https:\/\/www.praha14.cz\/zivot-na-praze-14\/casopis-ctrnactka-14\/"},{"@type":"ListItem","position":3,"name":"Listy Prahy 14","item":"https:\/\/www.praha14.cz\/zivot-na-praze-14\/casopis-ctrnactka-14\/listy-prahy-14\/"},{"@type":"ListItem","position":4,"name":"Archiv &#8211; 7-8\/2003"}]},{"@type":"WebSite","@id":"https:\/\/www.praha14.cz\/zivot-na-praze-14\/#website","url":"https:\/\/www.praha14.cz\/zivot-na-praze-14\/","name":"\u017divot na Praze 14","description":"","potentialAction":[{"@type":"SearchAction","target":{"@type":"EntryPoint","urlTemplate":"https:\/\/www.praha14.cz\/zivot-na-praze-14\/?s={search_term_string}"},"query-input":{"@type":"PropertyValueSpecification","valueRequired":true,"valueName":"search_term_string"}}],"inLanguage":"cs"}]}},"_links":{"self":[{"href":"https:\/\/www.praha14.cz\/zivot-na-praze-14\/wp-json\/wp\/v2\/pages\/11711","targetHints":{"allow":["GET"]}}],"collection":[{"href":"https:\/\/www.praha14.cz\/zivot-na-praze-14\/wp-json\/wp\/v2\/pages"}],"about":[{"href":"https:\/\/www.praha14.cz\/zivot-na-praze-14\/wp-json\/wp\/v2\/types\/page"}],"author":[{"embeddable":true,"href":"https:\/\/www.praha14.cz\/zivot-na-praze-14\/wp-json\/wp\/v2\/users\/1"}],"replies":[{"embeddable":true,"href":"https:\/\/www.praha14.cz\/zivot-na-praze-14\/wp-json\/wp\/v2\/comments?post=11711"}],"version-history":[{"count":0,"href":"https:\/\/www.praha14.cz\/zivot-na-praze-14\/wp-json\/wp\/v2\/pages\/11711\/revisions"}],"up":[{"embeddable":true,"href":"https:\/\/www.praha14.cz\/zivot-na-praze-14\/wp-json\/wp\/v2\/pages\/409"}],"wp:attachment":[{"href":"https:\/\/www.praha14.cz\/zivot-na-praze-14\/wp-json\/wp\/v2\/media?parent=11711"}],"curies":[{"name":"wp","href":"https:\/\/api.w.org\/{rel}","templated":true}]}}