{"id":1669,"date":"2014-05-06T16:13:27","date_gmt":"2014-05-06T15:13:27","guid":{"rendered":"https:\/\/www.praha14.cz\/zivot-na-praze-14\/?page_id=1669"},"modified":"2023-01-30T08:37:34","modified_gmt":"2023-01-30T08:37:34","slug":"park-u-cenku-2","status":"publish","type":"page","link":"https:\/\/www.praha14.cz\/zivot-na-praze-14\/park-u-cenku-2\/","title":{"rendered":"Park u \u010ce\u0148ku"},"content":{"rendered":"<p>Cel\u00e1 akce si klade za c\u00edl poskytnout propojen\u00ed s\u00eddli\u0161t\u011b \u010cern\u00fd Most a p\u0159\u00edm\u011bstsk\u00e9 \u010d\u00e1sti Doln\u00edch Po\u010dernic, zv\u00fd\u0161it dostupnost volno\u010dasov\u00fdch aktivit a p\u0159\u00edjemn\u00e9ho prostoru pro rekreaci a relaxaci m\u00edstn\u00edch obyvatel.<\/p>\n<p>Sou\u010d\u00e1st\u00ed budouc\u00edho parku budou zejm\u00e9na nov\u00e1 d\u011btsk\u00e1 h\u0159i\u0161t\u011b, rozhledna prostor pro minigolf, piknikov\u00e9 louky, petangue, cyklostezky, nau\u010dn\u00e9 stezka, stezky pro inline bruslen\u00ed, pro p\u011b\u0161\u00ed i hipostezky.<\/p>\n<p><span style=\"color: #00b7ff;\"><strong>Um\u00edst\u011bn\u00ed:<\/strong><\/span> kat. \u00fazem\u00ed Doln\u00ed Po\u010dernice, mal\u00e1 \u010d\u00e1st \u010cern\u00fd Most, Hostavice mezi ji\u017en\u00edm okrajem s\u00eddli\u0161t\u011b \u010cern\u00fd Most a severn\u00edm okrajem Doln\u00edch Po\u010dernic, Horn\u00ed Po\u010dernice<\/p>\n<p><span style=\"color: #00b7ff;\"><strong>Investor: <\/strong><\/span>MHMP, odbor technick\u00e9 vybavenosti, Vy\u0161ehradsk\u00e1 51, Praha 2<\/p>\n<p><strong><span style=\"color: #00b7ff;\">Projektant:<\/span>\u00a0<\/strong>d plus, Projektov\u00e1 a in\u017een\u00fdrsk\u00e1 ,a.s., Sokolovsk\u00e1 16\/54A, Praha 8- studie<br \/>\nINPAR s.r.o., Golfov\u00e1 903\/2, Praha 10 \u2013 dokumentace pro stavebn\u00ed povolen\u00ed<\/p>\n<p>Z\u00e1m\u011br \u010dlen\u011bn do 5 etap, celkem 100 ha,\u00a0stavebn\u00ed povolen\u00ed vyd\u00e1no pro etapy 01 a 03<\/p>\n<p><strong><span style=\"color: #00b7ff;\">Etapa 01:<\/span>\u00a0<\/strong>16,3 ha, mezi rybn\u00edkem Marti\u0148\u00e1k a s\u00eddli\u0161t\u011bm \u010c. Most: r\u016fzn\u00e1 h\u0159i\u0161t\u011b, piknikov\u00e1 louka, in-line, p\u011b\u0161\u00ed a cyklistick\u00e9 stezky, v\u00fdsadba zelen\u011b<\/p>\n<p><span style=\"color: #00b7ff;\"><strong>Etapa 0001 \u2013 Centrum<\/strong><\/span> \u2013 dokon\u010dena v\u00a0roce 2015<\/p>\n<p><span style=\"color: #00b7ff;\"><strong>Etapa 03:\u00a0<\/strong><\/span>24,6 ha, mezi rybn\u00edkem Marti\u0148\u00e1k a severn\u00edm okrajem D. Po\u010dernic: pobytov\u00e9 louky, stezky, hipostezka, v\u00fdsadba zelen\u011b<\/p>\n<p>Realizace dal\u0161\u00edch etap je z\u00e1visl\u00e1 na financov\u00e1n\u00ed a dostupnosti pozemk\u016f (\u010d\u00e1st v\u00a0soukr. vlastnictv\u00ed)<\/p>\n\n\t\t<style type=\"text\/css\">\n\t\t\t#gallery-1 {\n\t\t\t\tmargin: auto;\n\t\t\t}\n\t\t\t#gallery-1 .gallery-item {\n\t\t\t\tfloat: left;\n\t\t\t\tmargin-top: 10px;\n\t\t\t\ttext-align: center;\n\t\t\t\twidth: 20%;\n\t\t\t}\n\t\t\t#gallery-1 img {\n\t\t\t\tborder: 2px solid #cfcfcf;\n\t\t\t}\n\t\t\t#gallery-1 .gallery-caption {\n\t\t\t\tmargin-left: 0;\n\t\t\t}\n\t\t\t\/* see gallery_shortcode() in wp-includes\/media.php *\/\n\t\t<\/style>\n\t\t<div id='gallery-1' class='gallery galleryid-1669 gallery-columns-5 gallery-size-thumbnail'><dl class='gallery-item'>\n\t\t\t<dt class='gallery-icon landscape'>\n\t\t\t\t<a rel=\"galleryInfomapa\" class=\"thickbox no_icon rl-gallery-link\"  href='https:\/\/www.praha14.cz\/app\/uploads\/sites\/4\/2014\/05\/1-e1521024972447.jpg' title=\"\" data-rl_title=\"\" data-rl_caption=\"\" data-rel=\"lightbox-gallery-1\"><img loading=\"lazy\" decoding=\"async\" width=\"150\" height=\"150\" src=\"https:\/\/www.praha14.cz\/app\/uploads\/sites\/4\/2014\/05\/1-e1521024972447-150x150.jpg\" class=\"attachment-thumbnail size-thumbnail\" alt=\"1\" \/><\/a>\n\t\t\t<\/dt><\/dl><dl class='gallery-item'>\n\t\t\t<dt class='gallery-icon landscape'>\n\t\t\t\t<a rel=\"galleryInfomapa\" class=\"thickbox no_icon rl-gallery-link\"  href='https:\/\/www.praha14.cz\/app\/uploads\/sites\/4\/2014\/05\/2.jpg' title=\"\" data-rl_title=\"\" data-rl_caption=\"\" data-rel=\"lightbox-gallery-1\"><img loading=\"lazy\" decoding=\"async\" width=\"150\" height=\"150\" src=\"https:\/\/www.praha14.cz\/app\/uploads\/sites\/4\/2014\/05\/2-150x150.jpg\" class=\"attachment-thumbnail size-thumbnail\" alt=\"2\" \/><\/a>\n\t\t\t<\/dt><\/dl><dl class='gallery-item'>\n\t\t\t<dt class='gallery-icon landscape'>\n\t\t\t\t<a rel=\"galleryInfomapa\" class=\"thickbox no_icon rl-gallery-link\"  href='https:\/\/www.praha14.cz\/app\/uploads\/sites\/4\/2014\/05\/3.jpg' title=\"\" data-rl_title=\"\" data-rl_caption=\"\" data-rel=\"lightbox-gallery-1\"><img loading=\"lazy\" decoding=\"async\" width=\"150\" height=\"150\" src=\"https:\/\/www.praha14.cz\/app\/uploads\/sites\/4\/2014\/05\/3-150x150.jpg\" class=\"attachment-thumbnail size-thumbnail\" alt=\"3\" \/><\/a>\n\t\t\t<\/dt><\/dl><dl class='gallery-item'>\n\t\t\t<dt class='gallery-icon landscape'>\n\t\t\t\t<a rel=\"galleryInfomapa\" class=\"thickbox no_icon rl-gallery-link\"  href='https:\/\/www.praha14.cz\/app\/uploads\/sites\/4\/2014\/05\/4.jpg' title=\"\" data-rl_title=\"\" data-rl_caption=\"\" data-rel=\"lightbox-gallery-1\"><img loading=\"lazy\" decoding=\"async\" width=\"150\" height=\"150\" src=\"https:\/\/www.praha14.cz\/app\/uploads\/sites\/4\/2014\/05\/4-150x150.jpg\" class=\"attachment-thumbnail size-thumbnail\" alt=\"4\" srcset=\"https:\/\/www.praha14.cz\/app\/uploads\/sites\/4\/2014\/05\/4-150x150.jpg 150w, https:\/\/www.praha14.cz\/app\/uploads\/sites\/4\/2014\/05\/4-370x370.jpg 370w, https:\/\/www.praha14.cz\/app\/uploads\/sites\/4\/2014\/05\/4-768x768.jpg 768w, https:\/\/www.praha14.cz\/app\/uploads\/sites\/4\/2014\/05\/4.jpg 1000w\" sizes=\"(max-width: 150px) 100vw, 150px\" \/><\/a>\n\t\t\t<\/dt><\/dl><dl class='gallery-item'>\n\t\t\t<dt class='gallery-icon landscape'>\n\t\t\t\t<a rel=\"galleryInfomapa\" class=\"thickbox no_icon rl-gallery-link\"  href='https:\/\/www.praha14.cz\/app\/uploads\/sites\/4\/2014\/05\/5.jpg' title=\"\" data-rl_title=\"\" data-rl_caption=\"\" data-rel=\"lightbox-gallery-1\"><img loading=\"lazy\" decoding=\"async\" width=\"150\" height=\"150\" src=\"https:\/\/www.praha14.cz\/app\/uploads\/sites\/4\/2014\/05\/5-150x150.jpg\" class=\"attachment-thumbnail size-thumbnail\" alt=\"5\" \/><\/a>\n\t\t\t<\/dt><\/dl><br style=\"clear: both\" \/>\n\t\t<\/div>\n\n<p>&nbsp;<\/p>\n<p>&nbsp;<\/p>\n<p>&nbsp;<\/p>\n<p>&nbsp;<\/p>\n","protected":false},"excerpt":{"rendered":"<p>Cel\u00e1 akce si klade za c\u00edl poskytnout propojen\u00ed s\u00eddli\u0161t\u011b \u010cern\u00fd Most a p\u0159\u00edm\u011bstsk\u00e9 \u010d\u00e1sti Doln\u00edch Po\u010dernic, zv\u00fd\u0161it dostupnost volno\u010dasov\u00fdch aktivit a p\u0159\u00edjemn\u00e9ho prostoru pro rekreaci a relaxaci m\u00edstn\u00edch obyvatel. Sou\u010d\u00e1st\u00ed budouc\u00edho parku budou zejm\u00e9na nov\u00e1 d\u011btsk\u00e1 h\u0159i\u0161t\u011b, rozhledna prostor pro minigolf, piknikov\u00e9 louky, petangue, cyklostezky, nau\u010dn\u00e9 stezka, stezky pro inline bruslen\u00ed, pro p\u011b\u0161\u00ed i hipostezky&#8230;.<\/p>\n","protected":false},"author":1,"featured_media":0,"parent":0,"menu_order":0,"comment_status":"closed","ping_status":"open","template":"","meta":{"_acf_changed":false,"footnotes":""},"class_list":["post-1669","page","type-page","status-publish","hentry"],"acf":[],"yoast_head":"<!-- This site is optimized with the Yoast SEO plugin v27.2 - https:\/\/yoast.com\/product\/yoast-seo-wordpress\/ -->\n<title>Park u \u010ce\u0148ku - \u017divot na Praze 14<\/title>\n<meta name=\"robots\" content=\"index, follow, max-snippet:-1, max-image-preview:large, max-video-preview:-1\" \/>\n<link rel=\"canonical\" href=\"https:\/\/www.praha14.cz\/zivot-na-praze-14\/park-u-cenku-2\/\" \/>\n<meta property=\"og:locale\" content=\"cs_CZ\" \/>\n<meta property=\"og:type\" content=\"article\" \/>\n<meta property=\"og:title\" content=\"Park u \u010ce\u0148ku - \u017divot na Praze 14\" \/>\n<meta property=\"og:description\" content=\"Cel\u00e1 akce si klade za c\u00edl poskytnout propojen\u00ed s\u00eddli\u0161t\u011b \u010cern\u00fd Most a p\u0159\u00edm\u011bstsk\u00e9 \u010d\u00e1sti Doln\u00edch Po\u010dernic, zv\u00fd\u0161it dostupnost volno\u010dasov\u00fdch aktivit a p\u0159\u00edjemn\u00e9ho prostoru pro rekreaci a relaxaci m\u00edstn\u00edch obyvatel. Sou\u010d\u00e1st\u00ed budouc\u00edho parku budou zejm\u00e9na nov\u00e1 d\u011btsk\u00e1 h\u0159i\u0161t\u011b, rozhledna prostor pro minigolf, piknikov\u00e9 louky, petangue, cyklostezky, nau\u010dn\u00e9 stezka, stezky pro inline bruslen\u00ed, pro p\u011b\u0161\u00ed i hipostezky....\" \/>\n<meta property=\"og:url\" content=\"https:\/\/www.praha14.cz\/zivot-na-praze-14\/park-u-cenku-2\/\" \/>\n<meta property=\"og:site_name\" content=\"\u017divot na Praze 14\" \/>\n<meta property=\"article:modified_time\" content=\"2023-01-30T08:37:34+00:00\" \/>\n<meta property=\"og:image\" content=\"https:\/\/www.praha14.cz\/app\/uploads\/sites\/4\/2014\/05\/1-e1521024972447-150x150.jpg\" \/>\n<meta name=\"twitter:card\" content=\"summary_large_image\" \/>\n<meta name=\"twitter:label1\" content=\"Est. reading time\" \/>\n\t<meta name=\"twitter:data1\" content=\"2 minuty\" \/>\n<script type=\"application\/ld+json\" class=\"yoast-schema-graph\">{\"@context\":\"https:\/\/schema.org\",\"@graph\":[{\"@type\":\"WebPage\",\"@id\":\"https:\/\/www.praha14.cz\/zivot-na-praze-14\/park-u-cenku-2\/\",\"url\":\"https:\/\/www.praha14.cz\/zivot-na-praze-14\/park-u-cenku-2\/\",\"name\":\"Park u \u010ce\u0148ku - \u017divot na Praze 14\",\"isPartOf\":{\"@id\":\"https:\/\/www.praha14.cz\/zivot-na-praze-14\/#website\"},\"datePublished\":\"2014-05-06T15:13:27+00:00\",\"dateModified\":\"2023-01-30T08:37:34+00:00\",\"breadcrumb\":{\"@id\":\"https:\/\/www.praha14.cz\/zivot-na-praze-14\/park-u-cenku-2\/#breadcrumb\"},\"inLanguage\":\"cs\",\"potentialAction\":[{\"@type\":\"ReadAction\",\"target\":[\"https:\/\/www.praha14.cz\/zivot-na-praze-14\/park-u-cenku-2\/\"]}]},{\"@type\":\"BreadcrumbList\",\"@id\":\"https:\/\/www.praha14.cz\/zivot-na-praze-14\/park-u-cenku-2\/#breadcrumb\",\"itemListElement\":[{\"@type\":\"ListItem\",\"position\":1,\"name\":\"\u017divot na Praze 14\",\"item\":\"https:\/\/www.praha14.cz\/zivot-na-praze-14\/\"},{\"@type\":\"ListItem\",\"position\":2,\"name\":\"Park u \u010ce\u0148ku\"}]},{\"@type\":\"WebSite\",\"@id\":\"https:\/\/www.praha14.cz\/zivot-na-praze-14\/#website\",\"url\":\"https:\/\/www.praha14.cz\/zivot-na-praze-14\/\",\"name\":\"\u017divot na Praze 14\",\"description\":\"\",\"potentialAction\":[{\"@type\":\"SearchAction\",\"target\":{\"@type\":\"EntryPoint\",\"urlTemplate\":\"https:\/\/www.praha14.cz\/zivot-na-praze-14\/?s={search_term_string}\"},\"query-input\":{\"@type\":\"PropertyValueSpecification\",\"valueRequired\":true,\"valueName\":\"search_term_string\"}}],\"inLanguage\":\"cs\"}]}<\/script>\n<!-- \/ Yoast SEO plugin. -->","yoast_head_json":{"title":"Park u \u010ce\u0148ku - \u017divot na Praze 14","robots":{"index":"index","follow":"follow","max-snippet":"max-snippet:-1","max-image-preview":"max-image-preview:large","max-video-preview":"max-video-preview:-1"},"canonical":"https:\/\/www.praha14.cz\/zivot-na-praze-14\/park-u-cenku-2\/","og_locale":"cs_CZ","og_type":"article","og_title":"Park u \u010ce\u0148ku - \u017divot na Praze 14","og_description":"Cel\u00e1 akce si klade za c\u00edl poskytnout propojen\u00ed s\u00eddli\u0161t\u011b \u010cern\u00fd Most a p\u0159\u00edm\u011bstsk\u00e9 \u010d\u00e1sti Doln\u00edch Po\u010dernic, zv\u00fd\u0161it dostupnost volno\u010dasov\u00fdch aktivit a p\u0159\u00edjemn\u00e9ho prostoru pro rekreaci a relaxaci m\u00edstn\u00edch obyvatel. Sou\u010d\u00e1st\u00ed budouc\u00edho parku budou zejm\u00e9na nov\u00e1 d\u011btsk\u00e1 h\u0159i\u0161t\u011b, rozhledna prostor pro minigolf, piknikov\u00e9 louky, petangue, cyklostezky, nau\u010dn\u00e9 stezka, stezky pro inline bruslen\u00ed, pro p\u011b\u0161\u00ed i hipostezky....","og_url":"https:\/\/www.praha14.cz\/zivot-na-praze-14\/park-u-cenku-2\/","og_site_name":"\u017divot na Praze 14","article_modified_time":"2023-01-30T08:37:34+00:00","og_image":[{"url":"https:\/\/www.praha14.cz\/app\/uploads\/sites\/4\/2014\/05\/1-e1521024972447-150x150.jpg","type":"","width":"","height":""}],"twitter_card":"summary_large_image","twitter_misc":{"Est. reading time":"2 minuty"},"schema":{"@context":"https:\/\/schema.org","@graph":[{"@type":"WebPage","@id":"https:\/\/www.praha14.cz\/zivot-na-praze-14\/park-u-cenku-2\/","url":"https:\/\/www.praha14.cz\/zivot-na-praze-14\/park-u-cenku-2\/","name":"Park u \u010ce\u0148ku - \u017divot na Praze 14","isPartOf":{"@id":"https:\/\/www.praha14.cz\/zivot-na-praze-14\/#website"},"datePublished":"2014-05-06T15:13:27+00:00","dateModified":"2023-01-30T08:37:34+00:00","breadcrumb":{"@id":"https:\/\/www.praha14.cz\/zivot-na-praze-14\/park-u-cenku-2\/#breadcrumb"},"inLanguage":"cs","potentialAction":[{"@type":"ReadAction","target":["https:\/\/www.praha14.cz\/zivot-na-praze-14\/park-u-cenku-2\/"]}]},{"@type":"BreadcrumbList","@id":"https:\/\/www.praha14.cz\/zivot-na-praze-14\/park-u-cenku-2\/#breadcrumb","itemListElement":[{"@type":"ListItem","position":1,"name":"\u017divot na Praze 14","item":"https:\/\/www.praha14.cz\/zivot-na-praze-14\/"},{"@type":"ListItem","position":2,"name":"Park u \u010ce\u0148ku"}]},{"@type":"WebSite","@id":"https:\/\/www.praha14.cz\/zivot-na-praze-14\/#website","url":"https:\/\/www.praha14.cz\/zivot-na-praze-14\/","name":"\u017divot na Praze 14","description":"","potentialAction":[{"@type":"SearchAction","target":{"@type":"EntryPoint","urlTemplate":"https:\/\/www.praha14.cz\/zivot-na-praze-14\/?s={search_term_string}"},"query-input":{"@type":"PropertyValueSpecification","valueRequired":true,"valueName":"search_term_string"}}],"inLanguage":"cs"}]}},"_links":{"self":[{"href":"https:\/\/www.praha14.cz\/zivot-na-praze-14\/wp-json\/wp\/v2\/pages\/1669","targetHints":{"allow":["GET"]}}],"collection":[{"href":"https:\/\/www.praha14.cz\/zivot-na-praze-14\/wp-json\/wp\/v2\/pages"}],"about":[{"href":"https:\/\/www.praha14.cz\/zivot-na-praze-14\/wp-json\/wp\/v2\/types\/page"}],"author":[{"embeddable":true,"href":"https:\/\/www.praha14.cz\/zivot-na-praze-14\/wp-json\/wp\/v2\/users\/1"}],"replies":[{"embeddable":true,"href":"https:\/\/www.praha14.cz\/zivot-na-praze-14\/wp-json\/wp\/v2\/comments?post=1669"}],"version-history":[{"count":6,"href":"https:\/\/www.praha14.cz\/zivot-na-praze-14\/wp-json\/wp\/v2\/pages\/1669\/revisions"}],"predecessor-version":[{"id":42444,"href":"https:\/\/www.praha14.cz\/zivot-na-praze-14\/wp-json\/wp\/v2\/pages\/1669\/revisions\/42444"}],"wp:attachment":[{"href":"https:\/\/www.praha14.cz\/zivot-na-praze-14\/wp-json\/wp\/v2\/media?parent=1669"}],"curies":[{"name":"wp","href":"https:\/\/api.w.org\/{rel}","templated":true}]}}