{"id":1752,"date":"2014-05-06T17:29:58","date_gmt":"2014-05-06T16:29:58","guid":{"rendered":"https:\/\/www.praha14.cz\/zivot-na-praze-14\/?page_id=1752"},"modified":"2023-01-30T08:42:08","modified_gmt":"2023-01-30T08:42:08","slug":"technologicky-park-horni-lada","status":"publish","type":"page","link":"https:\/\/www.praha14.cz\/zivot-na-praze-14\/technologicky-park-horni-lada\/","title":{"rendered":"TECHNOLOGICK\u00dd PARK HORN\u00cd LADA"},"content":{"rendered":"<p><span style=\"color: #009dde;\"><strong>Um\u00edst\u011bn\u00ed:<\/strong><\/span> kat. \u00fazem\u00ed Kyje, ji\u017en\u011b od ulice Obj\u00edzdn\u00e1 sm\u011brem k ulici U Technoplynu<\/p>\n<p><span style=\"color: #009dde;\"><strong>Investor:<\/strong><\/span>\u00a0Hlavn\u00ed m\u011bsto Praha, Mari\u00e1nsk\u00e9 n\u00e1m\u011bst\u00ed 2, Praha 1<\/p>\n<p><span style=\"color: #009dde;\"><strong>Projektant:<\/strong><\/span>\u00a0Loxia a.s., Peruck\u00e1 26, Praha 2<\/p>\n<p><span style=\"color: #009dde;\"><strong>Rozs\u00e1hl\u00fd z\u00e1m\u011br &#8211; 2 z\u00f3ny:<\/strong><\/span><\/p>\n<p><span style=\"color: #009dde;\"><strong>&#8222;V-z\u00f3na&#8220;:<\/strong><\/span> v\u00fdstavn\u00ed are\u00e1l &#8211; v\u00fdstavn\u00ed prostory, designov\u00e1 studia, administrativa, restaurace ad. aktivity pro ve\u0159ejnost a m\u011bsto<br \/>\n<span style=\"color: #000000;\"><strong>Kapacity:<\/strong> <\/span>cca 22 600 m 2 podla\u017en\u00ed plochy, 19 200 m 2 u\u017eitn\u00e9 plochy<\/p>\n<p><span style=\"color: #009dde;\"><strong>&#8222;TP-z\u00f3na&#8220;:<\/strong><\/span> technologick\u00fd park &#8211; inkub\u00e1tor podnikatelsk\u00fdch projekt\u016f v high-tech a high-design oborech<br \/>\n<span style=\"color: #000000;\"><strong>Kapacity:<\/strong><\/span> cca 43 250 m 2 podla\u017en\u00ed plochy, 36 800 m 2 u\u017eitn\u00e9 plochy<\/p>\n<p>&nbsp;<\/p>\n<p><a href=\"https:\/\/www.praha14.cz\/app\/uploads\/sites\/4\/2014\/05\/TP_mapa.jpg\" target=\"_blank\" rel=\"noopener noreferrer\" data-rel=\"lightbox-image-0\" data-rl_title=\"\" data-rl_caption=\"\" title=\"\"><img loading=\"lazy\" decoding=\"async\" class=\"alignnone wp-image-1754 size-thumbnail\" src=\"https:\/\/www.praha14.cz\/app\/uploads\/sites\/4\/2014\/05\/TP_mapa-150x150.jpg\" alt=\"TP_mapa\" width=\"150\" height=\"150\" srcset=\"https:\/\/www.praha14.cz\/app\/uploads\/sites\/4\/2014\/05\/TP_mapa-150x150.jpg 150w, https:\/\/www.praha14.cz\/app\/uploads\/sites\/4\/2014\/05\/TP_mapa-370x370.jpg 370w, https:\/\/www.praha14.cz\/app\/uploads\/sites\/4\/2014\/05\/TP_mapa.jpg 1000w\" sizes=\"(max-width: 150px) 100vw, 150px\" \/><\/a><span style=\"line-height: 1.5em;\">\u00a0 \u00a0 \u00a0 \u00a0\u00a0<\/span><a href=\"https:\/\/www.praha14.cz\/app\/uploads\/sites\/4\/2014\/05\/TP_obr1.jpg\" target=\"_blank\" rel=\"noopener noreferrer\" data-rel=\"lightbox-image-1\" data-rl_title=\"\" data-rl_caption=\"\" title=\"\"><img loading=\"lazy\" decoding=\"async\" class=\"alignnone wp-image-1755 size-thumbnail\" src=\"https:\/\/www.praha14.cz\/app\/uploads\/sites\/4\/2014\/05\/TP_obr1-150x150.jpg\" alt=\"TP_obr1\" width=\"150\" height=\"150\" \/><\/a><span style=\"line-height: 1.5em;\">\u00a0 \u00a0 \u00a0 \u00a0\u00a0<\/span><a href=\"https:\/\/www.praha14.cz\/app\/uploads\/sites\/4\/2014\/05\/TP_obr2.jpg\" target=\"_blank\" rel=\"noopener noreferrer\" data-rel=\"lightbox-image-2\" data-rl_title=\"\" data-rl_caption=\"\" title=\"\"><img loading=\"lazy\" decoding=\"async\" class=\"alignnone wp-image-1756 size-thumbnail\" src=\"https:\/\/www.praha14.cz\/app\/uploads\/sites\/4\/2014\/05\/TP_obr2-150x150.jpg\" alt=\"TP_obr2\" width=\"150\" height=\"150\" \/><\/a><span style=\"line-height: 1.5em;\">\u00a0 \u00a0 \u00a0 \u00a0\u00a0<\/span><a href=\"https:\/\/www.praha14.cz\/app\/uploads\/sites\/4\/2014\/05\/TP_obr3.jpg\" target=\"_blank\" rel=\"noopener noreferrer\" data-rel=\"lightbox-image-3\" data-rl_title=\"\" data-rl_caption=\"\" title=\"\"><img loading=\"lazy\" decoding=\"async\" class=\"alignnone wp-image-1757 size-thumbnail\" src=\"https:\/\/www.praha14.cz\/app\/uploads\/sites\/4\/2014\/05\/TP_obr3-150x150.jpg\" alt=\"TP_obr3\" width=\"150\" height=\"150\" \/><\/a><\/p>\n<p>&nbsp;<\/p>\n<h4><span style=\"color: #00ccff;\"><strong>KOMPOST\u00c1RNA HORN\u00cd LADA<\/strong><\/span><\/h4>\n<p><span style=\"color: #00ccff;\"><strong>Um\u00edst\u011bn\u00ed:<\/strong><\/span> kat. \u00fazem\u00ed Kyje<\/p>\n<p><span style=\"color: #00ccff;\"><strong>Oznamovatel:<\/strong><\/span>\u00a0Hlavn\u00ed m\u011bsto Praha<\/p>\n<p><span style=\"color: #00ccff;\"><strong>Zpracovatel:<\/strong><\/span> EKORA s.r.o., Sinkulova 48\/329, Praha 4<\/p>\n<p><em>\u00a0<\/em><span style=\"color: #00ccff;\"><strong>Plocha kompost\u00e1rny:<\/strong> <\/span>3200 m<sup>2 <\/sup>kompostovac\u00ed plochy, 1200 m<sup>2 <\/sup>dozr\u00e1vac\u00ed plochy, 1515 m<sup>2 <\/sup>manipula\u010dn\u00ed plochy<\/p>\n<p><span style=\"color: #00ccff;\"><strong>Kapacita:<\/strong> <\/span>15\u00a0000 tun bioodpadu za rok<\/p>\n<p><strong>Posuzov\u00e1n\u00ed vliv\u016f na \u017eivotn\u00ed prost\u0159ed\u00ed \/EIA<\/strong><\/p>\n<p><a href=\"https:\/\/www.praha14.cz\/app\/uploads\/sites\/4\/2022\/01\/situace-kompostarna.jpg\" target=\"_blank\" rel=\"noopener\" data-rel=\"lightbox-image-4\" data-rl_title=\"\" data-rl_caption=\"\" title=\"\"><img loading=\"lazy\" decoding=\"async\" class=\"alignleft wp-image-61614 size-thumbnail\" src=\"https:\/\/www.praha14.cz\/app\/uploads\/sites\/4\/2022\/01\/situace-kompostarna-150x150.jpg\" alt=\"situace- kompost\u00e1rna\" width=\"150\" height=\"150\" \/><\/a><\/p>\n","protected":false},"excerpt":{"rendered":"<p>Um\u00edst\u011bn\u00ed: kat. \u00fazem\u00ed Kyje, ji\u017en\u011b od ulice Obj\u00edzdn\u00e1 sm\u011brem k ulici U Technoplynu Investor:\u00a0Hlavn\u00ed m\u011bsto Praha, Mari\u00e1nsk\u00e9 n\u00e1m\u011bst\u00ed 2, Praha 1 Projektant:\u00a0Loxia a.s., Peruck\u00e1 26, Praha 2 Rozs\u00e1hl\u00fd z\u00e1m\u011br &#8211; 2 z\u00f3ny: &#8222;V-z\u00f3na&#8220;: v\u00fdstavn\u00ed are\u00e1l &#8211; v\u00fdstavn\u00ed prostory, designov\u00e1 studia, administrativa, restaurace ad. aktivity pro ve\u0159ejnost a m\u011bsto Kapacity: cca 22 600 m 2 podla\u017en\u00ed&#8230;<\/p>\n","protected":false},"author":1,"featured_media":0,"parent":0,"menu_order":0,"comment_status":"closed","ping_status":"open","template":"","meta":{"_acf_changed":false,"footnotes":""},"class_list":["post-1752","page","type-page","status-publish","hentry"],"acf":[],"yoast_head":"<!-- This site is optimized with the Yoast SEO plugin v27.2 - https:\/\/yoast.com\/product\/yoast-seo-wordpress\/ -->\n<title>TECHNOLOGICK\u00dd PARK HORN\u00cd LADA - \u017divot na Praze 14<\/title>\n<meta name=\"robots\" content=\"index, follow, max-snippet:-1, max-image-preview:large, max-video-preview:-1\" \/>\n<link rel=\"canonical\" href=\"https:\/\/www.praha14.cz\/zivot-na-praze-14\/technologicky-park-horni-lada\/\" \/>\n<meta property=\"og:locale\" content=\"cs_CZ\" \/>\n<meta property=\"og:type\" content=\"article\" \/>\n<meta property=\"og:title\" content=\"TECHNOLOGICK\u00dd PARK HORN\u00cd LADA - \u017divot na Praze 14\" \/>\n<meta property=\"og:description\" content=\"Um\u00edst\u011bn\u00ed: kat. \u00fazem\u00ed Kyje, ji\u017en\u011b od ulice Obj\u00edzdn\u00e1 sm\u011brem k ulici U Technoplynu Investor:\u00a0Hlavn\u00ed m\u011bsto Praha, Mari\u00e1nsk\u00e9 n\u00e1m\u011bst\u00ed 2, Praha 1 Projektant:\u00a0Loxia a.s., Peruck\u00e1 26, Praha 2 Rozs\u00e1hl\u00fd z\u00e1m\u011br &#8211; 2 z\u00f3ny: &#8222;V-z\u00f3na&#8220;: v\u00fdstavn\u00ed are\u00e1l &#8211; v\u00fdstavn\u00ed prostory, designov\u00e1 studia, administrativa, restaurace ad. aktivity pro ve\u0159ejnost a m\u011bsto Kapacity: cca 22 600 m 2 podla\u017en\u00ed...\" \/>\n<meta property=\"og:url\" content=\"https:\/\/www.praha14.cz\/zivot-na-praze-14\/technologicky-park-horni-lada\/\" \/>\n<meta property=\"og:site_name\" content=\"\u017divot na Praze 14\" \/>\n<meta property=\"article:modified_time\" content=\"2023-01-30T08:42:08+00:00\" \/>\n<meta property=\"og:image\" content=\"https:\/\/www.praha14.cz\/app\/uploads\/sites\/4\/2014\/05\/TP_mapa-150x150.jpg\" \/>\n<meta name=\"twitter:card\" content=\"summary_large_image\" \/>\n<meta name=\"twitter:label1\" content=\"Est. reading time\" \/>\n\t<meta name=\"twitter:data1\" content=\"2 minuty\" \/>\n<script type=\"application\/ld+json\" class=\"yoast-schema-graph\">{\"@context\":\"https:\/\/schema.org\",\"@graph\":[{\"@type\":\"WebPage\",\"@id\":\"https:\/\/www.praha14.cz\/zivot-na-praze-14\/technologicky-park-horni-lada\/\",\"url\":\"https:\/\/www.praha14.cz\/zivot-na-praze-14\/technologicky-park-horni-lada\/\",\"name\":\"TECHNOLOGICK\u00dd PARK HORN\u00cd LADA - \u017divot na Praze 14\",\"isPartOf\":{\"@id\":\"https:\/\/www.praha14.cz\/zivot-na-praze-14\/#website\"},\"primaryImageOfPage\":{\"@id\":\"https:\/\/www.praha14.cz\/zivot-na-praze-14\/technologicky-park-horni-lada\/#primaryimage\"},\"image\":{\"@id\":\"https:\/\/www.praha14.cz\/zivot-na-praze-14\/technologicky-park-horni-lada\/#primaryimage\"},\"thumbnailUrl\":\"https:\/\/www.praha14.cz\/app\/uploads\/sites\/4\/2014\/05\/TP_mapa-150x150.jpg\",\"datePublished\":\"2014-05-06T16:29:58+00:00\",\"dateModified\":\"2023-01-30T08:42:08+00:00\",\"breadcrumb\":{\"@id\":\"https:\/\/www.praha14.cz\/zivot-na-praze-14\/technologicky-park-horni-lada\/#breadcrumb\"},\"inLanguage\":\"cs\",\"potentialAction\":[{\"@type\":\"ReadAction\",\"target\":[\"https:\/\/www.praha14.cz\/zivot-na-praze-14\/technologicky-park-horni-lada\/\"]}]},{\"@type\":\"ImageObject\",\"inLanguage\":\"cs\",\"@id\":\"https:\/\/www.praha14.cz\/zivot-na-praze-14\/technologicky-park-horni-lada\/#primaryimage\",\"url\":\"https:\/\/www.praha14.cz\/app\/uploads\/sites\/4\/2014\/05\/TP_mapa-150x150.jpg\",\"contentUrl\":\"https:\/\/www.praha14.cz\/app\/uploads\/sites\/4\/2014\/05\/TP_mapa-150x150.jpg\"},{\"@type\":\"BreadcrumbList\",\"@id\":\"https:\/\/www.praha14.cz\/zivot-na-praze-14\/technologicky-park-horni-lada\/#breadcrumb\",\"itemListElement\":[{\"@type\":\"ListItem\",\"position\":1,\"name\":\"\u017divot na Praze 14\",\"item\":\"https:\/\/www.praha14.cz\/zivot-na-praze-14\/\"},{\"@type\":\"ListItem\",\"position\":2,\"name\":\"TECHNOLOGICK\u00dd PARK HORN\u00cd LADA\"}]},{\"@type\":\"WebSite\",\"@id\":\"https:\/\/www.praha14.cz\/zivot-na-praze-14\/#website\",\"url\":\"https:\/\/www.praha14.cz\/zivot-na-praze-14\/\",\"name\":\"\u017divot na Praze 14\",\"description\":\"\",\"potentialAction\":[{\"@type\":\"SearchAction\",\"target\":{\"@type\":\"EntryPoint\",\"urlTemplate\":\"https:\/\/www.praha14.cz\/zivot-na-praze-14\/?s={search_term_string}\"},\"query-input\":{\"@type\":\"PropertyValueSpecification\",\"valueRequired\":true,\"valueName\":\"search_term_string\"}}],\"inLanguage\":\"cs\"}]}<\/script>\n<!-- \/ Yoast SEO plugin. -->","yoast_head_json":{"title":"TECHNOLOGICK\u00dd PARK HORN\u00cd LADA - \u017divot na Praze 14","robots":{"index":"index","follow":"follow","max-snippet":"max-snippet:-1","max-image-preview":"max-image-preview:large","max-video-preview":"max-video-preview:-1"},"canonical":"https:\/\/www.praha14.cz\/zivot-na-praze-14\/technologicky-park-horni-lada\/","og_locale":"cs_CZ","og_type":"article","og_title":"TECHNOLOGICK\u00dd PARK HORN\u00cd LADA - \u017divot na Praze 14","og_description":"Um\u00edst\u011bn\u00ed: kat. \u00fazem\u00ed Kyje, ji\u017en\u011b od ulice Obj\u00edzdn\u00e1 sm\u011brem k ulici U Technoplynu Investor:\u00a0Hlavn\u00ed m\u011bsto Praha, Mari\u00e1nsk\u00e9 n\u00e1m\u011bst\u00ed 2, Praha 1 Projektant:\u00a0Loxia a.s., Peruck\u00e1 26, Praha 2 Rozs\u00e1hl\u00fd z\u00e1m\u011br &#8211; 2 z\u00f3ny: &#8222;V-z\u00f3na&#8220;: v\u00fdstavn\u00ed are\u00e1l &#8211; v\u00fdstavn\u00ed prostory, designov\u00e1 studia, administrativa, restaurace ad. aktivity pro ve\u0159ejnost a m\u011bsto Kapacity: cca 22 600 m 2 podla\u017en\u00ed...","og_url":"https:\/\/www.praha14.cz\/zivot-na-praze-14\/technologicky-park-horni-lada\/","og_site_name":"\u017divot na Praze 14","article_modified_time":"2023-01-30T08:42:08+00:00","og_image":[{"url":"https:\/\/www.praha14.cz\/app\/uploads\/sites\/4\/2014\/05\/TP_mapa-150x150.jpg","type":"","width":"","height":""}],"twitter_card":"summary_large_image","twitter_misc":{"Est. reading time":"2 minuty"},"schema":{"@context":"https:\/\/schema.org","@graph":[{"@type":"WebPage","@id":"https:\/\/www.praha14.cz\/zivot-na-praze-14\/technologicky-park-horni-lada\/","url":"https:\/\/www.praha14.cz\/zivot-na-praze-14\/technologicky-park-horni-lada\/","name":"TECHNOLOGICK\u00dd PARK HORN\u00cd LADA - \u017divot na Praze 14","isPartOf":{"@id":"https:\/\/www.praha14.cz\/zivot-na-praze-14\/#website"},"primaryImageOfPage":{"@id":"https:\/\/www.praha14.cz\/zivot-na-praze-14\/technologicky-park-horni-lada\/#primaryimage"},"image":{"@id":"https:\/\/www.praha14.cz\/zivot-na-praze-14\/technologicky-park-horni-lada\/#primaryimage"},"thumbnailUrl":"https:\/\/www.praha14.cz\/app\/uploads\/sites\/4\/2014\/05\/TP_mapa-150x150.jpg","datePublished":"2014-05-06T16:29:58+00:00","dateModified":"2023-01-30T08:42:08+00:00","breadcrumb":{"@id":"https:\/\/www.praha14.cz\/zivot-na-praze-14\/technologicky-park-horni-lada\/#breadcrumb"},"inLanguage":"cs","potentialAction":[{"@type":"ReadAction","target":["https:\/\/www.praha14.cz\/zivot-na-praze-14\/technologicky-park-horni-lada\/"]}]},{"@type":"ImageObject","inLanguage":"cs","@id":"https:\/\/www.praha14.cz\/zivot-na-praze-14\/technologicky-park-horni-lada\/#primaryimage","url":"https:\/\/www.praha14.cz\/app\/uploads\/sites\/4\/2014\/05\/TP_mapa-150x150.jpg","contentUrl":"https:\/\/www.praha14.cz\/app\/uploads\/sites\/4\/2014\/05\/TP_mapa-150x150.jpg"},{"@type":"BreadcrumbList","@id":"https:\/\/www.praha14.cz\/zivot-na-praze-14\/technologicky-park-horni-lada\/#breadcrumb","itemListElement":[{"@type":"ListItem","position":1,"name":"\u017divot na Praze 14","item":"https:\/\/www.praha14.cz\/zivot-na-praze-14\/"},{"@type":"ListItem","position":2,"name":"TECHNOLOGICK\u00dd PARK HORN\u00cd LADA"}]},{"@type":"WebSite","@id":"https:\/\/www.praha14.cz\/zivot-na-praze-14\/#website","url":"https:\/\/www.praha14.cz\/zivot-na-praze-14\/","name":"\u017divot na Praze 14","description":"","potentialAction":[{"@type":"SearchAction","target":{"@type":"EntryPoint","urlTemplate":"https:\/\/www.praha14.cz\/zivot-na-praze-14\/?s={search_term_string}"},"query-input":{"@type":"PropertyValueSpecification","valueRequired":true,"valueName":"search_term_string"}}],"inLanguage":"cs"}]}},"_links":{"self":[{"href":"https:\/\/www.praha14.cz\/zivot-na-praze-14\/wp-json\/wp\/v2\/pages\/1752","targetHints":{"allow":["GET"]}}],"collection":[{"href":"https:\/\/www.praha14.cz\/zivot-na-praze-14\/wp-json\/wp\/v2\/pages"}],"about":[{"href":"https:\/\/www.praha14.cz\/zivot-na-praze-14\/wp-json\/wp\/v2\/types\/page"}],"author":[{"embeddable":true,"href":"https:\/\/www.praha14.cz\/zivot-na-praze-14\/wp-json\/wp\/v2\/users\/1"}],"replies":[{"embeddable":true,"href":"https:\/\/www.praha14.cz\/zivot-na-praze-14\/wp-json\/wp\/v2\/comments?post=1752"}],"version-history":[{"count":5,"href":"https:\/\/www.praha14.cz\/zivot-na-praze-14\/wp-json\/wp\/v2\/pages\/1752\/revisions"}],"predecessor-version":[{"id":61615,"href":"https:\/\/www.praha14.cz\/zivot-na-praze-14\/wp-json\/wp\/v2\/pages\/1752\/revisions\/61615"}],"wp:attachment":[{"href":"https:\/\/www.praha14.cz\/zivot-na-praze-14\/wp-json\/wp\/v2\/media?parent=1752"}],"curies":[{"name":"wp","href":"https:\/\/api.w.org\/{rel}","templated":true}]}}