{"id":2165,"date":"2014-05-12T17:19:48","date_gmt":"2014-05-12T16:19:48","guid":{"rendered":"https:\/\/www.praha14.cz\/zivot-na-praze-14\/?page_id=2165"},"modified":"2026-01-30T09:46:28","modified_gmt":"2026-01-30T09:46:28","slug":"plk-i-m-stanislav-fejfar","status":"publish","type":"page","link":"https:\/\/www.praha14.cz\/zivot-na-praze-14\/plk-i-m-stanislav-fejfar\/","title":{"rendered":"STANISLAV FEJFAR"},"content":{"rendered":"<p><a href=\"https:\/\/www.praha14.cz\/app\/uploads\/sites\/4\/2014\/04\/fejfar.jpg\" data-rel=\"lightbox-image-0\" data-rl_title=\"\" data-rl_caption=\"\" title=\"\"><img loading=\"lazy\" decoding=\"async\" class=\"alignright size-full wp-image-2141\" src=\"https:\/\/www.praha14.cz\/app\/uploads\/sites\/4\/2014\/04\/fejfar.jpg\" alt=\"fejfar\" width=\"290\" height=\"400\" srcset=\"https:\/\/www.praha14.cz\/app\/uploads\/sites\/4\/2014\/04\/fejfar.jpg 290w, https:\/\/www.praha14.cz\/app\/uploads\/sites\/4\/2014\/04\/fejfar-268x370.jpg 268w\" sizes=\"(max-width: 290px) 100vw, 290px\" \/><\/a><strong>Plk i.m. STANISLAV FEJFAR<\/strong><\/p>\n<p>Navzdory tomu, \u017ee rok 1940 byl pro Spojence pravd\u011bpodobn\u011b nejt\u011b\u017e\u0161\u00edm obdob\u00edm v\u00e1lky, ji\u017e tehdy si mohl Stanislav Fejfar p\u0159ipsat p\u011bt potvrzen\u00fdch sest\u0159el\u016f. Ty jej za\u0159adily do exkluz\u00edvn\u00edho klubu st\u00edhac\u00edch es. Fejfar absolvoval vy\u0161\u0161\u00ed pr\u016fmyslovou \u0161kolu a po maturit\u011b se rozhodl v\u011bnovat dr\u00e1ze profesion\u00e1ln\u00edho voj\u00e1ka u leteck\u00e9 zbran\u011b \u2013 studoval na Vojensk\u00e9 akademii v Hranic\u00edch na Morav\u011b a v Prost\u011bjov\u011b, kde absolvoval leteck\u00fd v\u00fdcvik a stal se d\u016fstojn\u00edkem \u010deskoslovensk\u00e9ho vojensk\u00e9ho letectva.<\/p>\n<p>Po n\u011bmeck\u00e9 okupaci v b\u0159eznu 1939 uprchl s dal\u0161\u00edmi letci p\u0159es Polsko do Francie, kde se p\u0159ipojil k zahrani\u010dn\u00edm jednotk\u00e1m a z\u00fa\u010dastnil se bitvy o Francii, slou\u017eil u Groupe de Chasse I\/6 francouzsk\u00e9ho letectva. Dos\u00e1hl n\u011bkolika v\u00edt\u011bzstv\u00ed nad nep\u0159\u00e1telsk\u00fdmi letouny, v\u010detn\u011b sest\u0159elu Messerschmittu Bf 109. Po p\u00e1du Francie byl evakuov\u00e1n do Velk\u00e9 Brit\u00e1nie, kde vstoupil do RAF. Nejprve byl p\u0159id\u011blen k 310. \u010deskoslovensk\u00e9 st\u00edhac\u00ed peruti, pozd\u011bji k 313. peruti, kde velel letce B. B\u011bhem sv\u00e9 slu\u017eby v RAF se vyznamenal jako schopn\u00fd pilot a velitel.<\/p>\n<p>Dne 17. kv\u011btna 1942 padl ve vzdu\u0161n\u00e9m souboji pobl\u00ed\u017e Calais ve Francii, pravd\u011bpodobn\u011b proti n\u011bmeck\u00e9mu esu kpt. Josefu Prillerovi. In memoriam byl pov\u00fd\u0161en na plukovn\u00edka letectva.<\/p>\n","protected":false},"excerpt":{"rendered":"<p>Plk i.m. STANISLAV FEJFAR Navzdory tomu, \u017ee rok 1940 byl pro Spojence pravd\u011bpodobn\u011b nejt\u011b\u017e\u0161\u00edm obdob\u00edm v\u00e1lky, ji\u017e tehdy si mohl Stanislav Fejfar p\u0159ipsat p\u011bt potvrzen\u00fdch sest\u0159el\u016f. Ty jej za\u0159adily do exkluz\u00edvn\u00edho klubu st\u00edhac\u00edch es. Fejfar absolvoval vy\u0161\u0161\u00ed pr\u016fmyslovou \u0161kolu a po maturit\u011b se rozhodl v\u011bnovat dr\u00e1ze profesion\u00e1ln\u00edho voj\u00e1ka u leteck\u00e9 zbran\u011b \u2013 studoval na Vojensk\u00e9&#8230;<\/p>\n","protected":false},"author":1,"featured_media":0,"parent":0,"menu_order":0,"comment_status":"closed","ping_status":"open","template":"","meta":{"_acf_changed":false,"footnotes":""},"class_list":["post-2165","page","type-page","status-publish","hentry"],"acf":[],"yoast_head":"<!-- This site is optimized with the Yoast SEO plugin v27.2 - https:\/\/yoast.com\/product\/yoast-seo-wordpress\/ -->\n<title>STANISLAV FEJFAR - \u017divot na Praze 14<\/title>\n<meta name=\"robots\" content=\"index, follow, max-snippet:-1, max-image-preview:large, max-video-preview:-1\" \/>\n<link rel=\"canonical\" href=\"https:\/\/www.praha14.cz\/zivot-na-praze-14\/plk-i-m-stanislav-fejfar\/\" \/>\n<meta property=\"og:locale\" content=\"cs_CZ\" \/>\n<meta property=\"og:type\" content=\"article\" \/>\n<meta property=\"og:title\" content=\"STANISLAV FEJFAR - \u017divot na Praze 14\" \/>\n<meta property=\"og:description\" content=\"Plk i.m. STANISLAV FEJFAR Navzdory tomu, \u017ee rok 1940 byl pro Spojence pravd\u011bpodobn\u011b nejt\u011b\u017e\u0161\u00edm obdob\u00edm v\u00e1lky, ji\u017e tehdy si mohl Stanislav Fejfar p\u0159ipsat p\u011bt potvrzen\u00fdch sest\u0159el\u016f. Ty jej za\u0159adily do exkluz\u00edvn\u00edho klubu st\u00edhac\u00edch es. Fejfar absolvoval vy\u0161\u0161\u00ed pr\u016fmyslovou \u0161kolu a po maturit\u011b se rozhodl v\u011bnovat dr\u00e1ze profesion\u00e1ln\u00edho voj\u00e1ka u leteck\u00e9 zbran\u011b \u2013 studoval na Vojensk\u00e9...\" \/>\n<meta property=\"og:url\" content=\"https:\/\/www.praha14.cz\/zivot-na-praze-14\/plk-i-m-stanislav-fejfar\/\" \/>\n<meta property=\"og:site_name\" content=\"\u017divot na Praze 14\" \/>\n<meta property=\"article:modified_time\" content=\"2026-01-30T09:46:28+00:00\" \/>\n<meta property=\"og:image\" content=\"https:\/\/www.praha14.cz\/app\/uploads\/sites\/4\/2014\/04\/fejfar.jpg\" \/>\n\t<meta property=\"og:image:width\" content=\"290\" \/>\n\t<meta property=\"og:image:height\" content=\"400\" \/>\n\t<meta property=\"og:image:type\" content=\"image\/jpeg\" \/>\n<meta name=\"twitter:card\" content=\"summary_large_image\" \/>\n<meta name=\"twitter:label1\" content=\"Est. reading time\" \/>\n\t<meta name=\"twitter:data1\" content=\"2 minuty\" \/>\n<script type=\"application\/ld+json\" class=\"yoast-schema-graph\">{\"@context\":\"https:\/\/schema.org\",\"@graph\":[{\"@type\":\"WebPage\",\"@id\":\"https:\/\/www.praha14.cz\/zivot-na-praze-14\/plk-i-m-stanislav-fejfar\/\",\"url\":\"https:\/\/www.praha14.cz\/zivot-na-praze-14\/plk-i-m-stanislav-fejfar\/\",\"name\":\"STANISLAV FEJFAR - \u017divot na Praze 14\",\"isPartOf\":{\"@id\":\"https:\/\/www.praha14.cz\/zivot-na-praze-14\/#website\"},\"primaryImageOfPage\":{\"@id\":\"https:\/\/www.praha14.cz\/zivot-na-praze-14\/plk-i-m-stanislav-fejfar\/#primaryimage\"},\"image\":{\"@id\":\"https:\/\/www.praha14.cz\/zivot-na-praze-14\/plk-i-m-stanislav-fejfar\/#primaryimage\"},\"thumbnailUrl\":\"https:\/\/www.praha14.cz\/app\/uploads\/sites\/4\/2014\/04\/fejfar.jpg\",\"datePublished\":\"2014-05-12T16:19:48+00:00\",\"dateModified\":\"2026-01-30T09:46:28+00:00\",\"breadcrumb\":{\"@id\":\"https:\/\/www.praha14.cz\/zivot-na-praze-14\/plk-i-m-stanislav-fejfar\/#breadcrumb\"},\"inLanguage\":\"cs\",\"potentialAction\":[{\"@type\":\"ReadAction\",\"target\":[\"https:\/\/www.praha14.cz\/zivot-na-praze-14\/plk-i-m-stanislav-fejfar\/\"]}]},{\"@type\":\"ImageObject\",\"inLanguage\":\"cs\",\"@id\":\"https:\/\/www.praha14.cz\/zivot-na-praze-14\/plk-i-m-stanislav-fejfar\/#primaryimage\",\"url\":\"https:\/\/www.praha14.cz\/app\/uploads\/sites\/4\/2014\/04\/fejfar.jpg\",\"contentUrl\":\"https:\/\/www.praha14.cz\/app\/uploads\/sites\/4\/2014\/04\/fejfar.jpg\"},{\"@type\":\"BreadcrumbList\",\"@id\":\"https:\/\/www.praha14.cz\/zivot-na-praze-14\/plk-i-m-stanislav-fejfar\/#breadcrumb\",\"itemListElement\":[{\"@type\":\"ListItem\",\"position\":1,\"name\":\"\u017divot na Praze 14\",\"item\":\"https:\/\/www.praha14.cz\/zivot-na-praze-14\/\"},{\"@type\":\"ListItem\",\"position\":2,\"name\":\"STANISLAV FEJFAR\"}]},{\"@type\":\"WebSite\",\"@id\":\"https:\/\/www.praha14.cz\/zivot-na-praze-14\/#website\",\"url\":\"https:\/\/www.praha14.cz\/zivot-na-praze-14\/\",\"name\":\"\u017divot na Praze 14\",\"description\":\"\",\"potentialAction\":[{\"@type\":\"SearchAction\",\"target\":{\"@type\":\"EntryPoint\",\"urlTemplate\":\"https:\/\/www.praha14.cz\/zivot-na-praze-14\/?s={search_term_string}\"},\"query-input\":{\"@type\":\"PropertyValueSpecification\",\"valueRequired\":true,\"valueName\":\"search_term_string\"}}],\"inLanguage\":\"cs\"}]}<\/script>\n<!-- \/ Yoast SEO plugin. -->","yoast_head_json":{"title":"STANISLAV FEJFAR - \u017divot na Praze 14","robots":{"index":"index","follow":"follow","max-snippet":"max-snippet:-1","max-image-preview":"max-image-preview:large","max-video-preview":"max-video-preview:-1"},"canonical":"https:\/\/www.praha14.cz\/zivot-na-praze-14\/plk-i-m-stanislav-fejfar\/","og_locale":"cs_CZ","og_type":"article","og_title":"STANISLAV FEJFAR - \u017divot na Praze 14","og_description":"Plk i.m. STANISLAV FEJFAR Navzdory tomu, \u017ee rok 1940 byl pro Spojence pravd\u011bpodobn\u011b nejt\u011b\u017e\u0161\u00edm obdob\u00edm v\u00e1lky, ji\u017e tehdy si mohl Stanislav Fejfar p\u0159ipsat p\u011bt potvrzen\u00fdch sest\u0159el\u016f. Ty jej za\u0159adily do exkluz\u00edvn\u00edho klubu st\u00edhac\u00edch es. Fejfar absolvoval vy\u0161\u0161\u00ed pr\u016fmyslovou \u0161kolu a po maturit\u011b se rozhodl v\u011bnovat dr\u00e1ze profesion\u00e1ln\u00edho voj\u00e1ka u leteck\u00e9 zbran\u011b \u2013 studoval na Vojensk\u00e9...","og_url":"https:\/\/www.praha14.cz\/zivot-na-praze-14\/plk-i-m-stanislav-fejfar\/","og_site_name":"\u017divot na Praze 14","article_modified_time":"2026-01-30T09:46:28+00:00","og_image":[{"width":290,"height":400,"url":"https:\/\/www.praha14.cz\/app\/uploads\/sites\/4\/2014\/04\/fejfar.jpg","type":"image\/jpeg"}],"twitter_card":"summary_large_image","twitter_misc":{"Est. reading time":"2 minuty"},"schema":{"@context":"https:\/\/schema.org","@graph":[{"@type":"WebPage","@id":"https:\/\/www.praha14.cz\/zivot-na-praze-14\/plk-i-m-stanislav-fejfar\/","url":"https:\/\/www.praha14.cz\/zivot-na-praze-14\/plk-i-m-stanislav-fejfar\/","name":"STANISLAV FEJFAR - \u017divot na Praze 14","isPartOf":{"@id":"https:\/\/www.praha14.cz\/zivot-na-praze-14\/#website"},"primaryImageOfPage":{"@id":"https:\/\/www.praha14.cz\/zivot-na-praze-14\/plk-i-m-stanislav-fejfar\/#primaryimage"},"image":{"@id":"https:\/\/www.praha14.cz\/zivot-na-praze-14\/plk-i-m-stanislav-fejfar\/#primaryimage"},"thumbnailUrl":"https:\/\/www.praha14.cz\/app\/uploads\/sites\/4\/2014\/04\/fejfar.jpg","datePublished":"2014-05-12T16:19:48+00:00","dateModified":"2026-01-30T09:46:28+00:00","breadcrumb":{"@id":"https:\/\/www.praha14.cz\/zivot-na-praze-14\/plk-i-m-stanislav-fejfar\/#breadcrumb"},"inLanguage":"cs","potentialAction":[{"@type":"ReadAction","target":["https:\/\/www.praha14.cz\/zivot-na-praze-14\/plk-i-m-stanislav-fejfar\/"]}]},{"@type":"ImageObject","inLanguage":"cs","@id":"https:\/\/www.praha14.cz\/zivot-na-praze-14\/plk-i-m-stanislav-fejfar\/#primaryimage","url":"https:\/\/www.praha14.cz\/app\/uploads\/sites\/4\/2014\/04\/fejfar.jpg","contentUrl":"https:\/\/www.praha14.cz\/app\/uploads\/sites\/4\/2014\/04\/fejfar.jpg"},{"@type":"BreadcrumbList","@id":"https:\/\/www.praha14.cz\/zivot-na-praze-14\/plk-i-m-stanislav-fejfar\/#breadcrumb","itemListElement":[{"@type":"ListItem","position":1,"name":"\u017divot na Praze 14","item":"https:\/\/www.praha14.cz\/zivot-na-praze-14\/"},{"@type":"ListItem","position":2,"name":"STANISLAV FEJFAR"}]},{"@type":"WebSite","@id":"https:\/\/www.praha14.cz\/zivot-na-praze-14\/#website","url":"https:\/\/www.praha14.cz\/zivot-na-praze-14\/","name":"\u017divot na Praze 14","description":"","potentialAction":[{"@type":"SearchAction","target":{"@type":"EntryPoint","urlTemplate":"https:\/\/www.praha14.cz\/zivot-na-praze-14\/?s={search_term_string}"},"query-input":{"@type":"PropertyValueSpecification","valueRequired":true,"valueName":"search_term_string"}}],"inLanguage":"cs"}]}},"_links":{"self":[{"href":"https:\/\/www.praha14.cz\/zivot-na-praze-14\/wp-json\/wp\/v2\/pages\/2165","targetHints":{"allow":["GET"]}}],"collection":[{"href":"https:\/\/www.praha14.cz\/zivot-na-praze-14\/wp-json\/wp\/v2\/pages"}],"about":[{"href":"https:\/\/www.praha14.cz\/zivot-na-praze-14\/wp-json\/wp\/v2\/types\/page"}],"author":[{"embeddable":true,"href":"https:\/\/www.praha14.cz\/zivot-na-praze-14\/wp-json\/wp\/v2\/users\/1"}],"replies":[{"embeddable":true,"href":"https:\/\/www.praha14.cz\/zivot-na-praze-14\/wp-json\/wp\/v2\/comments?post=2165"}],"version-history":[{"count":3,"href":"https:\/\/www.praha14.cz\/zivot-na-praze-14\/wp-json\/wp\/v2\/pages\/2165\/revisions"}],"predecessor-version":[{"id":73867,"href":"https:\/\/www.praha14.cz\/zivot-na-praze-14\/wp-json\/wp\/v2\/pages\/2165\/revisions\/73867"}],"wp:attachment":[{"href":"https:\/\/www.praha14.cz\/zivot-na-praze-14\/wp-json\/wp\/v2\/media?parent=2165"}],"curies":[{"name":"wp","href":"https:\/\/api.w.org\/{rel}","templated":true}]}}