{"id":2169,"date":"2014-05-12T17:27:50","date_gmt":"2014-05-12T16:27:50","guid":{"rendered":"https:\/\/www.praha14.cz\/zivot-na-praze-14\/?page_id=2169"},"modified":"2026-01-30T10:04:05","modified_gmt":"2026-01-30T10:04:05","slug":"plk-i-m-jaroslav-himr-dfc","status":"publish","type":"page","link":"https:\/\/www.praha14.cz\/zivot-na-praze-14\/plk-i-m-jaroslav-himr-dfc\/","title":{"rendered":"JAROSLAV HIMR"},"content":{"rendered":"<p><a href=\"https:\/\/www.praha14.cz\/app\/uploads\/sites\/4\/2014\/04\/himr.jpg\" data-rel=\"lightbox-image-0\" data-rl_title=\"\" data-rl_caption=\"\" title=\"\"><img loading=\"lazy\" decoding=\"async\" class=\"size-full wp-image-2143 alignright\" src=\"https:\/\/www.praha14.cz\/app\/uploads\/sites\/4\/2014\/04\/himr.jpg\" alt=\"himr\" width=\"282\" height=\"400\" srcset=\"https:\/\/www.praha14.cz\/app\/uploads\/sites\/4\/2014\/04\/himr.jpg 282w, https:\/\/www.praha14.cz\/app\/uploads\/sites\/4\/2014\/04\/himr-260x370.jpg 260w\" sizes=\"(max-width: 282px) 100vw, 282px\" \/><\/a><strong>Plk. i.m. JAROSLAV HIMR, DFC<\/strong><\/p>\n<p>Znalost angli\u010dtiny, z\u00edskan\u00e1 na obchodn\u00ed akademii v Prost\u011bjov\u011b, otev\u0159ela Jaroslavu Himrovi dve\u0159e mezi st\u00edhac\u00ed elitu RAF. Po okupaci ode\u0161el do Francie tzv. balk\u00e1nskou cestou, do Brit\u00e1nie se pak dostal jako jeden z m\u00e1la letounem, nikoli evakua\u010dn\u00ed lod\u00ed.<\/p>\n<p>V hodnosti Pilot Officer se jako kvalifikovan\u00fd st\u00edhac\u00ed pilot stal v \u010dervenci 1940 jedn\u00edm ze zakl\u00e1daj\u00edc\u00edch \u010dlen\u016f 310. \u010deskoslovensk\u00e9 st\u00edhac\u00ed peruti RAF. Ta v\u0161ak m\u011bla z\u00e1hy takov\u00fd p\u0159ebytek pilot\u016f, \u017ee v\u00fdcvikov\u00e1 kapacita p\u0159esahovala jej\u00ed mo\u017enosti. Spole\u010dn\u011b s dal\u0161\u00edmi byl proto odesl\u00e1n na p\u0159e\u0161kolen\u00ed a bojov\u00fd v\u00fdcvik. Po t\u0159ech t\u00fddnech cvi\u010dn\u00e9ho l\u00e9t\u00e1n\u00ed na letounu Hurricane n\u00e1sledovalo bojov\u00e9 nasazen\u00ed v bitv\u011b o Brit\u00e1nii, a to v \u0159ad\u00e1ch britsk\u00fdch jednotek. Jako prvn\u00ed \u010cech pilotoval americkou Airacobru, s n\u00ed\u017e \u00fato\u010dil na lod\u011b u Dunkerque.<\/p>\n<p>V roce 1942 se ve 25 letech stal nejmlad\u0161\u00edm velitelem \u010deskoslovensk\u00e9 perut\u011b. Proslul neochv\u011bjnou odvahou \u2013 kdy\u017e nebyli nep\u0159\u00e1tel\u00e9 ve vzduchu, s\u00e1m vyhled\u00e1val rizikov\u00e9 mise na pozemn\u00ed c\u00edle. Padl 24. z\u00e1\u0159\u00ed 1943, po sest\u0159elu nep\u0159\u00edtele, jeho t\u011blo nebylo nikdy nalezeno. Byl vyznamen\u00e1n britsk\u00fdm DFC, t\u0159ikr\u00e1t \u010ceskoslovensk\u00fdm v\u00e1le\u010dn\u00fdm k\u0159\u00ed\u017eem a obdivovali ho i brit\u0161t\u00ed kolegov\u00e9: \u201eHimr does English better than I do,\u201c \u0159\u00edkali. Po v\u00e1lce byl pov\u00fd\u0161en na plukovn\u00edka in memoriam.<\/p>\n","protected":false},"excerpt":{"rendered":"<p>Plk. i.m. JAROSLAV HIMR, DFC Znalost angli\u010dtiny, z\u00edskan\u00e1 na obchodn\u00ed akademii v Prost\u011bjov\u011b, otev\u0159ela Jaroslavu Himrovi dve\u0159e mezi st\u00edhac\u00ed elitu RAF. Po okupaci ode\u0161el do Francie tzv. balk\u00e1nskou cestou, do Brit\u00e1nie se pak dostal jako jeden z m\u00e1la letounem, nikoli evakua\u010dn\u00ed lod\u00ed. V hodnosti Pilot Officer se jako kvalifikovan\u00fd st\u00edhac\u00ed pilot stal v \u010dervenci 1940&#8230;<\/p>\n","protected":false},"author":1,"featured_media":0,"parent":0,"menu_order":0,"comment_status":"closed","ping_status":"open","template":"","meta":{"_acf_changed":false,"footnotes":""},"class_list":["post-2169","page","type-page","status-publish","hentry"],"acf":[],"yoast_head":"<!-- This site is optimized with the Yoast SEO plugin v27.2 - https:\/\/yoast.com\/product\/yoast-seo-wordpress\/ -->\n<title>JAROSLAV HIMR - \u017divot na Praze 14<\/title>\n<meta name=\"robots\" content=\"index, follow, max-snippet:-1, max-image-preview:large, max-video-preview:-1\" \/>\n<link rel=\"canonical\" href=\"https:\/\/www.praha14.cz\/zivot-na-praze-14\/plk-i-m-jaroslav-himr-dfc\/\" \/>\n<meta property=\"og:locale\" content=\"cs_CZ\" \/>\n<meta property=\"og:type\" content=\"article\" \/>\n<meta property=\"og:title\" content=\"JAROSLAV HIMR - \u017divot na Praze 14\" \/>\n<meta property=\"og:description\" content=\"Plk. i.m. JAROSLAV HIMR, DFC Znalost angli\u010dtiny, z\u00edskan\u00e1 na obchodn\u00ed akademii v Prost\u011bjov\u011b, otev\u0159ela Jaroslavu Himrovi dve\u0159e mezi st\u00edhac\u00ed elitu RAF. Po okupaci ode\u0161el do Francie tzv. balk\u00e1nskou cestou, do Brit\u00e1nie se pak dostal jako jeden z m\u00e1la letounem, nikoli evakua\u010dn\u00ed lod\u00ed. V hodnosti Pilot Officer se jako kvalifikovan\u00fd st\u00edhac\u00ed pilot stal v \u010dervenci 1940...\" \/>\n<meta property=\"og:url\" content=\"https:\/\/www.praha14.cz\/zivot-na-praze-14\/plk-i-m-jaroslav-himr-dfc\/\" \/>\n<meta property=\"og:site_name\" content=\"\u017divot na Praze 14\" \/>\n<meta property=\"article:modified_time\" content=\"2026-01-30T10:04:05+00:00\" \/>\n<meta property=\"og:image\" content=\"https:\/\/www.praha14.cz\/app\/uploads\/sites\/4\/2014\/04\/himr.jpg\" \/>\n\t<meta property=\"og:image:width\" content=\"282\" \/>\n\t<meta property=\"og:image:height\" content=\"400\" \/>\n\t<meta property=\"og:image:type\" content=\"image\/jpeg\" \/>\n<meta name=\"twitter:card\" content=\"summary_large_image\" \/>\n<meta name=\"twitter:label1\" content=\"Est. reading time\" \/>\n\t<meta name=\"twitter:data1\" content=\"2 minuty\" \/>\n<script type=\"application\/ld+json\" class=\"yoast-schema-graph\">{\"@context\":\"https:\/\/schema.org\",\"@graph\":[{\"@type\":\"WebPage\",\"@id\":\"https:\/\/www.praha14.cz\/zivot-na-praze-14\/plk-i-m-jaroslav-himr-dfc\/\",\"url\":\"https:\/\/www.praha14.cz\/zivot-na-praze-14\/plk-i-m-jaroslav-himr-dfc\/\",\"name\":\"JAROSLAV HIMR - \u017divot na Praze 14\",\"isPartOf\":{\"@id\":\"https:\/\/www.praha14.cz\/zivot-na-praze-14\/#website\"},\"primaryImageOfPage\":{\"@id\":\"https:\/\/www.praha14.cz\/zivot-na-praze-14\/plk-i-m-jaroslav-himr-dfc\/#primaryimage\"},\"image\":{\"@id\":\"https:\/\/www.praha14.cz\/zivot-na-praze-14\/plk-i-m-jaroslav-himr-dfc\/#primaryimage\"},\"thumbnailUrl\":\"https:\/\/www.praha14.cz\/app\/uploads\/sites\/4\/2014\/04\/himr.jpg\",\"datePublished\":\"2014-05-12T16:27:50+00:00\",\"dateModified\":\"2026-01-30T10:04:05+00:00\",\"breadcrumb\":{\"@id\":\"https:\/\/www.praha14.cz\/zivot-na-praze-14\/plk-i-m-jaroslav-himr-dfc\/#breadcrumb\"},\"inLanguage\":\"cs\",\"potentialAction\":[{\"@type\":\"ReadAction\",\"target\":[\"https:\/\/www.praha14.cz\/zivot-na-praze-14\/plk-i-m-jaroslav-himr-dfc\/\"]}]},{\"@type\":\"ImageObject\",\"inLanguage\":\"cs\",\"@id\":\"https:\/\/www.praha14.cz\/zivot-na-praze-14\/plk-i-m-jaroslav-himr-dfc\/#primaryimage\",\"url\":\"https:\/\/www.praha14.cz\/app\/uploads\/sites\/4\/2014\/04\/himr.jpg\",\"contentUrl\":\"https:\/\/www.praha14.cz\/app\/uploads\/sites\/4\/2014\/04\/himr.jpg\"},{\"@type\":\"BreadcrumbList\",\"@id\":\"https:\/\/www.praha14.cz\/zivot-na-praze-14\/plk-i-m-jaroslav-himr-dfc\/#breadcrumb\",\"itemListElement\":[{\"@type\":\"ListItem\",\"position\":1,\"name\":\"\u017divot na Praze 14\",\"item\":\"https:\/\/www.praha14.cz\/zivot-na-praze-14\/\"},{\"@type\":\"ListItem\",\"position\":2,\"name\":\"JAROSLAV HIMR\"}]},{\"@type\":\"WebSite\",\"@id\":\"https:\/\/www.praha14.cz\/zivot-na-praze-14\/#website\",\"url\":\"https:\/\/www.praha14.cz\/zivot-na-praze-14\/\",\"name\":\"\u017divot na Praze 14\",\"description\":\"\",\"potentialAction\":[{\"@type\":\"SearchAction\",\"target\":{\"@type\":\"EntryPoint\",\"urlTemplate\":\"https:\/\/www.praha14.cz\/zivot-na-praze-14\/?s={search_term_string}\"},\"query-input\":{\"@type\":\"PropertyValueSpecification\",\"valueRequired\":true,\"valueName\":\"search_term_string\"}}],\"inLanguage\":\"cs\"}]}<\/script>\n<!-- \/ Yoast SEO plugin. -->","yoast_head_json":{"title":"JAROSLAV HIMR - \u017divot na Praze 14","robots":{"index":"index","follow":"follow","max-snippet":"max-snippet:-1","max-image-preview":"max-image-preview:large","max-video-preview":"max-video-preview:-1"},"canonical":"https:\/\/www.praha14.cz\/zivot-na-praze-14\/plk-i-m-jaroslav-himr-dfc\/","og_locale":"cs_CZ","og_type":"article","og_title":"JAROSLAV HIMR - \u017divot na Praze 14","og_description":"Plk. i.m. JAROSLAV HIMR, DFC Znalost angli\u010dtiny, z\u00edskan\u00e1 na obchodn\u00ed akademii v Prost\u011bjov\u011b, otev\u0159ela Jaroslavu Himrovi dve\u0159e mezi st\u00edhac\u00ed elitu RAF. Po okupaci ode\u0161el do Francie tzv. balk\u00e1nskou cestou, do Brit\u00e1nie se pak dostal jako jeden z m\u00e1la letounem, nikoli evakua\u010dn\u00ed lod\u00ed. V hodnosti Pilot Officer se jako kvalifikovan\u00fd st\u00edhac\u00ed pilot stal v \u010dervenci 1940...","og_url":"https:\/\/www.praha14.cz\/zivot-na-praze-14\/plk-i-m-jaroslav-himr-dfc\/","og_site_name":"\u017divot na Praze 14","article_modified_time":"2026-01-30T10:04:05+00:00","og_image":[{"width":282,"height":400,"url":"https:\/\/www.praha14.cz\/app\/uploads\/sites\/4\/2014\/04\/himr.jpg","type":"image\/jpeg"}],"twitter_card":"summary_large_image","twitter_misc":{"Est. reading time":"2 minuty"},"schema":{"@context":"https:\/\/schema.org","@graph":[{"@type":"WebPage","@id":"https:\/\/www.praha14.cz\/zivot-na-praze-14\/plk-i-m-jaroslav-himr-dfc\/","url":"https:\/\/www.praha14.cz\/zivot-na-praze-14\/plk-i-m-jaroslav-himr-dfc\/","name":"JAROSLAV HIMR - \u017divot na Praze 14","isPartOf":{"@id":"https:\/\/www.praha14.cz\/zivot-na-praze-14\/#website"},"primaryImageOfPage":{"@id":"https:\/\/www.praha14.cz\/zivot-na-praze-14\/plk-i-m-jaroslav-himr-dfc\/#primaryimage"},"image":{"@id":"https:\/\/www.praha14.cz\/zivot-na-praze-14\/plk-i-m-jaroslav-himr-dfc\/#primaryimage"},"thumbnailUrl":"https:\/\/www.praha14.cz\/app\/uploads\/sites\/4\/2014\/04\/himr.jpg","datePublished":"2014-05-12T16:27:50+00:00","dateModified":"2026-01-30T10:04:05+00:00","breadcrumb":{"@id":"https:\/\/www.praha14.cz\/zivot-na-praze-14\/plk-i-m-jaroslav-himr-dfc\/#breadcrumb"},"inLanguage":"cs","potentialAction":[{"@type":"ReadAction","target":["https:\/\/www.praha14.cz\/zivot-na-praze-14\/plk-i-m-jaroslav-himr-dfc\/"]}]},{"@type":"ImageObject","inLanguage":"cs","@id":"https:\/\/www.praha14.cz\/zivot-na-praze-14\/plk-i-m-jaroslav-himr-dfc\/#primaryimage","url":"https:\/\/www.praha14.cz\/app\/uploads\/sites\/4\/2014\/04\/himr.jpg","contentUrl":"https:\/\/www.praha14.cz\/app\/uploads\/sites\/4\/2014\/04\/himr.jpg"},{"@type":"BreadcrumbList","@id":"https:\/\/www.praha14.cz\/zivot-na-praze-14\/plk-i-m-jaroslav-himr-dfc\/#breadcrumb","itemListElement":[{"@type":"ListItem","position":1,"name":"\u017divot na Praze 14","item":"https:\/\/www.praha14.cz\/zivot-na-praze-14\/"},{"@type":"ListItem","position":2,"name":"JAROSLAV HIMR"}]},{"@type":"WebSite","@id":"https:\/\/www.praha14.cz\/zivot-na-praze-14\/#website","url":"https:\/\/www.praha14.cz\/zivot-na-praze-14\/","name":"\u017divot na Praze 14","description":"","potentialAction":[{"@type":"SearchAction","target":{"@type":"EntryPoint","urlTemplate":"https:\/\/www.praha14.cz\/zivot-na-praze-14\/?s={search_term_string}"},"query-input":{"@type":"PropertyValueSpecification","valueRequired":true,"valueName":"search_term_string"}}],"inLanguage":"cs"}]}},"_links":{"self":[{"href":"https:\/\/www.praha14.cz\/zivot-na-praze-14\/wp-json\/wp\/v2\/pages\/2169","targetHints":{"allow":["GET"]}}],"collection":[{"href":"https:\/\/www.praha14.cz\/zivot-na-praze-14\/wp-json\/wp\/v2\/pages"}],"about":[{"href":"https:\/\/www.praha14.cz\/zivot-na-praze-14\/wp-json\/wp\/v2\/types\/page"}],"author":[{"embeddable":true,"href":"https:\/\/www.praha14.cz\/zivot-na-praze-14\/wp-json\/wp\/v2\/users\/1"}],"replies":[{"embeddable":true,"href":"https:\/\/www.praha14.cz\/zivot-na-praze-14\/wp-json\/wp\/v2\/comments?post=2169"}],"version-history":[{"count":3,"href":"https:\/\/www.praha14.cz\/zivot-na-praze-14\/wp-json\/wp\/v2\/pages\/2169\/revisions"}],"predecessor-version":[{"id":73871,"href":"https:\/\/www.praha14.cz\/zivot-na-praze-14\/wp-json\/wp\/v2\/pages\/2169\/revisions\/73871"}],"wp:attachment":[{"href":"https:\/\/www.praha14.cz\/zivot-na-praze-14\/wp-json\/wp\/v2\/media?parent=2169"}],"curies":[{"name":"wp","href":"https:\/\/api.w.org\/{rel}","templated":true}]}}