{"id":2198,"date":"2014-05-12T17:54:07","date_gmt":"2014-05-12T16:54:07","guid":{"rendered":"https:\/\/www.praha14.cz\/zivot-na-praze-14\/?page_id=2198"},"modified":"2026-02-02T07:22:43","modified_gmt":"2026-02-02T07:22:43","slug":"plk-v-v-karel-seda","status":"publish","type":"page","link":"https:\/\/www.praha14.cz\/zivot-na-praze-14\/plk-v-v-karel-seda\/","title":{"rendered":"KAREL \u0160EDA"},"content":{"rendered":"<p align=\"left\"><a href=\"https:\/\/www.praha14.cz\/app\/uploads\/sites\/4\/2014\/04\/seda.jpg\" data-rel=\"lightbox-image-0\" data-rl_title=\"\" data-rl_caption=\"\" title=\"\"><img loading=\"lazy\" decoding=\"async\" class=\"alignright size-full wp-image-2154\" src=\"https:\/\/www.praha14.cz\/app\/uploads\/sites\/4\/2014\/04\/seda.jpg\" alt=\"seda\" width=\"282\" height=\"400\" srcset=\"https:\/\/www.praha14.cz\/app\/uploads\/sites\/4\/2014\/04\/seda.jpg 282w, https:\/\/www.praha14.cz\/app\/uploads\/sites\/4\/2014\/04\/seda-260x370.jpg 260w\" sizes=\"(max-width: 282px) 100vw, 282px\" \/><\/a><strong>Plk. v.v. KAREL \u0160EDA<\/strong><\/p>\n<p align=\"left\">Karel \u0160eda pat\u0159il k nejv\u0161estrann\u011bj\u0161\u00edm \u010deskoslovensk\u00fdm pilot\u016fm sv\u00e9 generace. P\u016fvodn\u011b se vyu\u010dil elektrik\u00e1\u0159em, v arm\u00e1d\u011b pak vystudoval \u0161kolu odborn\u00e9ho leteck\u00e9ho dorostu, stal se pilotem dvoum\u00edstn\u00fdch letoun\u016f a pozd\u011bji i st\u00edha\u010dem. L\u00e9tal u 38. st\u00edhac\u00ed letky na Avi\u00edch B-21 a Ba-33, kde na sebe upozornil p\u0159esnou pilot\u00e1\u017e\u00ed, pozd\u011bji p\u0159e\u0161el do Let\u0148an jako zku\u0161ebn\u00ed pilot.<\/p>\n<p align=\"left\">Roku 1935 z\u00edskal m\u00edsto u \u010cSA, co\u017e tehdy znamenalo pracovn\u00ed jistotu i presti\u017e. L\u00e9tal na vnitrost\u00e1tn\u00edch i zahrani\u010dn\u00edch link\u00e1ch a roku 1937 se z\u00fa\u010dastnil mezin\u00e1rodn\u00ed sout\u011b\u017ee v Egypt\u011b, skon\u010dil na 14. m\u00edst\u011b. Po okupaci odm\u00edtl n\u011bmeckou nab\u00eddku a p\u0159es Polsko uprchl do Francie. V boj\u00edch roku 1940 nal\u00e9tal na Morane-Saulnierech MS-406 celkem 21 hodin. Po p\u00e1du Francie se p\u0159es severn\u00ed Afriku dostal do Brit\u00e1nie a v RAF vstoupil do 310. peruti, s n\u00ed\u017e zas\u00e1hl do bitvy o Brit\u00e1nii. Pozd\u011bji p\u016fsobil jako zal\u00e9t\u00e1vac\u00ed pilot u \u0159ady technick\u00fdch jednotek; jeho rukama pro\u0161ly des\u00edtky typ\u016f letoun\u016f od st\u00edha\u010dek po t\u011b\u017ek\u00e9 bombard\u00e9ry. V roce 1943 p\u0159e\u0161el k no\u010dn\u00edm st\u00edha\u010d\u016fm 68. perut\u011b. Do roku 1945 m\u011bl nal\u00e9t\u00e1no p\u0159es 4600 hodin.<\/p>\n<p align=\"left\">Po v\u00e1lce slou\u017eil v dopravn\u00edm letectvu a pot\u00e9 op\u011bt u \u010cSA. Po komunistick\u00fdch \u010distk\u00e1ch byl v roce 1950 zat\u010den a odsouzen na 14 let, v uranov\u00fdch l\u00e1grech jich str\u00e1vil v\u00edce ne\u017e sedm. Po propu\u0161t\u011bn\u00ed pracoval jako elektrik\u00e1\u0159 a k l\u00e9t\u00e1n\u00ed se vr\u00e1til alespo\u0148 v aeroklubu. Rehabilitov\u00e1n byl roku 1966, po roce 1989 byl pov\u00fd\u0161en na plukovn\u00edka ve v\u00fdslu\u017eb\u011b, zem\u0159el v roce 1992.<\/p>\n","protected":false},"excerpt":{"rendered":"<p>Plk. v.v. KAREL \u0160EDA Karel \u0160eda pat\u0159il k nejv\u0161estrann\u011bj\u0161\u00edm \u010deskoslovensk\u00fdm pilot\u016fm sv\u00e9 generace. P\u016fvodn\u011b se vyu\u010dil elektrik\u00e1\u0159em, v arm\u00e1d\u011b pak vystudoval \u0161kolu odborn\u00e9ho leteck\u00e9ho dorostu, stal se pilotem dvoum\u00edstn\u00fdch letoun\u016f a pozd\u011bji i st\u00edha\u010dem. L\u00e9tal u 38. st\u00edhac\u00ed letky na Avi\u00edch B-21 a Ba-33, kde na sebe upozornil p\u0159esnou pilot\u00e1\u017e\u00ed, pozd\u011bji p\u0159e\u0161el do Let\u0148an jako&#8230;<\/p>\n","protected":false},"author":1,"featured_media":0,"parent":0,"menu_order":0,"comment_status":"closed","ping_status":"open","template":"","meta":{"_acf_changed":false,"footnotes":""},"class_list":["post-2198","page","type-page","status-publish","hentry"],"acf":[],"yoast_head":"<!-- This site is optimized with the Yoast SEO plugin v27.2 - https:\/\/yoast.com\/product\/yoast-seo-wordpress\/ -->\n<title>KAREL \u0160EDA - \u017divot na Praze 14<\/title>\n<meta name=\"robots\" content=\"index, follow, max-snippet:-1, max-image-preview:large, max-video-preview:-1\" \/>\n<link rel=\"canonical\" href=\"https:\/\/www.praha14.cz\/zivot-na-praze-14\/plk-v-v-karel-seda\/\" \/>\n<meta property=\"og:locale\" content=\"cs_CZ\" \/>\n<meta property=\"og:type\" content=\"article\" \/>\n<meta property=\"og:title\" content=\"KAREL \u0160EDA - \u017divot na Praze 14\" \/>\n<meta property=\"og:description\" content=\"Plk. v.v. KAREL \u0160EDA Karel \u0160eda pat\u0159il k nejv\u0161estrann\u011bj\u0161\u00edm \u010deskoslovensk\u00fdm pilot\u016fm sv\u00e9 generace. P\u016fvodn\u011b se vyu\u010dil elektrik\u00e1\u0159em, v arm\u00e1d\u011b pak vystudoval \u0161kolu odborn\u00e9ho leteck\u00e9ho dorostu, stal se pilotem dvoum\u00edstn\u00fdch letoun\u016f a pozd\u011bji i st\u00edha\u010dem. L\u00e9tal u 38. st\u00edhac\u00ed letky na Avi\u00edch B-21 a Ba-33, kde na sebe upozornil p\u0159esnou pilot\u00e1\u017e\u00ed, pozd\u011bji p\u0159e\u0161el do Let\u0148an jako...\" \/>\n<meta property=\"og:url\" content=\"https:\/\/www.praha14.cz\/zivot-na-praze-14\/plk-v-v-karel-seda\/\" \/>\n<meta property=\"og:site_name\" content=\"\u017divot na Praze 14\" \/>\n<meta property=\"article:modified_time\" content=\"2026-02-02T07:22:43+00:00\" \/>\n<meta property=\"og:image\" content=\"https:\/\/www.praha14.cz\/app\/uploads\/sites\/4\/2014\/04\/seda.jpg\" \/>\n\t<meta property=\"og:image:width\" content=\"282\" \/>\n\t<meta property=\"og:image:height\" content=\"400\" \/>\n\t<meta property=\"og:image:type\" content=\"image\/jpeg\" \/>\n<meta name=\"twitter:card\" content=\"summary_large_image\" \/>\n<meta name=\"twitter:label1\" content=\"Est. reading time\" \/>\n\t<meta name=\"twitter:data1\" content=\"2 minuty\" \/>\n<script type=\"application\/ld+json\" class=\"yoast-schema-graph\">{\"@context\":\"https:\/\/schema.org\",\"@graph\":[{\"@type\":\"WebPage\",\"@id\":\"https:\/\/www.praha14.cz\/zivot-na-praze-14\/plk-v-v-karel-seda\/\",\"url\":\"https:\/\/www.praha14.cz\/zivot-na-praze-14\/plk-v-v-karel-seda\/\",\"name\":\"KAREL \u0160EDA - \u017divot na Praze 14\",\"isPartOf\":{\"@id\":\"https:\/\/www.praha14.cz\/zivot-na-praze-14\/#website\"},\"primaryImageOfPage\":{\"@id\":\"https:\/\/www.praha14.cz\/zivot-na-praze-14\/plk-v-v-karel-seda\/#primaryimage\"},\"image\":{\"@id\":\"https:\/\/www.praha14.cz\/zivot-na-praze-14\/plk-v-v-karel-seda\/#primaryimage\"},\"thumbnailUrl\":\"https:\/\/www.praha14.cz\/app\/uploads\/sites\/4\/2014\/04\/seda.jpg\",\"datePublished\":\"2014-05-12T16:54:07+00:00\",\"dateModified\":\"2026-02-02T07:22:43+00:00\",\"breadcrumb\":{\"@id\":\"https:\/\/www.praha14.cz\/zivot-na-praze-14\/plk-v-v-karel-seda\/#breadcrumb\"},\"inLanguage\":\"cs\",\"potentialAction\":[{\"@type\":\"ReadAction\",\"target\":[\"https:\/\/www.praha14.cz\/zivot-na-praze-14\/plk-v-v-karel-seda\/\"]}]},{\"@type\":\"ImageObject\",\"inLanguage\":\"cs\",\"@id\":\"https:\/\/www.praha14.cz\/zivot-na-praze-14\/plk-v-v-karel-seda\/#primaryimage\",\"url\":\"https:\/\/www.praha14.cz\/app\/uploads\/sites\/4\/2014\/04\/seda.jpg\",\"contentUrl\":\"https:\/\/www.praha14.cz\/app\/uploads\/sites\/4\/2014\/04\/seda.jpg\"},{\"@type\":\"BreadcrumbList\",\"@id\":\"https:\/\/www.praha14.cz\/zivot-na-praze-14\/plk-v-v-karel-seda\/#breadcrumb\",\"itemListElement\":[{\"@type\":\"ListItem\",\"position\":1,\"name\":\"\u017divot na Praze 14\",\"item\":\"https:\/\/www.praha14.cz\/zivot-na-praze-14\/\"},{\"@type\":\"ListItem\",\"position\":2,\"name\":\"KAREL \u0160EDA\"}]},{\"@type\":\"WebSite\",\"@id\":\"https:\/\/www.praha14.cz\/zivot-na-praze-14\/#website\",\"url\":\"https:\/\/www.praha14.cz\/zivot-na-praze-14\/\",\"name\":\"\u017divot na Praze 14\",\"description\":\"\",\"potentialAction\":[{\"@type\":\"SearchAction\",\"target\":{\"@type\":\"EntryPoint\",\"urlTemplate\":\"https:\/\/www.praha14.cz\/zivot-na-praze-14\/?s={search_term_string}\"},\"query-input\":{\"@type\":\"PropertyValueSpecification\",\"valueRequired\":true,\"valueName\":\"search_term_string\"}}],\"inLanguage\":\"cs\"}]}<\/script>\n<!-- \/ Yoast SEO plugin. -->","yoast_head_json":{"title":"KAREL \u0160EDA - \u017divot na Praze 14","robots":{"index":"index","follow":"follow","max-snippet":"max-snippet:-1","max-image-preview":"max-image-preview:large","max-video-preview":"max-video-preview:-1"},"canonical":"https:\/\/www.praha14.cz\/zivot-na-praze-14\/plk-v-v-karel-seda\/","og_locale":"cs_CZ","og_type":"article","og_title":"KAREL \u0160EDA - \u017divot na Praze 14","og_description":"Plk. v.v. KAREL \u0160EDA Karel \u0160eda pat\u0159il k nejv\u0161estrann\u011bj\u0161\u00edm \u010deskoslovensk\u00fdm pilot\u016fm sv\u00e9 generace. P\u016fvodn\u011b se vyu\u010dil elektrik\u00e1\u0159em, v arm\u00e1d\u011b pak vystudoval \u0161kolu odborn\u00e9ho leteck\u00e9ho dorostu, stal se pilotem dvoum\u00edstn\u00fdch letoun\u016f a pozd\u011bji i st\u00edha\u010dem. L\u00e9tal u 38. st\u00edhac\u00ed letky na Avi\u00edch B-21 a Ba-33, kde na sebe upozornil p\u0159esnou pilot\u00e1\u017e\u00ed, pozd\u011bji p\u0159e\u0161el do Let\u0148an jako...","og_url":"https:\/\/www.praha14.cz\/zivot-na-praze-14\/plk-v-v-karel-seda\/","og_site_name":"\u017divot na Praze 14","article_modified_time":"2026-02-02T07:22:43+00:00","og_image":[{"width":282,"height":400,"url":"https:\/\/www.praha14.cz\/app\/uploads\/sites\/4\/2014\/04\/seda.jpg","type":"image\/jpeg"}],"twitter_card":"summary_large_image","twitter_misc":{"Est. reading time":"2 minuty"},"schema":{"@context":"https:\/\/schema.org","@graph":[{"@type":"WebPage","@id":"https:\/\/www.praha14.cz\/zivot-na-praze-14\/plk-v-v-karel-seda\/","url":"https:\/\/www.praha14.cz\/zivot-na-praze-14\/plk-v-v-karel-seda\/","name":"KAREL \u0160EDA - \u017divot na Praze 14","isPartOf":{"@id":"https:\/\/www.praha14.cz\/zivot-na-praze-14\/#website"},"primaryImageOfPage":{"@id":"https:\/\/www.praha14.cz\/zivot-na-praze-14\/plk-v-v-karel-seda\/#primaryimage"},"image":{"@id":"https:\/\/www.praha14.cz\/zivot-na-praze-14\/plk-v-v-karel-seda\/#primaryimage"},"thumbnailUrl":"https:\/\/www.praha14.cz\/app\/uploads\/sites\/4\/2014\/04\/seda.jpg","datePublished":"2014-05-12T16:54:07+00:00","dateModified":"2026-02-02T07:22:43+00:00","breadcrumb":{"@id":"https:\/\/www.praha14.cz\/zivot-na-praze-14\/plk-v-v-karel-seda\/#breadcrumb"},"inLanguage":"cs","potentialAction":[{"@type":"ReadAction","target":["https:\/\/www.praha14.cz\/zivot-na-praze-14\/plk-v-v-karel-seda\/"]}]},{"@type":"ImageObject","inLanguage":"cs","@id":"https:\/\/www.praha14.cz\/zivot-na-praze-14\/plk-v-v-karel-seda\/#primaryimage","url":"https:\/\/www.praha14.cz\/app\/uploads\/sites\/4\/2014\/04\/seda.jpg","contentUrl":"https:\/\/www.praha14.cz\/app\/uploads\/sites\/4\/2014\/04\/seda.jpg"},{"@type":"BreadcrumbList","@id":"https:\/\/www.praha14.cz\/zivot-na-praze-14\/plk-v-v-karel-seda\/#breadcrumb","itemListElement":[{"@type":"ListItem","position":1,"name":"\u017divot na Praze 14","item":"https:\/\/www.praha14.cz\/zivot-na-praze-14\/"},{"@type":"ListItem","position":2,"name":"KAREL \u0160EDA"}]},{"@type":"WebSite","@id":"https:\/\/www.praha14.cz\/zivot-na-praze-14\/#website","url":"https:\/\/www.praha14.cz\/zivot-na-praze-14\/","name":"\u017divot na Praze 14","description":"","potentialAction":[{"@type":"SearchAction","target":{"@type":"EntryPoint","urlTemplate":"https:\/\/www.praha14.cz\/zivot-na-praze-14\/?s={search_term_string}"},"query-input":{"@type":"PropertyValueSpecification","valueRequired":true,"valueName":"search_term_string"}}],"inLanguage":"cs"}]}},"_links":{"self":[{"href":"https:\/\/www.praha14.cz\/zivot-na-praze-14\/wp-json\/wp\/v2\/pages\/2198","targetHints":{"allow":["GET"]}}],"collection":[{"href":"https:\/\/www.praha14.cz\/zivot-na-praze-14\/wp-json\/wp\/v2\/pages"}],"about":[{"href":"https:\/\/www.praha14.cz\/zivot-na-praze-14\/wp-json\/wp\/v2\/types\/page"}],"author":[{"embeddable":true,"href":"https:\/\/www.praha14.cz\/zivot-na-praze-14\/wp-json\/wp\/v2\/users\/1"}],"replies":[{"embeddable":true,"href":"https:\/\/www.praha14.cz\/zivot-na-praze-14\/wp-json\/wp\/v2\/comments?post=2198"}],"version-history":[{"count":3,"href":"https:\/\/www.praha14.cz\/zivot-na-praze-14\/wp-json\/wp\/v2\/pages\/2198\/revisions"}],"predecessor-version":[{"id":73901,"href":"https:\/\/www.praha14.cz\/zivot-na-praze-14\/wp-json\/wp\/v2\/pages\/2198\/revisions\/73901"}],"wp:attachment":[{"href":"https:\/\/www.praha14.cz\/zivot-na-praze-14\/wp-json\/wp\/v2\/media?parent=2198"}],"curies":[{"name":"wp","href":"https:\/\/api.w.org\/{rel}","templated":true}]}}