{"id":2202,"date":"2014-05-12T17:56:46","date_gmt":"2014-05-12T16:56:46","guid":{"rendered":"https:\/\/www.praha14.cz\/zivot-na-praze-14\/?page_id=2202"},"modified":"2026-02-02T07:57:45","modified_gmt":"2026-02-02T07:57:45","slug":"plk-i-m-arnost-valenta","status":"publish","type":"page","link":"https:\/\/www.praha14.cz\/zivot-na-praze-14\/plk-i-m-arnost-valenta\/","title":{"rendered":"ARNO\u0160T VALENTA"},"content":{"rendered":"<p align=\"left\"><strong>Plk. i.m. ARNO\u0160T VALENTA<\/strong><\/p>\n<p align=\"left\"><a href=\"https:\/\/www.praha14.cz\/app\/uploads\/sites\/4\/2014\/04\/valenta.jpg\" data-rel=\"lightbox-image-0\" data-rl_title=\"\" data-rl_caption=\"\" title=\"\"><img loading=\"lazy\" decoding=\"async\" class=\"alignright size-full wp-image-2158\" src=\"https:\/\/www.praha14.cz\/app\/uploads\/sites\/4\/2014\/04\/valenta.jpg\" alt=\"valenta\" width=\"280\" height=\"400\" srcset=\"https:\/\/www.praha14.cz\/app\/uploads\/sites\/4\/2014\/04\/valenta.jpg 280w, https:\/\/www.praha14.cz\/app\/uploads\/sites\/4\/2014\/04\/valenta-259x370.jpg 259w\" sizes=\"(max-width: 280px) 100vw, 280px\" \/><\/a>Arno\u0161t Valenta se narodil v okrese Z\u00e1b\u0159eh jako syn roln\u00edka. Po absolvov\u00e1n\u00ed re\u00e1ln\u00e9ho gymn\u00e1zia vstoupil v roce 1933 do \u010deskoslovensk\u00e9 arm\u00e1dy jako d\u016fstojn\u00edk a pozd\u011bji byl za\u0159azen k v\u00fdcviku pro spojovac\u00ed slu\u017eby.<\/p>\n<p align=\"left\">Po vypuknut\u00ed v\u00e1lky se dostal do Velk\u00e9 Brit\u00e1nie, kde byl 29. \u010dervence 1940 p\u0159ijat do Royal Air Force Volunteer Reserve v hodnosti Pilot Officer a brzy se stal \u010dlenem 311. bombardovac\u00ed perut\u011b RAF, jedin\u00e9ho \u010deskoslovensk\u00e9ho bombardovac\u00edho svazku v r\u00e1mci RAF. Ve sv\u00e9 funkci radiotelegrafisty se z\u00fa\u010dastnil \u0159ady opera\u010dn\u00edch let\u016f na t\u011b\u017ek\u00fdch bombardovac\u00edch stroj\u00edch typu Vickers Wellington, kter\u00e9 m\u00ed\u0159ily p\u0159es okupovanou Evropu na c\u00edle v N\u011bmecku a jeho satelitech.<\/p>\n<p align=\"left\">V \u00fanoru 1941 byl b\u011bhem jedn\u00e9 z mis\u00ed zajat a internov\u00e1n v n\u011bmeck\u00e9m zajateck\u00e9m t\u00e1bo\u0159e Stalag Luft III. B\u011bhem pobytu v zajateck\u00e9m t\u00e1bo\u0159e sehr\u00e1l Valenta v\u00fdznamnou roli p\u0159i p\u0159\u00edprav\u00e1ch tzv. \u201eVelk\u00e9ho \u00fat\u011bku\u201c, tedy akce, p\u0159i n\u00ed\u017e skupina spojeneck\u00fdch letc\u016f prokopala 111 m dlouh\u00fd tunel a pokusila se z t\u00e1bora uniknout. V noci na 25. b\u0159ezna 1944 byl Valenta jedn\u00edm z prvn\u00edch, kdo se dostal ven, ale byl rychle znovu dopaden a 31. b\u0159ezna byl spole\u010dn\u011b s dal\u0161\u00edmi d\u016fstojn\u00edky zast\u0159elen gestapem. Je tak jedin\u00fdm \u010deskoslovensk\u00fdm letcem RAF, kter\u00fd se ze zajet\u00ed nevr\u00e1til. Valenta byl in memoriam pov\u00fd\u0161en a ocen\u011bn \u0159adou vyznamen\u00e1n\u00ed.<\/p>\n","protected":false},"excerpt":{"rendered":"<p>Plk. i.m. ARNO\u0160T VALENTA Arno\u0161t Valenta se narodil v okrese Z\u00e1b\u0159eh jako syn roln\u00edka. Po absolvov\u00e1n\u00ed re\u00e1ln\u00e9ho gymn\u00e1zia vstoupil v roce 1933 do \u010deskoslovensk\u00e9 arm\u00e1dy jako d\u016fstojn\u00edk a pozd\u011bji byl za\u0159azen k v\u00fdcviku pro spojovac\u00ed slu\u017eby. Po vypuknut\u00ed v\u00e1lky se dostal do Velk\u00e9 Brit\u00e1nie, kde byl 29. \u010dervence 1940 p\u0159ijat do Royal Air Force Volunteer&#8230;<\/p>\n","protected":false},"author":1,"featured_media":0,"parent":0,"menu_order":0,"comment_status":"closed","ping_status":"open","template":"","meta":{"_acf_changed":false,"footnotes":""},"class_list":["post-2202","page","type-page","status-publish","hentry"],"acf":[],"yoast_head":"<!-- This site is optimized with the Yoast SEO plugin v27.2 - https:\/\/yoast.com\/product\/yoast-seo-wordpress\/ -->\n<title>ARNO\u0160T VALENTA - \u017divot na Praze 14<\/title>\n<meta name=\"robots\" content=\"index, follow, max-snippet:-1, max-image-preview:large, max-video-preview:-1\" \/>\n<link rel=\"canonical\" href=\"https:\/\/www.praha14.cz\/zivot-na-praze-14\/plk-i-m-arnost-valenta\/\" \/>\n<meta property=\"og:locale\" content=\"cs_CZ\" \/>\n<meta property=\"og:type\" content=\"article\" \/>\n<meta property=\"og:title\" content=\"ARNO\u0160T VALENTA - \u017divot na Praze 14\" \/>\n<meta property=\"og:description\" content=\"Plk. i.m. ARNO\u0160T VALENTA Arno\u0161t Valenta se narodil v okrese Z\u00e1b\u0159eh jako syn roln\u00edka. Po absolvov\u00e1n\u00ed re\u00e1ln\u00e9ho gymn\u00e1zia vstoupil v roce 1933 do \u010deskoslovensk\u00e9 arm\u00e1dy jako d\u016fstojn\u00edk a pozd\u011bji byl za\u0159azen k v\u00fdcviku pro spojovac\u00ed slu\u017eby. Po vypuknut\u00ed v\u00e1lky se dostal do Velk\u00e9 Brit\u00e1nie, kde byl 29. \u010dervence 1940 p\u0159ijat do Royal Air Force Volunteer...\" \/>\n<meta property=\"og:url\" content=\"https:\/\/www.praha14.cz\/zivot-na-praze-14\/plk-i-m-arnost-valenta\/\" \/>\n<meta property=\"og:site_name\" content=\"\u017divot na Praze 14\" \/>\n<meta property=\"article:modified_time\" content=\"2026-02-02T07:57:45+00:00\" \/>\n<meta property=\"og:image\" content=\"https:\/\/www.praha14.cz\/app\/uploads\/sites\/4\/2014\/04\/valenta.jpg\" \/>\n\t<meta property=\"og:image:width\" content=\"280\" \/>\n\t<meta property=\"og:image:height\" content=\"400\" \/>\n\t<meta property=\"og:image:type\" content=\"image\/jpeg\" \/>\n<meta name=\"twitter:card\" content=\"summary_large_image\" \/>\n<meta name=\"twitter:label1\" content=\"Est. reading time\" \/>\n\t<meta name=\"twitter:data1\" content=\"2 minuty\" \/>\n<script type=\"application\/ld+json\" class=\"yoast-schema-graph\">{\"@context\":\"https:\/\/schema.org\",\"@graph\":[{\"@type\":\"WebPage\",\"@id\":\"https:\/\/www.praha14.cz\/zivot-na-praze-14\/plk-i-m-arnost-valenta\/\",\"url\":\"https:\/\/www.praha14.cz\/zivot-na-praze-14\/plk-i-m-arnost-valenta\/\",\"name\":\"ARNO\u0160T VALENTA - \u017divot na Praze 14\",\"isPartOf\":{\"@id\":\"https:\/\/www.praha14.cz\/zivot-na-praze-14\/#website\"},\"primaryImageOfPage\":{\"@id\":\"https:\/\/www.praha14.cz\/zivot-na-praze-14\/plk-i-m-arnost-valenta\/#primaryimage\"},\"image\":{\"@id\":\"https:\/\/www.praha14.cz\/zivot-na-praze-14\/plk-i-m-arnost-valenta\/#primaryimage\"},\"thumbnailUrl\":\"https:\/\/www.praha14.cz\/app\/uploads\/sites\/4\/2014\/04\/valenta.jpg\",\"datePublished\":\"2014-05-12T16:56:46+00:00\",\"dateModified\":\"2026-02-02T07:57:45+00:00\",\"breadcrumb\":{\"@id\":\"https:\/\/www.praha14.cz\/zivot-na-praze-14\/plk-i-m-arnost-valenta\/#breadcrumb\"},\"inLanguage\":\"cs\",\"potentialAction\":[{\"@type\":\"ReadAction\",\"target\":[\"https:\/\/www.praha14.cz\/zivot-na-praze-14\/plk-i-m-arnost-valenta\/\"]}]},{\"@type\":\"ImageObject\",\"inLanguage\":\"cs\",\"@id\":\"https:\/\/www.praha14.cz\/zivot-na-praze-14\/plk-i-m-arnost-valenta\/#primaryimage\",\"url\":\"https:\/\/www.praha14.cz\/app\/uploads\/sites\/4\/2014\/04\/valenta.jpg\",\"contentUrl\":\"https:\/\/www.praha14.cz\/app\/uploads\/sites\/4\/2014\/04\/valenta.jpg\"},{\"@type\":\"BreadcrumbList\",\"@id\":\"https:\/\/www.praha14.cz\/zivot-na-praze-14\/plk-i-m-arnost-valenta\/#breadcrumb\",\"itemListElement\":[{\"@type\":\"ListItem\",\"position\":1,\"name\":\"\u017divot na Praze 14\",\"item\":\"https:\/\/www.praha14.cz\/zivot-na-praze-14\/\"},{\"@type\":\"ListItem\",\"position\":2,\"name\":\"ARNO\u0160T VALENTA\"}]},{\"@type\":\"WebSite\",\"@id\":\"https:\/\/www.praha14.cz\/zivot-na-praze-14\/#website\",\"url\":\"https:\/\/www.praha14.cz\/zivot-na-praze-14\/\",\"name\":\"\u017divot na Praze 14\",\"description\":\"\",\"potentialAction\":[{\"@type\":\"SearchAction\",\"target\":{\"@type\":\"EntryPoint\",\"urlTemplate\":\"https:\/\/www.praha14.cz\/zivot-na-praze-14\/?s={search_term_string}\"},\"query-input\":{\"@type\":\"PropertyValueSpecification\",\"valueRequired\":true,\"valueName\":\"search_term_string\"}}],\"inLanguage\":\"cs\"}]}<\/script>\n<!-- \/ Yoast SEO plugin. -->","yoast_head_json":{"title":"ARNO\u0160T VALENTA - \u017divot na Praze 14","robots":{"index":"index","follow":"follow","max-snippet":"max-snippet:-1","max-image-preview":"max-image-preview:large","max-video-preview":"max-video-preview:-1"},"canonical":"https:\/\/www.praha14.cz\/zivot-na-praze-14\/plk-i-m-arnost-valenta\/","og_locale":"cs_CZ","og_type":"article","og_title":"ARNO\u0160T VALENTA - \u017divot na Praze 14","og_description":"Plk. i.m. ARNO\u0160T VALENTA Arno\u0161t Valenta se narodil v okrese Z\u00e1b\u0159eh jako syn roln\u00edka. Po absolvov\u00e1n\u00ed re\u00e1ln\u00e9ho gymn\u00e1zia vstoupil v roce 1933 do \u010deskoslovensk\u00e9 arm\u00e1dy jako d\u016fstojn\u00edk a pozd\u011bji byl za\u0159azen k v\u00fdcviku pro spojovac\u00ed slu\u017eby. Po vypuknut\u00ed v\u00e1lky se dostal do Velk\u00e9 Brit\u00e1nie, kde byl 29. \u010dervence 1940 p\u0159ijat do Royal Air Force Volunteer...","og_url":"https:\/\/www.praha14.cz\/zivot-na-praze-14\/plk-i-m-arnost-valenta\/","og_site_name":"\u017divot na Praze 14","article_modified_time":"2026-02-02T07:57:45+00:00","og_image":[{"width":280,"height":400,"url":"https:\/\/www.praha14.cz\/app\/uploads\/sites\/4\/2014\/04\/valenta.jpg","type":"image\/jpeg"}],"twitter_card":"summary_large_image","twitter_misc":{"Est. reading time":"2 minuty"},"schema":{"@context":"https:\/\/schema.org","@graph":[{"@type":"WebPage","@id":"https:\/\/www.praha14.cz\/zivot-na-praze-14\/plk-i-m-arnost-valenta\/","url":"https:\/\/www.praha14.cz\/zivot-na-praze-14\/plk-i-m-arnost-valenta\/","name":"ARNO\u0160T VALENTA - \u017divot na Praze 14","isPartOf":{"@id":"https:\/\/www.praha14.cz\/zivot-na-praze-14\/#website"},"primaryImageOfPage":{"@id":"https:\/\/www.praha14.cz\/zivot-na-praze-14\/plk-i-m-arnost-valenta\/#primaryimage"},"image":{"@id":"https:\/\/www.praha14.cz\/zivot-na-praze-14\/plk-i-m-arnost-valenta\/#primaryimage"},"thumbnailUrl":"https:\/\/www.praha14.cz\/app\/uploads\/sites\/4\/2014\/04\/valenta.jpg","datePublished":"2014-05-12T16:56:46+00:00","dateModified":"2026-02-02T07:57:45+00:00","breadcrumb":{"@id":"https:\/\/www.praha14.cz\/zivot-na-praze-14\/plk-i-m-arnost-valenta\/#breadcrumb"},"inLanguage":"cs","potentialAction":[{"@type":"ReadAction","target":["https:\/\/www.praha14.cz\/zivot-na-praze-14\/plk-i-m-arnost-valenta\/"]}]},{"@type":"ImageObject","inLanguage":"cs","@id":"https:\/\/www.praha14.cz\/zivot-na-praze-14\/plk-i-m-arnost-valenta\/#primaryimage","url":"https:\/\/www.praha14.cz\/app\/uploads\/sites\/4\/2014\/04\/valenta.jpg","contentUrl":"https:\/\/www.praha14.cz\/app\/uploads\/sites\/4\/2014\/04\/valenta.jpg"},{"@type":"BreadcrumbList","@id":"https:\/\/www.praha14.cz\/zivot-na-praze-14\/plk-i-m-arnost-valenta\/#breadcrumb","itemListElement":[{"@type":"ListItem","position":1,"name":"\u017divot na Praze 14","item":"https:\/\/www.praha14.cz\/zivot-na-praze-14\/"},{"@type":"ListItem","position":2,"name":"ARNO\u0160T VALENTA"}]},{"@type":"WebSite","@id":"https:\/\/www.praha14.cz\/zivot-na-praze-14\/#website","url":"https:\/\/www.praha14.cz\/zivot-na-praze-14\/","name":"\u017divot na Praze 14","description":"","potentialAction":[{"@type":"SearchAction","target":{"@type":"EntryPoint","urlTemplate":"https:\/\/www.praha14.cz\/zivot-na-praze-14\/?s={search_term_string}"},"query-input":{"@type":"PropertyValueSpecification","valueRequired":true,"valueName":"search_term_string"}}],"inLanguage":"cs"}]}},"_links":{"self":[{"href":"https:\/\/www.praha14.cz\/zivot-na-praze-14\/wp-json\/wp\/v2\/pages\/2202","targetHints":{"allow":["GET"]}}],"collection":[{"href":"https:\/\/www.praha14.cz\/zivot-na-praze-14\/wp-json\/wp\/v2\/pages"}],"about":[{"href":"https:\/\/www.praha14.cz\/zivot-na-praze-14\/wp-json\/wp\/v2\/types\/page"}],"author":[{"embeddable":true,"href":"https:\/\/www.praha14.cz\/zivot-na-praze-14\/wp-json\/wp\/v2\/users\/1"}],"replies":[{"embeddable":true,"href":"https:\/\/www.praha14.cz\/zivot-na-praze-14\/wp-json\/wp\/v2\/comments?post=2202"}],"version-history":[{"count":3,"href":"https:\/\/www.praha14.cz\/zivot-na-praze-14\/wp-json\/wp\/v2\/pages\/2202\/revisions"}],"predecessor-version":[{"id":73904,"href":"https:\/\/www.praha14.cz\/zivot-na-praze-14\/wp-json\/wp\/v2\/pages\/2202\/revisions\/73904"}],"wp:attachment":[{"href":"https:\/\/www.praha14.cz\/zivot-na-praze-14\/wp-json\/wp\/v2\/media?parent=2202"}],"curies":[{"name":"wp","href":"https:\/\/api.w.org\/{rel}","templated":true}]}}