{"id":224,"date":"2014-04-24T19:20:32","date_gmt":"2014-04-24T18:20:32","guid":{"rendered":"https:\/\/www.praha14.cz\/zivot-na-praze-14\/?page_id=224"},"modified":"2026-01-30T09:41:33","modified_gmt":"2026-01-30T09:41:33","slug":"plk-i-m-josef-dygryn-dfm","status":"publish","type":"page","link":"https:\/\/www.praha14.cz\/zivot-na-praze-14\/plk-i-m-josef-dygryn-dfm\/","title":{"rendered":"JOSEF DYGR\u00ddN"},"content":{"rendered":"<p><a href=\"https:\/\/www.praha14.cz\/app\/uploads\/sites\/4\/2014\/04\/dygryn.jpg\" data-rel=\"lightbox-image-0\" data-rl_title=\"\" data-rl_caption=\"\" title=\"\"><img loading=\"lazy\" decoding=\"async\" class=\"alignright size-full wp-image-227\" src=\"https:\/\/www.praha14.cz\/app\/uploads\/sites\/4\/2014\/04\/dygryn.jpg\" alt=\"dygryn\" width=\"281\" height=\"400\" srcset=\"https:\/\/www.praha14.cz\/app\/uploads\/sites\/4\/2014\/04\/dygryn.jpg 281w, https:\/\/www.praha14.cz\/app\/uploads\/sites\/4\/2014\/04\/dygryn-259x370.jpg 259w\" sizes=\"(max-width: 281px) 100vw, 281px\" \/><\/a><strong>Plk. i.m. JOSEF DYGR\u00ddN, DFM<\/strong><\/p>\n<p>Narodil se v Praze jako \u0161est\u00fd syn svobodn\u00e9 matky, kv\u016fli slo\u017eit\u00e9 situaci vyr\u016fstal u sv\u00e9 tety v Hn\u011bvkovic\u00edch u Humpolce. Vyu\u010dil se strojn\u00edm z\u00e1me\u010dn\u00edkem a jeho z\u00e1jem o letectv\u00ed ho p\u0159ivedl k rozhodnut\u00ed vstoupit do \u010deskoslovensk\u00e9ho letectva. V\u00fdcvik absolvoval ve Vojensk\u00e9m leteck\u00e9m u\u010dili\u0161ti v Prost\u011bjov\u011b, specializoval se na l\u00e9t\u00e1n\u00ed podle p\u0159\u00edstroj\u016f. P\u016fvodn\u011b cht\u011bl 15. b\u0159ezna 1945, v den n\u011bmeck\u00e9 okupace, ulet\u011bt se spolu\u017e\u00e1ky na star\u00fdch st\u00edha\u010dk\u00e1ch Avia do Polska, velitel jim v tom ale zabr\u00e1nil. \u010ceskoslovensko tedy opustil po zemi a p\u0159es Polsko se dostal do Francie, kde se p\u0159ipojil k zahrani\u010dn\u00ed arm\u00e1d\u011b.<\/p>\n<p>Po p\u00e1du Francie vstoupil do RAF. Z d\u016fvodu ochrany sv\u00e9 rodiny, kter\u00e1 z\u016fstala v okupovan\u00e9 vlasti, p\u0159ijal kryc\u00ed jm\u00e9no Ligotick\u00fd. V RAF byl p\u0159id\u011blen k 1. peruti, kde zpo\u010d\u00e1tku \u010delil obt\u00ed\u017e\u00edm \u2013 p\u0159i nepoda\u0159en\u00fdch p\u0159ist\u00e1n\u00edch zni\u010dil dva letouny, na\u010de\u017e byl odesl\u00e1n na do\u0161kolen\u00ed. Jeho hv\u011bzdn\u00e1 chv\u00edle p\u0159i\u0161la v noci z 10. na 11. kv\u011btna 1941, b\u011bhem n\u011bmeck\u00e9ho n\u00e1letu na Lond\u00fdn. Poda\u0159ilo se mu sest\u0159elit t\u0159i nep\u0159\u00e1telsk\u00e9 letouny a v n\u00e1sleduj\u00edc\u00edch dnech si p\u0159ipsal dal\u0161\u00ed dva sest\u0159ely a jedno po\u0161kozen\u00ed, \u010d\u00edm\u017e se stal nej\u00fasp\u011b\u0161n\u011bj\u0161\u00edm \u010deskoslovensk\u00fdm st\u00edha\u010dem roku 1941.<\/p>\n<p>V z\u00e1\u0159\u00ed 1941 byl p\u0159evelen k 310. \u010deskoslovensk\u00e9 st\u00edhac\u00ed peruti, ale v kv\u011btnu 1942 se na \u017e\u00e1dost Karla Kuttelwaschera vr\u00e1til k 1. peruti, kde se pl\u00e1novalo vytvo\u0159en\u00ed \u010deskoslovensk\u00e9 letky pro no\u010dn\u00ed \u00fato\u010dn\u00e9 operace. Bohu\u017eel z jedn\u00e9 z t\u011bchto mis\u00ed v noci z 3. na 4. \u010dervna 1942 se Dygr\u00fdn nevr\u00e1til. Jeho osud z\u016fstal nezn\u00e1m\u00fd a\u017e do 8. z\u00e1\u0159\u00ed, kdy bylo nalezen\u00e9 t\u011blo identifikov\u00e1no podle rytiny na jeho osobn\u00ed zbrani. Za sv\u00e9 hrdinsk\u00e9 \u010diny byl Dygr\u00fdn in memoriam pov\u00fd\u0161en na podporu\u010d\u00edka a v roce 1991 na plukovn\u00edka.<\/p>\n","protected":false},"excerpt":{"rendered":"<p>Plk. i.m. JOSEF DYGR\u00ddN, DFM Narodil se v Praze jako \u0161est\u00fd syn svobodn\u00e9 matky, kv\u016fli slo\u017eit\u00e9 situaci vyr\u016fstal u sv\u00e9 tety v Hn\u011bvkovic\u00edch u Humpolce. Vyu\u010dil se strojn\u00edm z\u00e1me\u010dn\u00edkem a jeho z\u00e1jem o letectv\u00ed ho p\u0159ivedl k rozhodnut\u00ed vstoupit do \u010deskoslovensk\u00e9ho letectva. V\u00fdcvik absolvoval ve Vojensk\u00e9m leteck\u00e9m u\u010dili\u0161ti v Prost\u011bjov\u011b, specializoval se na l\u00e9t\u00e1n\u00ed podle&#8230;<\/p>\n","protected":false},"author":1,"featured_media":0,"parent":0,"menu_order":0,"comment_status":"closed","ping_status":"open","template":"","meta":{"_acf_changed":false,"footnotes":""},"class_list":["post-224","page","type-page","status-publish","hentry"],"acf":[],"yoast_head":"<!-- This site is optimized with the Yoast SEO plugin v27.2 - https:\/\/yoast.com\/product\/yoast-seo-wordpress\/ -->\n<title>JOSEF DYGR\u00ddN - \u017divot na Praze 14<\/title>\n<meta name=\"robots\" content=\"index, follow, max-snippet:-1, max-image-preview:large, max-video-preview:-1\" \/>\n<link rel=\"canonical\" href=\"https:\/\/www.praha14.cz\/zivot-na-praze-14\/plk-i-m-josef-dygryn-dfm\/\" \/>\n<meta property=\"og:locale\" content=\"cs_CZ\" \/>\n<meta property=\"og:type\" content=\"article\" \/>\n<meta property=\"og:title\" content=\"JOSEF DYGR\u00ddN - \u017divot na Praze 14\" \/>\n<meta property=\"og:description\" content=\"Plk. i.m. JOSEF DYGR\u00ddN, DFM Narodil se v Praze jako \u0161est\u00fd syn svobodn\u00e9 matky, kv\u016fli slo\u017eit\u00e9 situaci vyr\u016fstal u sv\u00e9 tety v Hn\u011bvkovic\u00edch u Humpolce. Vyu\u010dil se strojn\u00edm z\u00e1me\u010dn\u00edkem a jeho z\u00e1jem o letectv\u00ed ho p\u0159ivedl k rozhodnut\u00ed vstoupit do \u010deskoslovensk\u00e9ho letectva. V\u00fdcvik absolvoval ve Vojensk\u00e9m leteck\u00e9m u\u010dili\u0161ti v Prost\u011bjov\u011b, specializoval se na l\u00e9t\u00e1n\u00ed podle...\" \/>\n<meta property=\"og:url\" content=\"https:\/\/www.praha14.cz\/zivot-na-praze-14\/plk-i-m-josef-dygryn-dfm\/\" \/>\n<meta property=\"og:site_name\" content=\"\u017divot na Praze 14\" \/>\n<meta property=\"article:modified_time\" content=\"2026-01-30T09:41:33+00:00\" \/>\n<meta property=\"og:image\" content=\"https:\/\/www.praha14.cz\/app\/uploads\/sites\/4\/2014\/04\/dygryn.jpg\" \/>\n\t<meta property=\"og:image:width\" content=\"281\" \/>\n\t<meta property=\"og:image:height\" content=\"400\" \/>\n\t<meta property=\"og:image:type\" content=\"image\/jpeg\" \/>\n<meta name=\"twitter:card\" content=\"summary_large_image\" \/>\n<meta name=\"twitter:label1\" content=\"Est. reading time\" \/>\n\t<meta name=\"twitter:data1\" content=\"2 minuty\" \/>\n<script type=\"application\/ld+json\" class=\"yoast-schema-graph\">{\"@context\":\"https:\/\/schema.org\",\"@graph\":[{\"@type\":\"WebPage\",\"@id\":\"https:\/\/www.praha14.cz\/zivot-na-praze-14\/plk-i-m-josef-dygryn-dfm\/\",\"url\":\"https:\/\/www.praha14.cz\/zivot-na-praze-14\/plk-i-m-josef-dygryn-dfm\/\",\"name\":\"JOSEF DYGR\u00ddN - \u017divot na Praze 14\",\"isPartOf\":{\"@id\":\"https:\/\/www.praha14.cz\/zivot-na-praze-14\/#website\"},\"primaryImageOfPage\":{\"@id\":\"https:\/\/www.praha14.cz\/zivot-na-praze-14\/plk-i-m-josef-dygryn-dfm\/#primaryimage\"},\"image\":{\"@id\":\"https:\/\/www.praha14.cz\/zivot-na-praze-14\/plk-i-m-josef-dygryn-dfm\/#primaryimage\"},\"thumbnailUrl\":\"https:\/\/www.praha14.cz\/app\/uploads\/sites\/4\/2014\/04\/dygryn.jpg\",\"datePublished\":\"2014-04-24T18:20:32+00:00\",\"dateModified\":\"2026-01-30T09:41:33+00:00\",\"breadcrumb\":{\"@id\":\"https:\/\/www.praha14.cz\/zivot-na-praze-14\/plk-i-m-josef-dygryn-dfm\/#breadcrumb\"},\"inLanguage\":\"cs\",\"potentialAction\":[{\"@type\":\"ReadAction\",\"target\":[\"https:\/\/www.praha14.cz\/zivot-na-praze-14\/plk-i-m-josef-dygryn-dfm\/\"]}]},{\"@type\":\"ImageObject\",\"inLanguage\":\"cs\",\"@id\":\"https:\/\/www.praha14.cz\/zivot-na-praze-14\/plk-i-m-josef-dygryn-dfm\/#primaryimage\",\"url\":\"https:\/\/www.praha14.cz\/app\/uploads\/sites\/4\/2014\/04\/dygryn.jpg\",\"contentUrl\":\"https:\/\/www.praha14.cz\/app\/uploads\/sites\/4\/2014\/04\/dygryn.jpg\"},{\"@type\":\"BreadcrumbList\",\"@id\":\"https:\/\/www.praha14.cz\/zivot-na-praze-14\/plk-i-m-josef-dygryn-dfm\/#breadcrumb\",\"itemListElement\":[{\"@type\":\"ListItem\",\"position\":1,\"name\":\"\u017divot na Praze 14\",\"item\":\"https:\/\/www.praha14.cz\/zivot-na-praze-14\/\"},{\"@type\":\"ListItem\",\"position\":2,\"name\":\"JOSEF DYGR\u00ddN\"}]},{\"@type\":\"WebSite\",\"@id\":\"https:\/\/www.praha14.cz\/zivot-na-praze-14\/#website\",\"url\":\"https:\/\/www.praha14.cz\/zivot-na-praze-14\/\",\"name\":\"\u017divot na Praze 14\",\"description\":\"\",\"potentialAction\":[{\"@type\":\"SearchAction\",\"target\":{\"@type\":\"EntryPoint\",\"urlTemplate\":\"https:\/\/www.praha14.cz\/zivot-na-praze-14\/?s={search_term_string}\"},\"query-input\":{\"@type\":\"PropertyValueSpecification\",\"valueRequired\":true,\"valueName\":\"search_term_string\"}}],\"inLanguage\":\"cs\"}]}<\/script>\n<!-- \/ Yoast SEO plugin. -->","yoast_head_json":{"title":"JOSEF DYGR\u00ddN - \u017divot na Praze 14","robots":{"index":"index","follow":"follow","max-snippet":"max-snippet:-1","max-image-preview":"max-image-preview:large","max-video-preview":"max-video-preview:-1"},"canonical":"https:\/\/www.praha14.cz\/zivot-na-praze-14\/plk-i-m-josef-dygryn-dfm\/","og_locale":"cs_CZ","og_type":"article","og_title":"JOSEF DYGR\u00ddN - \u017divot na Praze 14","og_description":"Plk. i.m. JOSEF DYGR\u00ddN, DFM Narodil se v Praze jako \u0161est\u00fd syn svobodn\u00e9 matky, kv\u016fli slo\u017eit\u00e9 situaci vyr\u016fstal u sv\u00e9 tety v Hn\u011bvkovic\u00edch u Humpolce. Vyu\u010dil se strojn\u00edm z\u00e1me\u010dn\u00edkem a jeho z\u00e1jem o letectv\u00ed ho p\u0159ivedl k rozhodnut\u00ed vstoupit do \u010deskoslovensk\u00e9ho letectva. V\u00fdcvik absolvoval ve Vojensk\u00e9m leteck\u00e9m u\u010dili\u0161ti v Prost\u011bjov\u011b, specializoval se na l\u00e9t\u00e1n\u00ed podle...","og_url":"https:\/\/www.praha14.cz\/zivot-na-praze-14\/plk-i-m-josef-dygryn-dfm\/","og_site_name":"\u017divot na Praze 14","article_modified_time":"2026-01-30T09:41:33+00:00","og_image":[{"width":281,"height":400,"url":"https:\/\/www.praha14.cz\/app\/uploads\/sites\/4\/2014\/04\/dygryn.jpg","type":"image\/jpeg"}],"twitter_card":"summary_large_image","twitter_misc":{"Est. reading time":"2 minuty"},"schema":{"@context":"https:\/\/schema.org","@graph":[{"@type":"WebPage","@id":"https:\/\/www.praha14.cz\/zivot-na-praze-14\/plk-i-m-josef-dygryn-dfm\/","url":"https:\/\/www.praha14.cz\/zivot-na-praze-14\/plk-i-m-josef-dygryn-dfm\/","name":"JOSEF DYGR\u00ddN - \u017divot na Praze 14","isPartOf":{"@id":"https:\/\/www.praha14.cz\/zivot-na-praze-14\/#website"},"primaryImageOfPage":{"@id":"https:\/\/www.praha14.cz\/zivot-na-praze-14\/plk-i-m-josef-dygryn-dfm\/#primaryimage"},"image":{"@id":"https:\/\/www.praha14.cz\/zivot-na-praze-14\/plk-i-m-josef-dygryn-dfm\/#primaryimage"},"thumbnailUrl":"https:\/\/www.praha14.cz\/app\/uploads\/sites\/4\/2014\/04\/dygryn.jpg","datePublished":"2014-04-24T18:20:32+00:00","dateModified":"2026-01-30T09:41:33+00:00","breadcrumb":{"@id":"https:\/\/www.praha14.cz\/zivot-na-praze-14\/plk-i-m-josef-dygryn-dfm\/#breadcrumb"},"inLanguage":"cs","potentialAction":[{"@type":"ReadAction","target":["https:\/\/www.praha14.cz\/zivot-na-praze-14\/plk-i-m-josef-dygryn-dfm\/"]}]},{"@type":"ImageObject","inLanguage":"cs","@id":"https:\/\/www.praha14.cz\/zivot-na-praze-14\/plk-i-m-josef-dygryn-dfm\/#primaryimage","url":"https:\/\/www.praha14.cz\/app\/uploads\/sites\/4\/2014\/04\/dygryn.jpg","contentUrl":"https:\/\/www.praha14.cz\/app\/uploads\/sites\/4\/2014\/04\/dygryn.jpg"},{"@type":"BreadcrumbList","@id":"https:\/\/www.praha14.cz\/zivot-na-praze-14\/plk-i-m-josef-dygryn-dfm\/#breadcrumb","itemListElement":[{"@type":"ListItem","position":1,"name":"\u017divot na Praze 14","item":"https:\/\/www.praha14.cz\/zivot-na-praze-14\/"},{"@type":"ListItem","position":2,"name":"JOSEF DYGR\u00ddN"}]},{"@type":"WebSite","@id":"https:\/\/www.praha14.cz\/zivot-na-praze-14\/#website","url":"https:\/\/www.praha14.cz\/zivot-na-praze-14\/","name":"\u017divot na Praze 14","description":"","potentialAction":[{"@type":"SearchAction","target":{"@type":"EntryPoint","urlTemplate":"https:\/\/www.praha14.cz\/zivot-na-praze-14\/?s={search_term_string}"},"query-input":{"@type":"PropertyValueSpecification","valueRequired":true,"valueName":"search_term_string"}}],"inLanguage":"cs"}]}},"_links":{"self":[{"href":"https:\/\/www.praha14.cz\/zivot-na-praze-14\/wp-json\/wp\/v2\/pages\/224","targetHints":{"allow":["GET"]}}],"collection":[{"href":"https:\/\/www.praha14.cz\/zivot-na-praze-14\/wp-json\/wp\/v2\/pages"}],"about":[{"href":"https:\/\/www.praha14.cz\/zivot-na-praze-14\/wp-json\/wp\/v2\/types\/page"}],"author":[{"embeddable":true,"href":"https:\/\/www.praha14.cz\/zivot-na-praze-14\/wp-json\/wp\/v2\/users\/1"}],"replies":[{"embeddable":true,"href":"https:\/\/www.praha14.cz\/zivot-na-praze-14\/wp-json\/wp\/v2\/comments?post=224"}],"version-history":[{"count":3,"href":"https:\/\/www.praha14.cz\/zivot-na-praze-14\/wp-json\/wp\/v2\/pages\/224\/revisions"}],"predecessor-version":[{"id":73864,"href":"https:\/\/www.praha14.cz\/zivot-na-praze-14\/wp-json\/wp\/v2\/pages\/224\/revisions\/73864"}],"wp:attachment":[{"href":"https:\/\/www.praha14.cz\/zivot-na-praze-14\/wp-json\/wp\/v2\/media?parent=224"}],"curies":[{"name":"wp","href":"https:\/\/api.w.org\/{rel}","templated":true}]}}