{"id":29072,"date":"2016-01-28T14:33:18","date_gmt":"2016-01-28T13:33:18","guid":{"rendered":"https:\/\/www.praha14.cz\/zivot-na-praze-14\/?page_id=29072"},"modified":"2019-03-15T11:05:49","modified_gmt":"2019-03-15T11:05:49","slug":"turisticka-znamka","status":"publish","type":"page","link":"https:\/\/www.praha14.cz\/zivot-na-praze-14\/turisticka-znamka\/","title":{"rendered":"Sortiment pro turisty"},"content":{"rendered":"<p>V\u00a0informa\u010dn\u00ed kancel\u00e1\u0159i \u00fa\u0159adu (Brat\u0159\u00ed Vencl\u00edk\u016f 1072, 198 21 Praha 9, p\u0159\u00edzem\u00ed) mohou z\u00e1jemci zakoupit n\u00e1sleduj\u00edc\u00ed turistick\u00e9 suven\u00fdry:<\/p>\n<ul>\n<li>turistick\u00e9 zn\u00e1mky &#8211; s motivem rozhledny Doubravky \u010di kostela sv. Bartolom\u011bje &#8211; 35 K\u010d za kus<\/li>\n<li>suven\u00fdr s motivem kostela sv. Ji\u0159\u00ed &#8211; 35 K\u010d za kus<\/li>\n<li>vizitky s motivem rozhledny Doubravka, kostela sv. Bartolom\u011bje \u010di kostela sv. Ji\u0159\u00ed &#8211; 12 K\u010d za kus<\/li>\n<li>n\u00e1lepky s motivem rozhledny Doubravka \u010di kostela sv. Bartolom\u011bje &#8211; 12 K\u010d za kus<\/li>\n<li>turistick\u00e9 den\u00edky &#8211; 50 K\u010d za kus<\/li>\n<li>pohlednice s t\u00e9matikou M\u010c Praha 14<\/li>\n<li>d\u011btsk\u00e1 tri\u010dka s motivem rozhledny Doubravka &#8211; 250 K\u010d za ks<\/li>\n<\/ul>\n<p>K dispozici jsou rovn\u011b\u017e raz\u00edtka rozhledny Doubravka a obou kostel\u016f (kostela sv. Bartolom\u011bje a kostela sv. Ji\u0159\u00ed).<\/p>\n<p><span style=\"color: #000000;font-family: Calibri\">\u00a0<\/span><\/p>\n","protected":false},"excerpt":{"rendered":"<p>V\u00a0informa\u010dn\u00ed kancel\u00e1\u0159i \u00fa\u0159adu (Brat\u0159\u00ed Vencl\u00edk\u016f 1072, 198 21 Praha 9, p\u0159\u00edzem\u00ed) mohou z\u00e1jemci zakoupit n\u00e1sleduj\u00edc\u00ed turistick\u00e9 suven\u00fdry: turistick\u00e9 zn\u00e1mky &#8211; s motivem rozhledny Doubravky \u010di kostela sv. Bartolom\u011bje &#8211; 35 K\u010d za kus suven\u00fdr s motivem kostela sv. Ji\u0159\u00ed &#8211; 35 K\u010d za kus vizitky s motivem rozhledny Doubravka, kostela sv. Bartolom\u011bje \u010di kostela sv&#8230;.<\/p>\n","protected":false},"author":6,"featured_media":0,"parent":0,"menu_order":0,"comment_status":"closed","ping_status":"closed","template":"","meta":{"_acf_changed":false,"footnotes":""},"class_list":["post-29072","page","type-page","status-publish","hentry"],"acf":[],"yoast_head":"<!-- This site is optimized with the Yoast SEO plugin v27.2 - https:\/\/yoast.com\/product\/yoast-seo-wordpress\/ -->\n<title>Sortiment pro turisty - \u017divot na Praze 14<\/title>\n<meta name=\"robots\" content=\"index, follow, max-snippet:-1, max-image-preview:large, max-video-preview:-1\" \/>\n<link rel=\"canonical\" href=\"https:\/\/www.praha14.cz\/zivot-na-praze-14\/turisticka-znamka\/\" \/>\n<meta property=\"og:locale\" content=\"cs_CZ\" \/>\n<meta property=\"og:type\" content=\"article\" \/>\n<meta property=\"og:title\" content=\"Sortiment pro turisty - \u017divot na Praze 14\" \/>\n<meta property=\"og:description\" content=\"V\u00a0informa\u010dn\u00ed kancel\u00e1\u0159i \u00fa\u0159adu (Brat\u0159\u00ed Vencl\u00edk\u016f 1072, 198 21 Praha 9, p\u0159\u00edzem\u00ed) mohou z\u00e1jemci zakoupit n\u00e1sleduj\u00edc\u00ed turistick\u00e9 suven\u00fdry: turistick\u00e9 zn\u00e1mky &#8211; s motivem rozhledny Doubravky \u010di kostela sv. Bartolom\u011bje &#8211; 35 K\u010d za kus suven\u00fdr s motivem kostela sv. Ji\u0159\u00ed &#8211; 35 K\u010d za kus vizitky s motivem rozhledny Doubravka, kostela sv. Bartolom\u011bje \u010di kostela sv....\" \/>\n<meta property=\"og:url\" content=\"https:\/\/www.praha14.cz\/zivot-na-praze-14\/turisticka-znamka\/\" \/>\n<meta property=\"og:site_name\" content=\"\u017divot na Praze 14\" \/>\n<meta property=\"article:modified_time\" content=\"2019-03-15T11:05:49+00:00\" \/>\n<meta name=\"twitter:card\" content=\"summary_large_image\" \/>\n<meta name=\"twitter:label1\" content=\"Est. reading time\" \/>\n\t<meta name=\"twitter:data1\" content=\"1 minuta\" \/>\n<script type=\"application\/ld+json\" class=\"yoast-schema-graph\">{\"@context\":\"https:\/\/schema.org\",\"@graph\":[{\"@type\":\"WebPage\",\"@id\":\"https:\/\/www.praha14.cz\/zivot-na-praze-14\/turisticka-znamka\/\",\"url\":\"https:\/\/www.praha14.cz\/zivot-na-praze-14\/turisticka-znamka\/\",\"name\":\"Sortiment pro turisty - \u017divot na Praze 14\",\"isPartOf\":{\"@id\":\"https:\/\/www.praha14.cz\/zivot-na-praze-14\/#website\"},\"datePublished\":\"2016-01-28T13:33:18+00:00\",\"dateModified\":\"2019-03-15T11:05:49+00:00\",\"breadcrumb\":{\"@id\":\"https:\/\/www.praha14.cz\/zivot-na-praze-14\/turisticka-znamka\/#breadcrumb\"},\"inLanguage\":\"cs\",\"potentialAction\":[{\"@type\":\"ReadAction\",\"target\":[\"https:\/\/www.praha14.cz\/zivot-na-praze-14\/turisticka-znamka\/\"]}]},{\"@type\":\"BreadcrumbList\",\"@id\":\"https:\/\/www.praha14.cz\/zivot-na-praze-14\/turisticka-znamka\/#breadcrumb\",\"itemListElement\":[{\"@type\":\"ListItem\",\"position\":1,\"name\":\"\u017divot na Praze 14\",\"item\":\"https:\/\/www.praha14.cz\/zivot-na-praze-14\/\"},{\"@type\":\"ListItem\",\"position\":2,\"name\":\"Sortiment pro turisty\"}]},{\"@type\":\"WebSite\",\"@id\":\"https:\/\/www.praha14.cz\/zivot-na-praze-14\/#website\",\"url\":\"https:\/\/www.praha14.cz\/zivot-na-praze-14\/\",\"name\":\"\u017divot na Praze 14\",\"description\":\"\",\"potentialAction\":[{\"@type\":\"SearchAction\",\"target\":{\"@type\":\"EntryPoint\",\"urlTemplate\":\"https:\/\/www.praha14.cz\/zivot-na-praze-14\/?s={search_term_string}\"},\"query-input\":{\"@type\":\"PropertyValueSpecification\",\"valueRequired\":true,\"valueName\":\"search_term_string\"}}],\"inLanguage\":\"cs\"}]}<\/script>\n<!-- \/ Yoast SEO plugin. -->","yoast_head_json":{"title":"Sortiment pro turisty - \u017divot na Praze 14","robots":{"index":"index","follow":"follow","max-snippet":"max-snippet:-1","max-image-preview":"max-image-preview:large","max-video-preview":"max-video-preview:-1"},"canonical":"https:\/\/www.praha14.cz\/zivot-na-praze-14\/turisticka-znamka\/","og_locale":"cs_CZ","og_type":"article","og_title":"Sortiment pro turisty - \u017divot na Praze 14","og_description":"V\u00a0informa\u010dn\u00ed kancel\u00e1\u0159i \u00fa\u0159adu (Brat\u0159\u00ed Vencl\u00edk\u016f 1072, 198 21 Praha 9, p\u0159\u00edzem\u00ed) mohou z\u00e1jemci zakoupit n\u00e1sleduj\u00edc\u00ed turistick\u00e9 suven\u00fdry: turistick\u00e9 zn\u00e1mky &#8211; s motivem rozhledny Doubravky \u010di kostela sv. Bartolom\u011bje &#8211; 35 K\u010d za kus suven\u00fdr s motivem kostela sv. Ji\u0159\u00ed &#8211; 35 K\u010d za kus vizitky s motivem rozhledny Doubravka, kostela sv. Bartolom\u011bje \u010di kostela sv....","og_url":"https:\/\/www.praha14.cz\/zivot-na-praze-14\/turisticka-znamka\/","og_site_name":"\u017divot na Praze 14","article_modified_time":"2019-03-15T11:05:49+00:00","twitter_card":"summary_large_image","twitter_misc":{"Est. reading time":"1 minuta"},"schema":{"@context":"https:\/\/schema.org","@graph":[{"@type":"WebPage","@id":"https:\/\/www.praha14.cz\/zivot-na-praze-14\/turisticka-znamka\/","url":"https:\/\/www.praha14.cz\/zivot-na-praze-14\/turisticka-znamka\/","name":"Sortiment pro turisty - \u017divot na Praze 14","isPartOf":{"@id":"https:\/\/www.praha14.cz\/zivot-na-praze-14\/#website"},"datePublished":"2016-01-28T13:33:18+00:00","dateModified":"2019-03-15T11:05:49+00:00","breadcrumb":{"@id":"https:\/\/www.praha14.cz\/zivot-na-praze-14\/turisticka-znamka\/#breadcrumb"},"inLanguage":"cs","potentialAction":[{"@type":"ReadAction","target":["https:\/\/www.praha14.cz\/zivot-na-praze-14\/turisticka-znamka\/"]}]},{"@type":"BreadcrumbList","@id":"https:\/\/www.praha14.cz\/zivot-na-praze-14\/turisticka-znamka\/#breadcrumb","itemListElement":[{"@type":"ListItem","position":1,"name":"\u017divot na Praze 14","item":"https:\/\/www.praha14.cz\/zivot-na-praze-14\/"},{"@type":"ListItem","position":2,"name":"Sortiment pro turisty"}]},{"@type":"WebSite","@id":"https:\/\/www.praha14.cz\/zivot-na-praze-14\/#website","url":"https:\/\/www.praha14.cz\/zivot-na-praze-14\/","name":"\u017divot na Praze 14","description":"","potentialAction":[{"@type":"SearchAction","target":{"@type":"EntryPoint","urlTemplate":"https:\/\/www.praha14.cz\/zivot-na-praze-14\/?s={search_term_string}"},"query-input":{"@type":"PropertyValueSpecification","valueRequired":true,"valueName":"search_term_string"}}],"inLanguage":"cs"}]}},"_links":{"self":[{"href":"https:\/\/www.praha14.cz\/zivot-na-praze-14\/wp-json\/wp\/v2\/pages\/29072","targetHints":{"allow":["GET"]}}],"collection":[{"href":"https:\/\/www.praha14.cz\/zivot-na-praze-14\/wp-json\/wp\/v2\/pages"}],"about":[{"href":"https:\/\/www.praha14.cz\/zivot-na-praze-14\/wp-json\/wp\/v2\/types\/page"}],"author":[{"embeddable":true,"href":"https:\/\/www.praha14.cz\/zivot-na-praze-14\/wp-json\/wp\/v2\/users\/6"}],"replies":[{"embeddable":true,"href":"https:\/\/www.praha14.cz\/zivot-na-praze-14\/wp-json\/wp\/v2\/comments?post=29072"}],"version-history":[{"count":3,"href":"https:\/\/www.praha14.cz\/zivot-na-praze-14\/wp-json\/wp\/v2\/pages\/29072\/revisions"}],"predecessor-version":[{"id":48429,"href":"https:\/\/www.praha14.cz\/zivot-na-praze-14\/wp-json\/wp\/v2\/pages\/29072\/revisions\/48429"}],"wp:attachment":[{"href":"https:\/\/www.praha14.cz\/zivot-na-praze-14\/wp-json\/wp\/v2\/media?parent=29072"}],"curies":[{"name":"wp","href":"https:\/\/api.w.org\/{rel}","templated":true}]}}