{"id":41146,"date":"2018-01-08T10:01:03","date_gmt":"2018-01-08T10:01:03","guid":{"rendered":"https:\/\/www.praha14.cz\/zivot-na-praze-14\/?page_id=41146"},"modified":"2023-01-30T08:40:40","modified_gmt":"2023-01-30T08:40:40","slug":"pristavba-zs-simanovska","status":"publish","type":"page","link":"https:\/\/www.praha14.cz\/zivot-na-praze-14\/pristavba-zs-simanovska\/","title":{"rendered":"P\u0159\u00edstavba Z\u0160 \u0160imanovsk\u00e1"},"content":{"rendered":"<p><strong><span style=\"color: #009dde;\">Um\u00edst\u011bn\u00ed:<\/span><\/strong> kat.\u00fazem\u00ed Kyje,<\/p>\n<p><strong><span style=\"color: #009dde;\">Investor:<\/span><\/strong><span style=\"color: #009dde;\">\u00a0<\/span><span style=\"color: black;\">M\u011bstsk\u00e1 \u010d\u00e1st Praha 14, Brat\u0159\u00ed Vencl\u00edk\u016f 1073\/8, Praha<\/span><\/p>\n<p><strong><span style=\"color: #009dde;\">Projektant:<\/span><\/strong><span style=\"color: #009dde;\">\u00a0<\/span><span style=\"color: black;\">R-Projekt 07 Praha s.r.o., Ke Stra\u0161nick\u00e9 1795\/8, vyd\u00e1no stavebn\u00ed povolen\u00ed<\/span><\/p>\n<p><strong><span style=\"color: #009dde;\">Objekt:<\/span><\/strong> p\u0159\u00edstavba t\u011blocvi\u010dny se \u0161atnami, u\u010debnami a z\u00e1zem\u00edm<\/p>\n<p><strong><span style=\"color: #009dde;\">Zastav\u011bn\u00e1 plocha:<\/span><\/strong> 0,13 ha<\/p>\n<p><strong>P\u0159\u00edlohy:<\/strong><\/p>\n<ul>\n<li><a href=\"https:\/\/www.praha14.cz\/app\/uploads\/sites\/4\/2018\/01\/Z\u0160-\u0160IMANOVSK\u00c1-C.5_sim_situace-ZOV_2017_08_31.pdf\" target=\"_blank\" rel=\"noopener noreferrer\">Z\u0160 \u0160IMANOVSK\u00c1 &#8211; situace<\/a><\/li>\n<li><a href=\"https:\/\/www.praha14.cz\/app\/uploads\/sites\/4\/2018\/01\/Z\u0160-\u0160IMANOVSK\u00c1-pohled-vychodni.pdf\" target=\"_blank\" rel=\"noopener noreferrer\">Z\u0160 \u0160IMANOVSK\u00c1 &#8211; pohled v\u00fdchodn\u00ed<\/a><\/li>\n<li><a href=\"https:\/\/www.praha14.cz\/app\/uploads\/sites\/4\/2018\/01\/Z\u0160-\u0160IMANOVSK\u00c1-pudorys-1.np_.pdf\" target=\"_blank\" rel=\"noopener noreferrer\">Z\u0160 \u0160IMANOVSK\u00c1 &#8211; p\u016fdorys<\/a><\/li>\n<\/ul>\n","protected":false},"excerpt":{"rendered":"<p>Um\u00edst\u011bn\u00ed: kat.\u00fazem\u00ed Kyje, Investor:\u00a0M\u011bstsk\u00e1 \u010d\u00e1st Praha 14, Brat\u0159\u00ed Vencl\u00edk\u016f 1073\/8, Praha Projektant:\u00a0R-Projekt 07 Praha s.r.o., Ke Stra\u0161nick\u00e9 1795\/8, vyd\u00e1no stavebn\u00ed povolen\u00ed Objekt: p\u0159\u00edstavba t\u011blocvi\u010dny se \u0161atnami, u\u010debnami a z\u00e1zem\u00edm Zastav\u011bn\u00e1 plocha: 0,13 ha P\u0159\u00edlohy: Z\u0160 \u0160IMANOVSK\u00c1 &#8211; situace Z\u0160 \u0160IMANOVSK\u00c1 &#8211; pohled v\u00fdchodn\u00ed Z\u0160 \u0160IMANOVSK\u00c1 &#8211; p\u016fdorys<\/p>\n","protected":false},"author":6,"featured_media":0,"parent":0,"menu_order":0,"comment_status":"closed","ping_status":"closed","template":"","meta":{"_acf_changed":false,"footnotes":""},"class_list":["post-41146","page","type-page","status-publish","hentry"],"acf":[],"yoast_head":"<!-- This site is optimized with the Yoast SEO plugin v27.2 - https:\/\/yoast.com\/product\/yoast-seo-wordpress\/ -->\n<title>P\u0159\u00edstavba Z\u0160 \u0160imanovsk\u00e1 - \u017divot na Praze 14<\/title>\n<meta name=\"robots\" content=\"index, follow, max-snippet:-1, max-image-preview:large, max-video-preview:-1\" \/>\n<link rel=\"canonical\" href=\"https:\/\/www.praha14.cz\/zivot-na-praze-14\/pristavba-zs-simanovska\/\" \/>\n<meta property=\"og:locale\" content=\"cs_CZ\" \/>\n<meta property=\"og:type\" content=\"article\" \/>\n<meta property=\"og:title\" content=\"P\u0159\u00edstavba Z\u0160 \u0160imanovsk\u00e1 - \u017divot na Praze 14\" \/>\n<meta property=\"og:description\" content=\"Um\u00edst\u011bn\u00ed: kat.\u00fazem\u00ed Kyje, Investor:\u00a0M\u011bstsk\u00e1 \u010d\u00e1st Praha 14, Brat\u0159\u00ed Vencl\u00edk\u016f 1073\/8, Praha Projektant:\u00a0R-Projekt 07 Praha s.r.o., Ke Stra\u0161nick\u00e9 1795\/8, vyd\u00e1no stavebn\u00ed povolen\u00ed Objekt: p\u0159\u00edstavba t\u011blocvi\u010dny se \u0161atnami, u\u010debnami a z\u00e1zem\u00edm Zastav\u011bn\u00e1 plocha: 0,13 ha P\u0159\u00edlohy: Z\u0160 \u0160IMANOVSK\u00c1 &#8211; situace Z\u0160 \u0160IMANOVSK\u00c1 &#8211; pohled v\u00fdchodn\u00ed Z\u0160 \u0160IMANOVSK\u00c1 &#8211; p\u016fdorys\" \/>\n<meta property=\"og:url\" content=\"https:\/\/www.praha14.cz\/zivot-na-praze-14\/pristavba-zs-simanovska\/\" \/>\n<meta property=\"og:site_name\" content=\"\u017divot na Praze 14\" \/>\n<meta property=\"article:modified_time\" content=\"2023-01-30T08:40:40+00:00\" \/>\n<meta name=\"twitter:card\" content=\"summary_large_image\" \/>\n<meta name=\"twitter:label1\" content=\"Est. reading time\" \/>\n\t<meta name=\"twitter:data1\" content=\"1 minuta\" \/>\n<script type=\"application\/ld+json\" class=\"yoast-schema-graph\">{\"@context\":\"https:\/\/schema.org\",\"@graph\":[{\"@type\":\"WebPage\",\"@id\":\"https:\/\/www.praha14.cz\/zivot-na-praze-14\/pristavba-zs-simanovska\/\",\"url\":\"https:\/\/www.praha14.cz\/zivot-na-praze-14\/pristavba-zs-simanovska\/\",\"name\":\"P\u0159\u00edstavba Z\u0160 \u0160imanovsk\u00e1 - \u017divot na Praze 14\",\"isPartOf\":{\"@id\":\"https:\/\/www.praha14.cz\/zivot-na-praze-14\/#website\"},\"datePublished\":\"2018-01-08T10:01:03+00:00\",\"dateModified\":\"2023-01-30T08:40:40+00:00\",\"breadcrumb\":{\"@id\":\"https:\/\/www.praha14.cz\/zivot-na-praze-14\/pristavba-zs-simanovska\/#breadcrumb\"},\"inLanguage\":\"cs\",\"potentialAction\":[{\"@type\":\"ReadAction\",\"target\":[\"https:\/\/www.praha14.cz\/zivot-na-praze-14\/pristavba-zs-simanovska\/\"]}]},{\"@type\":\"BreadcrumbList\",\"@id\":\"https:\/\/www.praha14.cz\/zivot-na-praze-14\/pristavba-zs-simanovska\/#breadcrumb\",\"itemListElement\":[{\"@type\":\"ListItem\",\"position\":1,\"name\":\"\u017divot na Praze 14\",\"item\":\"https:\/\/www.praha14.cz\/zivot-na-praze-14\/\"},{\"@type\":\"ListItem\",\"position\":2,\"name\":\"P\u0159\u00edstavba Z\u0160 \u0160imanovsk\u00e1\"}]},{\"@type\":\"WebSite\",\"@id\":\"https:\/\/www.praha14.cz\/zivot-na-praze-14\/#website\",\"url\":\"https:\/\/www.praha14.cz\/zivot-na-praze-14\/\",\"name\":\"\u017divot na Praze 14\",\"description\":\"\",\"potentialAction\":[{\"@type\":\"SearchAction\",\"target\":{\"@type\":\"EntryPoint\",\"urlTemplate\":\"https:\/\/www.praha14.cz\/zivot-na-praze-14\/?s={search_term_string}\"},\"query-input\":{\"@type\":\"PropertyValueSpecification\",\"valueRequired\":true,\"valueName\":\"search_term_string\"}}],\"inLanguage\":\"cs\"}]}<\/script>\n<!-- \/ Yoast SEO plugin. -->","yoast_head_json":{"title":"P\u0159\u00edstavba Z\u0160 \u0160imanovsk\u00e1 - \u017divot na Praze 14","robots":{"index":"index","follow":"follow","max-snippet":"max-snippet:-1","max-image-preview":"max-image-preview:large","max-video-preview":"max-video-preview:-1"},"canonical":"https:\/\/www.praha14.cz\/zivot-na-praze-14\/pristavba-zs-simanovska\/","og_locale":"cs_CZ","og_type":"article","og_title":"P\u0159\u00edstavba Z\u0160 \u0160imanovsk\u00e1 - \u017divot na Praze 14","og_description":"Um\u00edst\u011bn\u00ed: kat.\u00fazem\u00ed Kyje, Investor:\u00a0M\u011bstsk\u00e1 \u010d\u00e1st Praha 14, Brat\u0159\u00ed Vencl\u00edk\u016f 1073\/8, Praha Projektant:\u00a0R-Projekt 07 Praha s.r.o., Ke Stra\u0161nick\u00e9 1795\/8, vyd\u00e1no stavebn\u00ed povolen\u00ed Objekt: p\u0159\u00edstavba t\u011blocvi\u010dny se \u0161atnami, u\u010debnami a z\u00e1zem\u00edm Zastav\u011bn\u00e1 plocha: 0,13 ha P\u0159\u00edlohy: Z\u0160 \u0160IMANOVSK\u00c1 &#8211; situace Z\u0160 \u0160IMANOVSK\u00c1 &#8211; pohled v\u00fdchodn\u00ed Z\u0160 \u0160IMANOVSK\u00c1 &#8211; p\u016fdorys","og_url":"https:\/\/www.praha14.cz\/zivot-na-praze-14\/pristavba-zs-simanovska\/","og_site_name":"\u017divot na Praze 14","article_modified_time":"2023-01-30T08:40:40+00:00","twitter_card":"summary_large_image","twitter_misc":{"Est. reading time":"1 minuta"},"schema":{"@context":"https:\/\/schema.org","@graph":[{"@type":"WebPage","@id":"https:\/\/www.praha14.cz\/zivot-na-praze-14\/pristavba-zs-simanovska\/","url":"https:\/\/www.praha14.cz\/zivot-na-praze-14\/pristavba-zs-simanovska\/","name":"P\u0159\u00edstavba Z\u0160 \u0160imanovsk\u00e1 - \u017divot na Praze 14","isPartOf":{"@id":"https:\/\/www.praha14.cz\/zivot-na-praze-14\/#website"},"datePublished":"2018-01-08T10:01:03+00:00","dateModified":"2023-01-30T08:40:40+00:00","breadcrumb":{"@id":"https:\/\/www.praha14.cz\/zivot-na-praze-14\/pristavba-zs-simanovska\/#breadcrumb"},"inLanguage":"cs","potentialAction":[{"@type":"ReadAction","target":["https:\/\/www.praha14.cz\/zivot-na-praze-14\/pristavba-zs-simanovska\/"]}]},{"@type":"BreadcrumbList","@id":"https:\/\/www.praha14.cz\/zivot-na-praze-14\/pristavba-zs-simanovska\/#breadcrumb","itemListElement":[{"@type":"ListItem","position":1,"name":"\u017divot na Praze 14","item":"https:\/\/www.praha14.cz\/zivot-na-praze-14\/"},{"@type":"ListItem","position":2,"name":"P\u0159\u00edstavba Z\u0160 \u0160imanovsk\u00e1"}]},{"@type":"WebSite","@id":"https:\/\/www.praha14.cz\/zivot-na-praze-14\/#website","url":"https:\/\/www.praha14.cz\/zivot-na-praze-14\/","name":"\u017divot na Praze 14","description":"","potentialAction":[{"@type":"SearchAction","target":{"@type":"EntryPoint","urlTemplate":"https:\/\/www.praha14.cz\/zivot-na-praze-14\/?s={search_term_string}"},"query-input":{"@type":"PropertyValueSpecification","valueRequired":true,"valueName":"search_term_string"}}],"inLanguage":"cs"}]}},"_links":{"self":[{"href":"https:\/\/www.praha14.cz\/zivot-na-praze-14\/wp-json\/wp\/v2\/pages\/41146","targetHints":{"allow":["GET"]}}],"collection":[{"href":"https:\/\/www.praha14.cz\/zivot-na-praze-14\/wp-json\/wp\/v2\/pages"}],"about":[{"href":"https:\/\/www.praha14.cz\/zivot-na-praze-14\/wp-json\/wp\/v2\/types\/page"}],"author":[{"embeddable":true,"href":"https:\/\/www.praha14.cz\/zivot-na-praze-14\/wp-json\/wp\/v2\/users\/6"}],"replies":[{"embeddable":true,"href":"https:\/\/www.praha14.cz\/zivot-na-praze-14\/wp-json\/wp\/v2\/comments?post=41146"}],"version-history":[{"count":2,"href":"https:\/\/www.praha14.cz\/zivot-na-praze-14\/wp-json\/wp\/v2\/pages\/41146\/revisions"}],"predecessor-version":[{"id":65942,"href":"https:\/\/www.praha14.cz\/zivot-na-praze-14\/wp-json\/wp\/v2\/pages\/41146\/revisions\/65942"}],"wp:attachment":[{"href":"https:\/\/www.praha14.cz\/zivot-na-praze-14\/wp-json\/wp\/v2\/media?parent=41146"}],"curies":[{"name":"wp","href":"https:\/\/api.w.org\/{rel}","templated":true}]}}