{"id":51955,"date":"2019-11-21T07:30:16","date_gmt":"2019-11-21T07:30:16","guid":{"rendered":"https:\/\/www.praha14.cz\/zivot-na-praze-14\/?page_id=51955"},"modified":"2019-11-21T07:34:24","modified_gmt":"2019-11-21T07:34:24","slug":"kontakt-pro-media","status":"publish","type":"page","link":"https:\/\/www.praha14.cz\/zivot-na-praze-14\/kontakt-pro-media\/","title":{"rendered":"Kontakt pro m\u00e9dia, tiskov\u00e1 mluv\u010d\u00ed"},"content":{"rendered":"<p><strong>Veronika Bern\u00e1, Dis.<\/strong><br \/>\nPR, \u010dasopis \u010ctrn\u00e1ctka, web a facebook M\u010c Praha 14, tiskov\u00e1 mluv\u010d\u00ed<br \/>\nTel.: 225 295 603<br \/>\nMobil: 605 222 238<br \/>\nE-mail: <a href=\"mailto:Veronika.Berna@praha14.cz\" target=\"_blank\" rel=\"noopener noreferrer\">Veronika.Berna@praha14.cz<\/a><\/p>\n","protected":false},"excerpt":{"rendered":"<p>Veronika Bern\u00e1, Dis. PR, \u010dasopis \u010ctrn\u00e1ctka, web a facebook M\u010c Praha 14, tiskov\u00e1 mluv\u010d\u00ed Tel.: 225 295 603 Mobil: 605 222 238 E-mail: Veronika.Berna@praha14.cz<\/p>\n","protected":false},"author":6,"featured_media":0,"parent":0,"menu_order":0,"comment_status":"closed","ping_status":"closed","template":"","meta":{"_acf_changed":false,"footnotes":""},"class_list":["post-51955","page","type-page","status-publish","hentry"],"acf":[],"yoast_head":"<!-- This site is optimized with the Yoast SEO plugin v27.2 - https:\/\/yoast.com\/product\/yoast-seo-wordpress\/ -->\n<title>Kontakt pro m\u00e9dia, tiskov\u00e1 mluv\u010d\u00ed - \u017divot na Praze 14<\/title>\n<meta name=\"robots\" content=\"index, follow, max-snippet:-1, max-image-preview:large, max-video-preview:-1\" \/>\n<link rel=\"canonical\" href=\"https:\/\/www.praha14.cz\/zivot-na-praze-14\/kontakt-pro-media\/\" \/>\n<meta property=\"og:locale\" content=\"cs_CZ\" \/>\n<meta property=\"og:type\" content=\"article\" \/>\n<meta property=\"og:title\" content=\"Kontakt pro m\u00e9dia, tiskov\u00e1 mluv\u010d\u00ed - \u017divot na Praze 14\" \/>\n<meta property=\"og:description\" content=\"Veronika Bern\u00e1, Dis. PR, \u010dasopis \u010ctrn\u00e1ctka, web a facebook M\u010c Praha 14, tiskov\u00e1 mluv\u010d\u00ed Tel.: 225 295 603 Mobil: 605 222 238 E-mail: Veronika.Berna@praha14.cz\" \/>\n<meta property=\"og:url\" content=\"https:\/\/www.praha14.cz\/zivot-na-praze-14\/kontakt-pro-media\/\" \/>\n<meta property=\"og:site_name\" content=\"\u017divot na Praze 14\" \/>\n<meta property=\"article:modified_time\" content=\"2019-11-21T07:34:24+00:00\" \/>\n<meta name=\"twitter:card\" content=\"summary_large_image\" \/>\n<script type=\"application\/ld+json\" class=\"yoast-schema-graph\">{\"@context\":\"https:\/\/schema.org\",\"@graph\":[{\"@type\":\"WebPage\",\"@id\":\"https:\/\/www.praha14.cz\/zivot-na-praze-14\/kontakt-pro-media\/\",\"url\":\"https:\/\/www.praha14.cz\/zivot-na-praze-14\/kontakt-pro-media\/\",\"name\":\"Kontakt pro m\u00e9dia, tiskov\u00e1 mluv\u010d\u00ed - \u017divot na Praze 14\",\"isPartOf\":{\"@id\":\"https:\/\/www.praha14.cz\/zivot-na-praze-14\/#website\"},\"datePublished\":\"2019-11-21T07:30:16+00:00\",\"dateModified\":\"2019-11-21T07:34:24+00:00\",\"breadcrumb\":{\"@id\":\"https:\/\/www.praha14.cz\/zivot-na-praze-14\/kontakt-pro-media\/#breadcrumb\"},\"inLanguage\":\"cs\",\"potentialAction\":[{\"@type\":\"ReadAction\",\"target\":[\"https:\/\/www.praha14.cz\/zivot-na-praze-14\/kontakt-pro-media\/\"]}]},{\"@type\":\"BreadcrumbList\",\"@id\":\"https:\/\/www.praha14.cz\/zivot-na-praze-14\/kontakt-pro-media\/#breadcrumb\",\"itemListElement\":[{\"@type\":\"ListItem\",\"position\":1,\"name\":\"\u017divot na Praze 14\",\"item\":\"https:\/\/www.praha14.cz\/zivot-na-praze-14\/\"},{\"@type\":\"ListItem\",\"position\":2,\"name\":\"Kontakt pro m\u00e9dia, tiskov\u00e1 mluv\u010d\u00ed\"}]},{\"@type\":\"WebSite\",\"@id\":\"https:\/\/www.praha14.cz\/zivot-na-praze-14\/#website\",\"url\":\"https:\/\/www.praha14.cz\/zivot-na-praze-14\/\",\"name\":\"\u017divot na Praze 14\",\"description\":\"\",\"potentialAction\":[{\"@type\":\"SearchAction\",\"target\":{\"@type\":\"EntryPoint\",\"urlTemplate\":\"https:\/\/www.praha14.cz\/zivot-na-praze-14\/?s={search_term_string}\"},\"query-input\":{\"@type\":\"PropertyValueSpecification\",\"valueRequired\":true,\"valueName\":\"search_term_string\"}}],\"inLanguage\":\"cs\"}]}<\/script>\n<!-- \/ Yoast SEO plugin. -->","yoast_head_json":{"title":"Kontakt pro m\u00e9dia, tiskov\u00e1 mluv\u010d\u00ed - \u017divot na Praze 14","robots":{"index":"index","follow":"follow","max-snippet":"max-snippet:-1","max-image-preview":"max-image-preview:large","max-video-preview":"max-video-preview:-1"},"canonical":"https:\/\/www.praha14.cz\/zivot-na-praze-14\/kontakt-pro-media\/","og_locale":"cs_CZ","og_type":"article","og_title":"Kontakt pro m\u00e9dia, tiskov\u00e1 mluv\u010d\u00ed - \u017divot na Praze 14","og_description":"Veronika Bern\u00e1, Dis. PR, \u010dasopis \u010ctrn\u00e1ctka, web a facebook M\u010c Praha 14, tiskov\u00e1 mluv\u010d\u00ed Tel.: 225 295 603 Mobil: 605 222 238 E-mail: Veronika.Berna@praha14.cz","og_url":"https:\/\/www.praha14.cz\/zivot-na-praze-14\/kontakt-pro-media\/","og_site_name":"\u017divot na Praze 14","article_modified_time":"2019-11-21T07:34:24+00:00","twitter_card":"summary_large_image","schema":{"@context":"https:\/\/schema.org","@graph":[{"@type":"WebPage","@id":"https:\/\/www.praha14.cz\/zivot-na-praze-14\/kontakt-pro-media\/","url":"https:\/\/www.praha14.cz\/zivot-na-praze-14\/kontakt-pro-media\/","name":"Kontakt pro m\u00e9dia, tiskov\u00e1 mluv\u010d\u00ed - \u017divot na Praze 14","isPartOf":{"@id":"https:\/\/www.praha14.cz\/zivot-na-praze-14\/#website"},"datePublished":"2019-11-21T07:30:16+00:00","dateModified":"2019-11-21T07:34:24+00:00","breadcrumb":{"@id":"https:\/\/www.praha14.cz\/zivot-na-praze-14\/kontakt-pro-media\/#breadcrumb"},"inLanguage":"cs","potentialAction":[{"@type":"ReadAction","target":["https:\/\/www.praha14.cz\/zivot-na-praze-14\/kontakt-pro-media\/"]}]},{"@type":"BreadcrumbList","@id":"https:\/\/www.praha14.cz\/zivot-na-praze-14\/kontakt-pro-media\/#breadcrumb","itemListElement":[{"@type":"ListItem","position":1,"name":"\u017divot na Praze 14","item":"https:\/\/www.praha14.cz\/zivot-na-praze-14\/"},{"@type":"ListItem","position":2,"name":"Kontakt pro m\u00e9dia, tiskov\u00e1 mluv\u010d\u00ed"}]},{"@type":"WebSite","@id":"https:\/\/www.praha14.cz\/zivot-na-praze-14\/#website","url":"https:\/\/www.praha14.cz\/zivot-na-praze-14\/","name":"\u017divot na Praze 14","description":"","potentialAction":[{"@type":"SearchAction","target":{"@type":"EntryPoint","urlTemplate":"https:\/\/www.praha14.cz\/zivot-na-praze-14\/?s={search_term_string}"},"query-input":{"@type":"PropertyValueSpecification","valueRequired":true,"valueName":"search_term_string"}}],"inLanguage":"cs"}]}},"_links":{"self":[{"href":"https:\/\/www.praha14.cz\/zivot-na-praze-14\/wp-json\/wp\/v2\/pages\/51955","targetHints":{"allow":["GET"]}}],"collection":[{"href":"https:\/\/www.praha14.cz\/zivot-na-praze-14\/wp-json\/wp\/v2\/pages"}],"about":[{"href":"https:\/\/www.praha14.cz\/zivot-na-praze-14\/wp-json\/wp\/v2\/types\/page"}],"author":[{"embeddable":true,"href":"https:\/\/www.praha14.cz\/zivot-na-praze-14\/wp-json\/wp\/v2\/users\/6"}],"replies":[{"embeddable":true,"href":"https:\/\/www.praha14.cz\/zivot-na-praze-14\/wp-json\/wp\/v2\/comments?post=51955"}],"version-history":[{"count":2,"href":"https:\/\/www.praha14.cz\/zivot-na-praze-14\/wp-json\/wp\/v2\/pages\/51955\/revisions"}],"predecessor-version":[{"id":51958,"href":"https:\/\/www.praha14.cz\/zivot-na-praze-14\/wp-json\/wp\/v2\/pages\/51955\/revisions\/51958"}],"wp:attachment":[{"href":"https:\/\/www.praha14.cz\/zivot-na-praze-14\/wp-json\/wp\/v2\/media?parent=51955"}],"curies":[{"name":"wp","href":"https:\/\/api.w.org\/{rel}","templated":true}]}}

Kontakt pro média, tisková mluvčí

<p><strong>Veronika Berná, Dis.</strong><br />
PR, časopis Čtrnáctka, web a facebook MČ Praha 14, tisková mluvčí<br />
Tel.: 225 295 603<br />
Mobil: 605 222 238<br />
E-mail: <a href="mailto:Veronika.Berna@praha14.cz" target="_blank" rel="noopener noreferrer">Veronika.Berna@praha14.cz</a></p>

<p>Veronika Berná, Dis. PR, časopis Čtrnáctka, web a facebook MČ Praha 14, tisková mluvčí Tel.: 225 295 603 Mobil: 605 222 238 E-mail: Veronika.Berna@praha14.cz</p>

<!-- This site is optimized with the Yoast SEO plugin v27.2 - https://yoast.com/product/yoast-seo-wordpress/ -->
<title>Kontakt pro média, tisková mluvčí - Život na Praze 14</title>
<meta name="robots" content="index, follow, max-snippet:-1, max-image-preview:large, max-video-preview:-1" />
<link rel="canonical" href="https://www.praha14.cz/zivot-na-praze-14/kontakt-pro-media/" />
<meta property="og:locale" content="cs_CZ" />
<meta property="og:type" content="article" />
<meta property="og:title" content="Kontakt pro média, tisková mluvčí - Život na Praze 14" />
<meta property="og:description" content="Veronika Berná, Dis. PR, časopis Čtrnáctka, web a facebook MČ Praha 14, tisková mluvčí Tel.: 225 295 603 Mobil: 605 222 238 E-mail: Veronika.Berna@praha14.cz" />
<meta property="og:url" content="https://www.praha14.cz/zivot-na-praze-14/kontakt-pro-media/" />
<meta property="og:site_name" content="Život na Praze 14" />
<meta property="article:modified_time" content="2019-11-21T07:34:24+00:00" />
<meta name="twitter:card" content="summary_large_image" />
<script type="application/ld+json" class="yoast-schema-graph">{"@context":"https://schema.org","@graph":[{"@type":"WebPage","@id":"https://www.praha14.cz/zivot-na-praze-14/kontakt-pro-media/","url":"https://www.praha14.cz/zivot-na-praze-14/kontakt-pro-media/","name":"Kontakt pro média, tisková mluvčí - Život na Praze 14","isPartOf":{"@id":"https://www.praha14.cz/zivot-na-praze-14/#website"},"datePublished":"2019-11-21T07:30:16+00:00","dateModified":"2019-11-21T07:34:24+00:00","breadcrumb":{"@id":"https://www.praha14.cz/zivot-na-praze-14/kontakt-pro-media/#breadcrumb"},"inLanguage":"cs","potentialAction":[{"@type":"ReadAction","target":["https://www.praha14.cz/zivot-na-praze-14/kontakt-pro-media/"]}]},{"@type":"BreadcrumbList","@id":"https://www.praha14.cz/zivot-na-praze-14/kontakt-pro-media/#breadcrumb","itemListElement":[{"@type":"ListItem","position":1,"name":"Život na Praze 14","item":"https://www.praha14.cz/zivot-na-praze-14/"},{"@type":"ListItem","position":2,"name":"Kontakt pro média, tisková mluvčí"}]},{"@type":"WebSite","@id":"https://www.praha14.cz/zivot-na-praze-14/#website","url":"https://www.praha14.cz/zivot-na-praze-14/","name":"Život na Praze 14","description":"","potentialAction":[{"@type":"SearchAction","target":{"@type":"EntryPoint","urlTemplate":"https://www.praha14.cz/zivot-na-praze-14/?s={search_term_string}"},"query-input":{"@type":"PropertyValueSpecification","valueRequired":true,"valueName":"search_term_string"}}],"inLanguage":"cs"}]}</script>
<!-- / Yoast SEO plugin. -->

Kontakt pro média, tisková mluvčí - Život na Praze 14

Veronika Berná, Dis. PR, časopis Čtrnáctka, web a facebook MČ Praha 14, tisková mluvčí Tel.: 225 295 603 Mobil: 605 222 238 E-mail: Veronika.Berna@praha14.cz

Život na Praze 14
