{"id":58109,"date":"2021-03-11T10:23:17","date_gmt":"2021-03-11T10:23:17","guid":{"rendered":"https:\/\/www.praha14.cz\/zivot-na-praze-14\/?page_id=58109"},"modified":"2023-02-02T08:48:00","modified_gmt":"2023-02-02T08:48:00","slug":"socialni-bydleni-v-mc-praha-14","status":"publish","type":"page","link":"https:\/\/www.praha14.cz\/zivot-na-praze-14\/socialni-bydleni-v-mc-praha-14\/","title":{"rendered":"Soci\u00e1ln\u00ed bydlen\u00ed v M\u010c Praha 14"},"content":{"rendered":"<p>M\u011bstsk\u00e1 \u010d\u00e1st Praha 14 pom\u00e1h\u00e1 ob\u010dan\u016fm, kter\u00e1 se ocitli v situaci, kdy si nemohou obstarat bydlen\u00ed vlastn\u00edmi silami. V letech 2017-2020 realizovala projekt &#8222;Pilotn\u00ed ov\u011b\u0159en\u00ed implementace syst\u00e9mu soci\u00e1ln\u00edho bydlen\u00ed na lok\u00e1ln\u00ed \u00farovni v M\u010c Praha 14&#8220;.<\/p>\n<p><b>O projektu<\/b><\/p>\n<p>Lid\u00e9 z prim\u00e1rn\u00ed c\u00edlov\u00e9 skupiny \u010del\u00ed p\u0159i zaji\u0161\u0165ov\u00e1n\u00ed bydlen\u00ed na voln\u00e9m trhu \u0159ad\u011b p\u0159ek\u00e1\u017eek pramen\u00edc\u00edch nejen z finan\u010dn\u00ed nedostupnosti \u010di diskriminace ze strany vlastn\u00edk\u016f nebo zprost\u0159edkovatel\u016f bydlen\u00ed, ale tak\u00e9 z vlastn\u00ed nep\u0159ipravenosti z\u00edskat a n\u00e1sledn\u011b si udr\u017eet odpov\u00eddaj\u00edc\u00ed bydlen\u00ed. Hlavn\u00ed p\u0159\u00ed\u010dinou nej\u010dast\u011bji b\u00fdv\u00e1 dlouhodob\u00e9 up\u0159ednost\u0148ov\u00e1n\u00ed uspokojov\u00e1n\u00ed okam\u017eit\u00fdch p\u0159\u00e1n\u00ed p\u0159ed placen\u00edm n\u00e1jemn\u00e9ho. Tyto bari\u00e9ry mnoha lidem br\u00e1n\u00ed v z\u00edsk\u00e1n\u00ed standardn\u00edho bydlen\u00ed, v d\u016fsledku \u010deho\u017e bydl\u00ed dlouhodob\u011b v nekvalitn\u00edm n\u00e1jemn\u00edm bydlen\u00ed v komer\u010dn\u00edch ubytovn\u00e1ch nebo v azylov\u00fdch domech.<\/p>\n<p>T\u011bmto lidem je t\u0159eba poskytnout komplexn\u00ed podporu sm\u011b\u0159uj\u00edc\u00ed ke stabilizaci soci\u00e1ln\u00ed a finan\u010dn\u00ed situace, minimalizaci rizik zap\u0159\u00ed\u010di\u0148uj\u00edc\u00edch selh\u00e1v\u00e1n\u00ed a k celkov\u00e9mu pos\u00edlen\u00ed dle jejich individu\u00e1ln\u00edch mo\u017enost\u00ed. To v\u0161e s c\u00edlem pomoci jim nal\u00e9zt a udr\u017eet si bydlen\u00ed na b\u011b\u017en\u00e9m trhu s nemovitostmi a \u017e\u00edt v n\u011bm bez dal\u0161\u00ed intenzivn\u00ed pomoci.<\/p>\n<p>Z t\u011bchto d\u016fvod\u016f prob\u011bhne v\u00a0M\u010c Praha 14 pilotn\u00ed ov\u011b\u0159en\u00ed syst\u00e9mu soci\u00e1ln\u00edho bydlen\u00ed a syst\u00e9mu prevence ztr\u00e1ty bydlen\u00ed. Pilotn\u00ed ov\u011b\u0159en\u00ed umo\u017en\u00ed vyzkou\u0161et spolupr\u00e1ci kl\u00ed\u010dov\u00fdch akt\u00e9r\u016f, v\u00fdb\u011br byt\u016f, formy soci\u00e1ln\u00ed pr\u00e1ce s klienty. Poznatky z\u00a0\u00favodn\u00ed pilot\u00e1\u017ee budou zapracov\u00e1ny do Koncepce. Ve vztahu k c\u00edlov\u00fdm skupin\u00e1m projektu, tj. osob\u00e1m v bytov\u00e9 nouzi M\u010c o\u010dek\u00e1v\u00e1, \u017ee se v pr\u016fb\u011bhu trv\u00e1n\u00ed projektu (v\u00a010 vy\u010dlen\u011bn\u00fdch bytech) poda\u0159\u00ed podpo\u0159it minim\u00e1ln\u011b 20 osob ve smyslu \u0159e\u0161en\u00ed jejich bytov\u00e9 situace a jejich p\u0159\u00edpravy na b\u011b\u017en\u00fd trh s\u00a0byty a \u017ee minim\u00e1ln\u011b 20 osob\u00e1m bude poskytnuta intenzivn\u00ed pomoc sm\u011b\u0159uj\u00edc\u00ed k zachov\u00e1n\u00ed standardn\u00edho bydlen\u00ed.<\/p>\n<p>D\u00e1le budou vytvo\u0159eny metodiky, kter\u00e9 pomohou ke zkvalitn\u011bn\u00ed soci\u00e1ln\u00ed pr\u00e1ce a dal\u0161\u00edch odborn\u00fdch \u010dinnost\u00ed v oblasti bydlen\u00ed, hodnocen\u00ed bytov\u00e9 nouze, spolupr\u00e1ce s dal\u0161\u00edmi akt\u00e9ry soci\u00e1ln\u00edho bydlen\u00ed a vyhodnocov\u00e1n\u00ed \u00fasp\u011b\u0161nosti soci\u00e1ln\u00edho bydlen\u00ed. V\u00a0r\u00e1mci projektu budou podpo\u0159eni 2 soci\u00e1ln\u00ed pracovn\u00edci M\u010c Praha 14, kte\u0159\u00ed budou pracovat s c\u00edlovou skupinou osob ohro\u017een\u00fdch soci\u00e1ln\u00edm vylou\u010den\u00edm (v\u010d. osob v bytov\u00e9 nouzi) a pot\u0159ebami c\u00edlov\u00fdch skupin.<\/p>\n<p><strong>KE STA\u017dEN\u00cd <a href=\"https:\/\/www.praha14.cz\/samosprava\/dokumenty-projekt-pilotni-overeni-implementace-systemu-socialniho-bydleni-na-lokalni-urovni-v-mestske-casti-praha-14\/\" target=\"_blank\" rel=\"noopener noreferrer\">DOKUMENTY SOUVISEJ\u00cdC\u00cd S PROJEKTEM<\/a><\/strong><\/p>\n<p>&nbsp;<\/p>\n<p><a class=\"thickbox no_icon\" href=\"https:\/\/www.praha14.cz\/app\/uploads\/sites\/3\/2014\/04\/logo-Pilotn%C3%AD-ov%C4%9B%C5%99en%C3%AD-implementace-syst%C3%A9mu-soci%C3%A1ln%C3%ADho-bydlen%C3%AD-na-lok%C3%A1ln%C3%AD-%C3%BArovni-v-M%C4%9Bstsk%C3%A9-%C4%8D%C3%A1sti-Praha-14.jpg\" target=\"_blank\" rel=\"noopener noreferrer\" data-rel=\"lightbox-image-0\" data-rl_title=\"\" data-rl_caption=\"\" title=\"\"><img loading=\"lazy\" decoding=\"async\" class=\"alignnone wp-image-41110 size-medium\" src=\"https:\/\/www.praha14.cz\/app\/uploads\/sites\/3\/2014\/04\/logo-Pilotn%C3%AD-ov%C4%9B%C5%99en%C3%AD-implementace-syst%C3%A9mu-soci%C3%A1ln%C3%ADho-bydlen%C3%AD-na-lok%C3%A1ln%C3%AD-%C3%BArovni-v-M%C4%9Bstsk%C3%A9-%C4%8D%C3%A1sti-Praha-14-370x49.jpg\" alt=\"\" width=\"370\" height=\"49\" \/><\/a><\/p>\n","protected":false},"excerpt":{"rendered":"<p>M\u011bstsk\u00e1 \u010d\u00e1st Praha 14 pom\u00e1h\u00e1 ob\u010dan\u016fm, kter\u00e1 se ocitli v situaci, kdy si nemohou obstarat bydlen\u00ed vlastn\u00edmi silami. V letech 2017-2020 realizovala projekt &#8222;Pilotn\u00ed ov\u011b\u0159en\u00ed implementace syst\u00e9mu soci\u00e1ln\u00edho bydlen\u00ed na lok\u00e1ln\u00ed \u00farovni v M\u010c Praha 14&#8220;. O projektu Lid\u00e9 z prim\u00e1rn\u00ed c\u00edlov\u00e9 skupiny \u010del\u00ed p\u0159i zaji\u0161\u0165ov\u00e1n\u00ed bydlen\u00ed na voln\u00e9m trhu \u0159ad\u011b p\u0159ek\u00e1\u017eek pramen\u00edc\u00edch nejen z&#8230;<\/p>\n","protected":false},"author":6,"featured_media":0,"parent":0,"menu_order":0,"comment_status":"closed","ping_status":"closed","template":"","meta":{"_acf_changed":false,"footnotes":""},"class_list":["post-58109","page","type-page","status-publish","hentry"],"acf":[],"yoast_head":"<!-- This site is optimized with the Yoast SEO plugin v27.2 - https:\/\/yoast.com\/product\/yoast-seo-wordpress\/ -->\n<title>Soci\u00e1ln\u00ed bydlen\u00ed v M\u010c Praha 14 - \u017divot na Praze 14<\/title>\n<meta name=\"robots\" content=\"index, follow, max-snippet:-1, max-image-preview:large, max-video-preview:-1\" \/>\n<link rel=\"canonical\" href=\"https:\/\/www.praha14.cz\/zivot-na-praze-14\/socialni-bydleni-v-mc-praha-14\/\" \/>\n<meta property=\"og:locale\" content=\"cs_CZ\" \/>\n<meta property=\"og:type\" content=\"article\" \/>\n<meta property=\"og:title\" content=\"Soci\u00e1ln\u00ed bydlen\u00ed v M\u010c Praha 14 - \u017divot na Praze 14\" \/>\n<meta property=\"og:description\" content=\"M\u011bstsk\u00e1 \u010d\u00e1st Praha 14 pom\u00e1h\u00e1 ob\u010dan\u016fm, kter\u00e1 se ocitli v situaci, kdy si nemohou obstarat bydlen\u00ed vlastn\u00edmi silami. V letech 2017-2020 realizovala projekt &#8222;Pilotn\u00ed ov\u011b\u0159en\u00ed implementace syst\u00e9mu soci\u00e1ln\u00edho bydlen\u00ed na lok\u00e1ln\u00ed \u00farovni v M\u010c Praha 14&#8220;. O projektu Lid\u00e9 z prim\u00e1rn\u00ed c\u00edlov\u00e9 skupiny \u010del\u00ed p\u0159i zaji\u0161\u0165ov\u00e1n\u00ed bydlen\u00ed na voln\u00e9m trhu \u0159ad\u011b p\u0159ek\u00e1\u017eek pramen\u00edc\u00edch nejen z...\" \/>\n<meta property=\"og:url\" content=\"https:\/\/www.praha14.cz\/zivot-na-praze-14\/socialni-bydleni-v-mc-praha-14\/\" \/>\n<meta property=\"og:site_name\" content=\"\u017divot na Praze 14\" \/>\n<meta property=\"article:modified_time\" content=\"2023-02-02T08:48:00+00:00\" \/>\n<meta property=\"og:image\" content=\"https:\/\/www.praha14.cz\/app\/uploads\/sites\/3\/2014\/04\/logo-Pilotn%C3%AD-ov%C4%9B%C5%99en%C3%AD-implementace-syst%C3%A9mu-soci%C3%A1ln%C3%ADho-bydlen%C3%AD-na-lok%C3%A1ln%C3%AD-%C3%BArovni-v-M%C4%9Bstsk%C3%A9-%C4%8D%C3%A1sti-Praha-14-370x49.jpg\" \/>\n<meta name=\"twitter:card\" content=\"summary_large_image\" \/>\n<meta name=\"twitter:label1\" content=\"Est. reading time\" \/>\n\t<meta name=\"twitter:data1\" content=\"2 minuty\" \/>\n<script type=\"application\/ld+json\" class=\"yoast-schema-graph\">{\"@context\":\"https:\/\/schema.org\",\"@graph\":[{\"@type\":\"WebPage\",\"@id\":\"https:\/\/www.praha14.cz\/zivot-na-praze-14\/socialni-bydleni-v-mc-praha-14\/\",\"url\":\"https:\/\/www.praha14.cz\/zivot-na-praze-14\/socialni-bydleni-v-mc-praha-14\/\",\"name\":\"Soci\u00e1ln\u00ed bydlen\u00ed v M\u010c Praha 14 - \u017divot na Praze 14\",\"isPartOf\":{\"@id\":\"https:\/\/www.praha14.cz\/zivot-na-praze-14\/#website\"},\"primaryImageOfPage\":{\"@id\":\"https:\/\/www.praha14.cz\/zivot-na-praze-14\/socialni-bydleni-v-mc-praha-14\/#primaryimage\"},\"image\":{\"@id\":\"https:\/\/www.praha14.cz\/zivot-na-praze-14\/socialni-bydleni-v-mc-praha-14\/#primaryimage\"},\"thumbnailUrl\":\"https:\/\/www.praha14.cz\/app\/uploads\/sites\/3\/2014\/04\/logo-Pilotn%C3%AD-ov%C4%9B%C5%99en%C3%AD-implementace-syst%C3%A9mu-soci%C3%A1ln%C3%ADho-bydlen%C3%AD-na-lok%C3%A1ln%C3%AD-%C3%BArovni-v-M%C4%9Bstsk%C3%A9-%C4%8D%C3%A1sti-Praha-14-370x49.jpg\",\"datePublished\":\"2021-03-11T10:23:17+00:00\",\"dateModified\":\"2023-02-02T08:48:00+00:00\",\"breadcrumb\":{\"@id\":\"https:\/\/www.praha14.cz\/zivot-na-praze-14\/socialni-bydleni-v-mc-praha-14\/#breadcrumb\"},\"inLanguage\":\"cs\",\"potentialAction\":[{\"@type\":\"ReadAction\",\"target\":[\"https:\/\/www.praha14.cz\/zivot-na-praze-14\/socialni-bydleni-v-mc-praha-14\/\"]}]},{\"@type\":\"ImageObject\",\"inLanguage\":\"cs\",\"@id\":\"https:\/\/www.praha14.cz\/zivot-na-praze-14\/socialni-bydleni-v-mc-praha-14\/#primaryimage\",\"url\":\"https:\/\/www.praha14.cz\/app\/uploads\/sites\/3\/2014\/04\/logo-Pilotn%C3%AD-ov%C4%9B%C5%99en%C3%AD-implementace-syst%C3%A9mu-soci%C3%A1ln%C3%ADho-bydlen%C3%AD-na-lok%C3%A1ln%C3%AD-%C3%BArovni-v-M%C4%9Bstsk%C3%A9-%C4%8D%C3%A1sti-Praha-14-370x49.jpg\",\"contentUrl\":\"https:\/\/www.praha14.cz\/app\/uploads\/sites\/3\/2014\/04\/logo-Pilotn%C3%AD-ov%C4%9B%C5%99en%C3%AD-implementace-syst%C3%A9mu-soci%C3%A1ln%C3%ADho-bydlen%C3%AD-na-lok%C3%A1ln%C3%AD-%C3%BArovni-v-M%C4%9Bstsk%C3%A9-%C4%8D%C3%A1sti-Praha-14-370x49.jpg\"},{\"@type\":\"BreadcrumbList\",\"@id\":\"https:\/\/www.praha14.cz\/zivot-na-praze-14\/socialni-bydleni-v-mc-praha-14\/#breadcrumb\",\"itemListElement\":[{\"@type\":\"ListItem\",\"position\":1,\"name\":\"\u017divot na Praze 14\",\"item\":\"https:\/\/www.praha14.cz\/zivot-na-praze-14\/\"},{\"@type\":\"ListItem\",\"position\":2,\"name\":\"Soci\u00e1ln\u00ed bydlen\u00ed v M\u010c Praha 14\"}]},{\"@type\":\"WebSite\",\"@id\":\"https:\/\/www.praha14.cz\/zivot-na-praze-14\/#website\",\"url\":\"https:\/\/www.praha14.cz\/zivot-na-praze-14\/\",\"name\":\"\u017divot na Praze 14\",\"description\":\"\",\"potentialAction\":[{\"@type\":\"SearchAction\",\"target\":{\"@type\":\"EntryPoint\",\"urlTemplate\":\"https:\/\/www.praha14.cz\/zivot-na-praze-14\/?s={search_term_string}\"},\"query-input\":{\"@type\":\"PropertyValueSpecification\",\"valueRequired\":true,\"valueName\":\"search_term_string\"}}],\"inLanguage\":\"cs\"}]}<\/script>\n<!-- \/ Yoast SEO plugin. -->","yoast_head_json":{"title":"Soci\u00e1ln\u00ed bydlen\u00ed v M\u010c Praha 14 - \u017divot na Praze 14","robots":{"index":"index","follow":"follow","max-snippet":"max-snippet:-1","max-image-preview":"max-image-preview:large","max-video-preview":"max-video-preview:-1"},"canonical":"https:\/\/www.praha14.cz\/zivot-na-praze-14\/socialni-bydleni-v-mc-praha-14\/","og_locale":"cs_CZ","og_type":"article","og_title":"Soci\u00e1ln\u00ed bydlen\u00ed v M\u010c Praha 14 - \u017divot na Praze 14","og_description":"M\u011bstsk\u00e1 \u010d\u00e1st Praha 14 pom\u00e1h\u00e1 ob\u010dan\u016fm, kter\u00e1 se ocitli v situaci, kdy si nemohou obstarat bydlen\u00ed vlastn\u00edmi silami. V letech 2017-2020 realizovala projekt &#8222;Pilotn\u00ed ov\u011b\u0159en\u00ed implementace syst\u00e9mu soci\u00e1ln\u00edho bydlen\u00ed na lok\u00e1ln\u00ed \u00farovni v M\u010c Praha 14&#8220;. O projektu Lid\u00e9 z prim\u00e1rn\u00ed c\u00edlov\u00e9 skupiny \u010del\u00ed p\u0159i zaji\u0161\u0165ov\u00e1n\u00ed bydlen\u00ed na voln\u00e9m trhu \u0159ad\u011b p\u0159ek\u00e1\u017eek pramen\u00edc\u00edch nejen z...","og_url":"https:\/\/www.praha14.cz\/zivot-na-praze-14\/socialni-bydleni-v-mc-praha-14\/","og_site_name":"\u017divot na Praze 14","article_modified_time":"2023-02-02T08:48:00+00:00","og_image":[{"url":"https:\/\/www.praha14.cz\/app\/uploads\/sites\/3\/2014\/04\/logo-Pilotn%C3%AD-ov%C4%9B%C5%99en%C3%AD-implementace-syst%C3%A9mu-soci%C3%A1ln%C3%ADho-bydlen%C3%AD-na-lok%C3%A1ln%C3%AD-%C3%BArovni-v-M%C4%9Bstsk%C3%A9-%C4%8D%C3%A1sti-Praha-14-370x49.jpg","type":"","width":"","height":""}],"twitter_card":"summary_large_image","twitter_misc":{"Est. reading time":"2 minuty"},"schema":{"@context":"https:\/\/schema.org","@graph":[{"@type":"WebPage","@id":"https:\/\/www.praha14.cz\/zivot-na-praze-14\/socialni-bydleni-v-mc-praha-14\/","url":"https:\/\/www.praha14.cz\/zivot-na-praze-14\/socialni-bydleni-v-mc-praha-14\/","name":"Soci\u00e1ln\u00ed bydlen\u00ed v M\u010c Praha 14 - \u017divot na Praze 14","isPartOf":{"@id":"https:\/\/www.praha14.cz\/zivot-na-praze-14\/#website"},"primaryImageOfPage":{"@id":"https:\/\/www.praha14.cz\/zivot-na-praze-14\/socialni-bydleni-v-mc-praha-14\/#primaryimage"},"image":{"@id":"https:\/\/www.praha14.cz\/zivot-na-praze-14\/socialni-bydleni-v-mc-praha-14\/#primaryimage"},"thumbnailUrl":"https:\/\/www.praha14.cz\/app\/uploads\/sites\/3\/2014\/04\/logo-Pilotn%C3%AD-ov%C4%9B%C5%99en%C3%AD-implementace-syst%C3%A9mu-soci%C3%A1ln%C3%ADho-bydlen%C3%AD-na-lok%C3%A1ln%C3%AD-%C3%BArovni-v-M%C4%9Bstsk%C3%A9-%C4%8D%C3%A1sti-Praha-14-370x49.jpg","datePublished":"2021-03-11T10:23:17+00:00","dateModified":"2023-02-02T08:48:00+00:00","breadcrumb":{"@id":"https:\/\/www.praha14.cz\/zivot-na-praze-14\/socialni-bydleni-v-mc-praha-14\/#breadcrumb"},"inLanguage":"cs","potentialAction":[{"@type":"ReadAction","target":["https:\/\/www.praha14.cz\/zivot-na-praze-14\/socialni-bydleni-v-mc-praha-14\/"]}]},{"@type":"ImageObject","inLanguage":"cs","@id":"https:\/\/www.praha14.cz\/zivot-na-praze-14\/socialni-bydleni-v-mc-praha-14\/#primaryimage","url":"https:\/\/www.praha14.cz\/app\/uploads\/sites\/3\/2014\/04\/logo-Pilotn%C3%AD-ov%C4%9B%C5%99en%C3%AD-implementace-syst%C3%A9mu-soci%C3%A1ln%C3%ADho-bydlen%C3%AD-na-lok%C3%A1ln%C3%AD-%C3%BArovni-v-M%C4%9Bstsk%C3%A9-%C4%8D%C3%A1sti-Praha-14-370x49.jpg","contentUrl":"https:\/\/www.praha14.cz\/app\/uploads\/sites\/3\/2014\/04\/logo-Pilotn%C3%AD-ov%C4%9B%C5%99en%C3%AD-implementace-syst%C3%A9mu-soci%C3%A1ln%C3%ADho-bydlen%C3%AD-na-lok%C3%A1ln%C3%AD-%C3%BArovni-v-M%C4%9Bstsk%C3%A9-%C4%8D%C3%A1sti-Praha-14-370x49.jpg"},{"@type":"BreadcrumbList","@id":"https:\/\/www.praha14.cz\/zivot-na-praze-14\/socialni-bydleni-v-mc-praha-14\/#breadcrumb","itemListElement":[{"@type":"ListItem","position":1,"name":"\u017divot na Praze 14","item":"https:\/\/www.praha14.cz\/zivot-na-praze-14\/"},{"@type":"ListItem","position":2,"name":"Soci\u00e1ln\u00ed bydlen\u00ed v M\u010c Praha 14"}]},{"@type":"WebSite","@id":"https:\/\/www.praha14.cz\/zivot-na-praze-14\/#website","url":"https:\/\/www.praha14.cz\/zivot-na-praze-14\/","name":"\u017divot na Praze 14","description":"","potentialAction":[{"@type":"SearchAction","target":{"@type":"EntryPoint","urlTemplate":"https:\/\/www.praha14.cz\/zivot-na-praze-14\/?s={search_term_string}"},"query-input":{"@type":"PropertyValueSpecification","valueRequired":true,"valueName":"search_term_string"}}],"inLanguage":"cs"}]}},"_links":{"self":[{"href":"https:\/\/www.praha14.cz\/zivot-na-praze-14\/wp-json\/wp\/v2\/pages\/58109","targetHints":{"allow":["GET"]}}],"collection":[{"href":"https:\/\/www.praha14.cz\/zivot-na-praze-14\/wp-json\/wp\/v2\/pages"}],"about":[{"href":"https:\/\/www.praha14.cz\/zivot-na-praze-14\/wp-json\/wp\/v2\/types\/page"}],"author":[{"embeddable":true,"href":"https:\/\/www.praha14.cz\/zivot-na-praze-14\/wp-json\/wp\/v2\/users\/6"}],"replies":[{"embeddable":true,"href":"https:\/\/www.praha14.cz\/zivot-na-praze-14\/wp-json\/wp\/v2\/comments?post=58109"}],"version-history":[{"count":4,"href":"https:\/\/www.praha14.cz\/zivot-na-praze-14\/wp-json\/wp\/v2\/pages\/58109\/revisions"}],"predecessor-version":[{"id":66073,"href":"https:\/\/www.praha14.cz\/zivot-na-praze-14\/wp-json\/wp\/v2\/pages\/58109\/revisions\/66073"}],"wp:attachment":[{"href":"https:\/\/www.praha14.cz\/zivot-na-praze-14\/wp-json\/wp\/v2\/media?parent=58109"}],"curies":[{"name":"wp","href":"https:\/\/api.w.org\/{rel}","templated":true}]}}