{"id":66327,"date":"2023-02-28T10:12:33","date_gmt":"2023-02-28T10:12:33","guid":{"rendered":"https:\/\/www.praha14.cz\/zivot-na-praze-14\/?page_id=66327"},"modified":"2023-02-28T12:36:58","modified_gmt":"2023-02-28T12:36:58","slug":"bytovy-dum-rajsky-horizont","status":"publish","type":"page","link":"https:\/\/www.praha14.cz\/zivot-na-praze-14\/bytovy-dum-rajsky-horizont\/","title":{"rendered":"BYTOV\u00dd D\u016eM RAJSK\u00dd HORIZONT"},"content":{"rendered":"<p><span style=\"color: #00ccff;\"><strong>Um\u00edst\u011bn\u00ed:<\/strong> <\/span>kat. \u00fazem\u00ed \u010cern\u00fd Most, p\u0159i k\u0159i\u017eovatce Arno\u0161ta Valenty a Ocelkova<\/p>\n<p><span style=\"color: #00ccff;\"><strong>Investor:<\/strong><\/span> LANDIA managment, s. r. o., Evropsk\u00e1 810\/136, Praha 6<\/p>\n<p><span style=\"color: #00ccff;\"><strong>Projektant:<\/strong><\/span> ORTOGONAL s. r. o., Za Kov\u00e1\u0159sk\u00fdm rybn\u00edkem 265, Praha 4<\/p>\n<p><span style=\"color: #00ccff;\"><strong>Objekt:<\/strong><\/span> 8 nadzemn\u00edch podla\u017e\u00ed v n\u00e1ro\u017e\u00ed a 7 podla\u017e\u00ed v uli\u010dn\u00ed \u010d\u00e1sti, dv\u011b podzemn\u00ed podla\u017e\u00ed<\/p>\n<p><span style=\"color: #00ccff;\"><strong>Bydlen\u00ed:<\/strong><\/span> 61 bytov\u00fdch jednotek<\/p>\n<p><span style=\"color: #00ccff;\"><strong>Parkov\u00e1n\u00ed:<\/strong> <\/span>64 parkovac\u00edch st\u00e1n\u00ed v podzemn\u00edch gar\u00e1\u017e\u00edch, 3 m\u00edsta na povrchu<\/p>\n<p><span style=\"color: #00ccff;\"><strong>Zastav\u011bn\u00e1 plocha:<\/strong><\/span> 3 035 m<sup>2<\/sup> nadzemn\u00edch \u010d\u00e1st\u00ed, 4 170 m<sup>2<\/sup> nadzemn\u00edch \u010d\u00e1st\u00ed objektu<\/p>\n<p><strong>vydan\u00e9 stavebn\u00ed povolen\u00ed<\/strong><\/p>\n<p>&nbsp;<\/p>\n\n\t\t<style type=\"text\/css\">\n\t\t\t#gallery-1 {\n\t\t\t\tmargin: auto;\n\t\t\t}\n\t\t\t#gallery-1 .gallery-item {\n\t\t\t\tfloat: left;\n\t\t\t\tmargin-top: 10px;\n\t\t\t\ttext-align: center;\n\t\t\t\twidth: 25%;\n\t\t\t}\n\t\t\t#gallery-1 img {\n\t\t\t\tborder: 2px solid #cfcfcf;\n\t\t\t}\n\t\t\t#gallery-1 .gallery-caption {\n\t\t\t\tmargin-left: 0;\n\t\t\t}\n\t\t\t\/* see gallery_shortcode() in wp-includes\/media.php *\/\n\t\t<\/style>\n\t\t<div id='gallery-1' class='gallery galleryid-66327 gallery-columns-4 gallery-size-thumbnail'><dl class='gallery-item'>\n\t\t\t<dt class='gallery-icon landscape'>\n\t\t\t\t<a rel=\"galleryInfomapa\" class=\"thickbox no_icon rl-gallery-link\"  href='https:\/\/www.praha14.cz\/app\/uploads\/sites\/4\/2023\/02\/1-situace-rajsky-horizont.jpg' title=\"\" data-rl_title=\"\" data-rl_caption=\"\" data-rel=\"lightbox-gallery-1\"><img loading=\"lazy\" decoding=\"async\" width=\"150\" height=\"150\" src=\"https:\/\/www.praha14.cz\/app\/uploads\/sites\/4\/2023\/02\/1-situace-rajsky-horizont-150x150.jpg\" class=\"attachment-thumbnail size-thumbnail\" alt=\"1 situace rajsk\u00fd horizont\" aria-describedby=\"gallery-1-66328\" \/><\/a>\n\t\t\t<\/dt>\n\t\t\t\t<dd class='wp-caption-text gallery-caption' id='gallery-1-66328'>\n\t\t\t\tsituace\n\t\t\t\t<\/dd><\/dl><dl class='gallery-item'>\n\t\t\t<dt class='gallery-icon landscape'>\n\t\t\t\t<a rel=\"galleryInfomapa\" class=\"thickbox no_icon rl-gallery-link\"  href='https:\/\/www.praha14.cz\/app\/uploads\/sites\/4\/2023\/02\/2-1NP-rajsky-horizont.jpg' title=\"\" data-rl_title=\"\" data-rl_caption=\"\" data-rel=\"lightbox-gallery-1\"><img loading=\"lazy\" decoding=\"async\" width=\"150\" height=\"150\" src=\"https:\/\/www.praha14.cz\/app\/uploads\/sites\/4\/2023\/02\/2-1NP-rajsky-horizont-150x150.jpg\" class=\"attachment-thumbnail size-thumbnail\" alt=\"2- 1NP rajsk\u00fd horizont\" aria-describedby=\"gallery-1-66329\" \/><\/a>\n\t\t\t<\/dt>\n\t\t\t\t<dd class='wp-caption-text gallery-caption' id='gallery-1-66329'>\n\t\t\t\t1NP\n\t\t\t\t<\/dd><\/dl><dl class='gallery-item'>\n\t\t\t<dt class='gallery-icon landscape'>\n\t\t\t\t<a rel=\"galleryInfomapa\" class=\"thickbox no_icon rl-gallery-link\"  href='https:\/\/www.praha14.cz\/app\/uploads\/sites\/4\/2023\/02\/3-typicke-podlazi-rajsky-horizont.jpg' title=\"\" data-rl_title=\"\" data-rl_caption=\"\" data-rel=\"lightbox-gallery-1\"><img loading=\"lazy\" decoding=\"async\" width=\"150\" height=\"150\" src=\"https:\/\/www.praha14.cz\/app\/uploads\/sites\/4\/2023\/02\/3-typicke-podlazi-rajsky-horizont-150x150.jpg\" class=\"attachment-thumbnail size-thumbnail\" alt=\"3 typick\u00e9 podla\u017e\u00ed rajsk\u00fd horizont\" aria-describedby=\"gallery-1-66330\" \/><\/a>\n\t\t\t<\/dt>\n\t\t\t\t<dd class='wp-caption-text gallery-caption' id='gallery-1-66330'>\n\t\t\t\ttypick\u00e9 podla\u017e\u00ed \n\t\t\t\t<\/dd><\/dl><dl class='gallery-item'>\n\t\t\t<dt class='gallery-icon landscape'>\n\t\t\t\t<a rel=\"galleryInfomapa\" class=\"thickbox no_icon rl-gallery-link\"  href='https:\/\/www.praha14.cz\/app\/uploads\/sites\/4\/2023\/02\/4-pohledy-rajsky-horizont.jpg' title=\"\" data-rl_title=\"\" data-rl_caption=\"\" data-rel=\"lightbox-gallery-1\"><img loading=\"lazy\" decoding=\"async\" width=\"150\" height=\"150\" src=\"https:\/\/www.praha14.cz\/app\/uploads\/sites\/4\/2023\/02\/4-pohledy-rajsky-horizont-150x150.jpg\" class=\"attachment-thumbnail size-thumbnail\" alt=\"4 pohledy rajsk\u00fd horizont\" aria-describedby=\"gallery-1-66331\" \/><\/a>\n\t\t\t<\/dt>\n\t\t\t\t<dd class='wp-caption-text gallery-caption' id='gallery-1-66331'>\n\t\t\t\tpohledy\n\t\t\t\t<\/dd><\/dl><br style=\"clear: both\" \/><dl class='gallery-item'>\n\t\t\t<dt class='gallery-icon landscape'>\n\t\t\t\t<a rel=\"galleryInfomapa\" class=\"thickbox no_icon rl-gallery-link\"  href='https:\/\/www.praha14.cz\/app\/uploads\/sites\/4\/2023\/02\/5-sirsi-pohledy-rajsky-horizont.jpg' title=\"\" data-rl_title=\"\" data-rl_caption=\"\" data-rel=\"lightbox-gallery-1\"><img loading=\"lazy\" decoding=\"async\" width=\"150\" height=\"150\" src=\"https:\/\/www.praha14.cz\/app\/uploads\/sites\/4\/2023\/02\/5-sirsi-pohledy-rajsky-horizont-150x150.jpg\" class=\"attachment-thumbnail size-thumbnail\" alt=\"5 \u0161ir\u0161\u00ed pohledy rajsk\u00fd horizont\" aria-describedby=\"gallery-1-66332\" \/><\/a>\n\t\t\t<\/dt>\n\t\t\t\t<dd class='wp-caption-text gallery-caption' id='gallery-1-66332'>\n\t\t\t\t\u0161ir\u0161\u00ed pohledy\n\t\t\t\t<\/dd><\/dl><dl class='gallery-item'>\n\t\t\t<dt class='gallery-icon landscape'>\n\t\t\t\t<a rel=\"galleryInfomapa\" class=\"thickbox no_icon rl-gallery-link\"  href='https:\/\/www.praha14.cz\/app\/uploads\/sites\/4\/2023\/02\/6-vizualizace-rajsky-horizont.jpg' title=\"\" data-rl_title=\"\" data-rl_caption=\"\" data-rel=\"lightbox-gallery-1\"><img loading=\"lazy\" decoding=\"async\" width=\"150\" height=\"150\" src=\"https:\/\/www.praha14.cz\/app\/uploads\/sites\/4\/2023\/02\/6-vizualizace-rajsky-horizont-150x150.jpg\" class=\"attachment-thumbnail size-thumbnail\" alt=\"6 vizualizace rajsk\u00fd horizont\" aria-describedby=\"gallery-1-66333\" \/><\/a>\n\t\t\t<\/dt>\n\t\t\t\t<dd class='wp-caption-text gallery-caption' id='gallery-1-66333'>\n\t\t\t\tvizualizace\n\t\t\t\t<\/dd><\/dl><dl class='gallery-item'>\n\t\t\t<dt class='gallery-icon portrait'>\n\t\t\t\t<a rel=\"galleryInfomapa\" class=\"thickbox no_icon rl-gallery-link\"  href='https:\/\/www.praha14.cz\/app\/uploads\/sites\/4\/2023\/02\/7-vizualizace-rajsky-horizont-2.jpg' title=\"\" data-rl_title=\"\" data-rl_caption=\"\" data-rel=\"lightbox-gallery-1\"><img loading=\"lazy\" decoding=\"async\" width=\"150\" height=\"150\" src=\"https:\/\/www.praha14.cz\/app\/uploads\/sites\/4\/2023\/02\/7-vizualizace-rajsky-horizont-2-150x150.jpg\" class=\"attachment-thumbnail size-thumbnail\" alt=\"7 vizualizace rajsk\u00fd horizont 2\" aria-describedby=\"gallery-1-66334\" \/><\/a>\n\t\t\t<\/dt>\n\t\t\t\t<dd class='wp-caption-text gallery-caption' id='gallery-1-66334'>\n\t\t\t\tvizualizace\n\t\t\t\t<\/dd><\/dl>\n\t\t\t<br style='clear: both' \/>\n\t\t<\/div>\n\n","protected":false},"excerpt":{"rendered":"<p>Um\u00edst\u011bn\u00ed: kat. \u00fazem\u00ed \u010cern\u00fd Most, p\u0159i k\u0159i\u017eovatce Arno\u0161ta Valenty a Ocelkova Investor: LANDIA managment, s. r. o., Evropsk\u00e1 810\/136, Praha 6 Projektant: ORTOGONAL s. r. o., Za Kov\u00e1\u0159sk\u00fdm rybn\u00edkem 265, Praha 4 Objekt: 8 nadzemn\u00edch podla\u017e\u00ed v n\u00e1ro\u017e\u00ed a 7 podla\u017e\u00ed v uli\u010dn\u00ed \u010d\u00e1sti, dv\u011b podzemn\u00ed podla\u017e\u00ed Bydlen\u00ed: 61 bytov\u00fdch jednotek Parkov\u00e1n\u00ed: 64 parkovac\u00edch st\u00e1n\u00ed&#8230;<\/p>\n","protected":false},"author":1057,"featured_media":0,"parent":0,"menu_order":0,"comment_status":"closed","ping_status":"closed","template":"","meta":{"_acf_changed":false,"footnotes":""},"class_list":["post-66327","page","type-page","status-publish","hentry"],"acf":[],"yoast_head":"<!-- This site is optimized with the Yoast SEO plugin v27.2 - https:\/\/yoast.com\/product\/yoast-seo-wordpress\/ -->\n<title>BYTOV\u00dd D\u016eM RAJSK\u00dd HORIZONT - \u017divot na Praze 14<\/title>\n<meta name=\"robots\" content=\"index, follow, max-snippet:-1, max-image-preview:large, max-video-preview:-1\" \/>\n<link rel=\"canonical\" href=\"https:\/\/www.praha14.cz\/zivot-na-praze-14\/bytovy-dum-rajsky-horizont\/\" \/>\n<meta property=\"og:locale\" content=\"cs_CZ\" \/>\n<meta property=\"og:type\" content=\"article\" \/>\n<meta property=\"og:title\" content=\"BYTOV\u00dd D\u016eM RAJSK\u00dd HORIZONT - \u017divot na Praze 14\" \/>\n<meta property=\"og:description\" content=\"Um\u00edst\u011bn\u00ed: kat. \u00fazem\u00ed \u010cern\u00fd Most, p\u0159i k\u0159i\u017eovatce Arno\u0161ta Valenty a Ocelkova Investor: LANDIA managment, s. r. o., Evropsk\u00e1 810\/136, Praha 6 Projektant: ORTOGONAL s. r. o., Za Kov\u00e1\u0159sk\u00fdm rybn\u00edkem 265, Praha 4 Objekt: 8 nadzemn\u00edch podla\u017e\u00ed v n\u00e1ro\u017e\u00ed a 7 podla\u017e\u00ed v uli\u010dn\u00ed \u010d\u00e1sti, dv\u011b podzemn\u00ed podla\u017e\u00ed Bydlen\u00ed: 61 bytov\u00fdch jednotek Parkov\u00e1n\u00ed: 64 parkovac\u00edch st\u00e1n\u00ed...\" \/>\n<meta property=\"og:url\" content=\"https:\/\/www.praha14.cz\/zivot-na-praze-14\/bytovy-dum-rajsky-horizont\/\" \/>\n<meta property=\"og:site_name\" content=\"\u017divot na Praze 14\" \/>\n<meta property=\"article:modified_time\" content=\"2023-02-28T12:36:58+00:00\" \/>\n<meta property=\"og:image\" content=\"https:\/\/www.praha14.cz\/app\/uploads\/sites\/4\/2023\/02\/1-situace-rajsky-horizont-150x150.jpg\" \/>\n<meta name=\"twitter:card\" content=\"summary_large_image\" \/>\n<meta name=\"twitter:label1\" content=\"Est. reading time\" \/>\n\t<meta name=\"twitter:data1\" content=\"1 minuta\" \/>\n<script type=\"application\/ld+json\" class=\"yoast-schema-graph\">{\"@context\":\"https:\/\/schema.org\",\"@graph\":[{\"@type\":\"WebPage\",\"@id\":\"https:\/\/www.praha14.cz\/zivot-na-praze-14\/bytovy-dum-rajsky-horizont\/\",\"url\":\"https:\/\/www.praha14.cz\/zivot-na-praze-14\/bytovy-dum-rajsky-horizont\/\",\"name\":\"BYTOV\u00dd D\u016eM RAJSK\u00dd HORIZONT - \u017divot na Praze 14\",\"isPartOf\":{\"@id\":\"https:\/\/www.praha14.cz\/zivot-na-praze-14\/#website\"},\"datePublished\":\"2023-02-28T10:12:33+00:00\",\"dateModified\":\"2023-02-28T12:36:58+00:00\",\"breadcrumb\":{\"@id\":\"https:\/\/www.praha14.cz\/zivot-na-praze-14\/bytovy-dum-rajsky-horizont\/#breadcrumb\"},\"inLanguage\":\"cs\",\"potentialAction\":[{\"@type\":\"ReadAction\",\"target\":[\"https:\/\/www.praha14.cz\/zivot-na-praze-14\/bytovy-dum-rajsky-horizont\/\"]}]},{\"@type\":\"BreadcrumbList\",\"@id\":\"https:\/\/www.praha14.cz\/zivot-na-praze-14\/bytovy-dum-rajsky-horizont\/#breadcrumb\",\"itemListElement\":[{\"@type\":\"ListItem\",\"position\":1,\"name\":\"\u017divot na Praze 14\",\"item\":\"https:\/\/www.praha14.cz\/zivot-na-praze-14\/\"},{\"@type\":\"ListItem\",\"position\":2,\"name\":\"BYTOV\u00dd D\u016eM RAJSK\u00dd HORIZONT\"}]},{\"@type\":\"WebSite\",\"@id\":\"https:\/\/www.praha14.cz\/zivot-na-praze-14\/#website\",\"url\":\"https:\/\/www.praha14.cz\/zivot-na-praze-14\/\",\"name\":\"\u017divot na Praze 14\",\"description\":\"\",\"potentialAction\":[{\"@type\":\"SearchAction\",\"target\":{\"@type\":\"EntryPoint\",\"urlTemplate\":\"https:\/\/www.praha14.cz\/zivot-na-praze-14\/?s={search_term_string}\"},\"query-input\":{\"@type\":\"PropertyValueSpecification\",\"valueRequired\":true,\"valueName\":\"search_term_string\"}}],\"inLanguage\":\"cs\"}]}<\/script>\n<!-- \/ Yoast SEO plugin. -->","yoast_head_json":{"title":"BYTOV\u00dd D\u016eM RAJSK\u00dd HORIZONT - \u017divot na Praze 14","robots":{"index":"index","follow":"follow","max-snippet":"max-snippet:-1","max-image-preview":"max-image-preview:large","max-video-preview":"max-video-preview:-1"},"canonical":"https:\/\/www.praha14.cz\/zivot-na-praze-14\/bytovy-dum-rajsky-horizont\/","og_locale":"cs_CZ","og_type":"article","og_title":"BYTOV\u00dd D\u016eM RAJSK\u00dd HORIZONT - \u017divot na Praze 14","og_description":"Um\u00edst\u011bn\u00ed: kat. \u00fazem\u00ed \u010cern\u00fd Most, p\u0159i k\u0159i\u017eovatce Arno\u0161ta Valenty a Ocelkova Investor: LANDIA managment, s. r. o., Evropsk\u00e1 810\/136, Praha 6 Projektant: ORTOGONAL s. r. o., Za Kov\u00e1\u0159sk\u00fdm rybn\u00edkem 265, Praha 4 Objekt: 8 nadzemn\u00edch podla\u017e\u00ed v n\u00e1ro\u017e\u00ed a 7 podla\u017e\u00ed v uli\u010dn\u00ed \u010d\u00e1sti, dv\u011b podzemn\u00ed podla\u017e\u00ed Bydlen\u00ed: 61 bytov\u00fdch jednotek Parkov\u00e1n\u00ed: 64 parkovac\u00edch st\u00e1n\u00ed...","og_url":"https:\/\/www.praha14.cz\/zivot-na-praze-14\/bytovy-dum-rajsky-horizont\/","og_site_name":"\u017divot na Praze 14","article_modified_time":"2023-02-28T12:36:58+00:00","og_image":[{"url":"https:\/\/www.praha14.cz\/app\/uploads\/sites\/4\/2023\/02\/1-situace-rajsky-horizont-150x150.jpg","type":"","width":"","height":""}],"twitter_card":"summary_large_image","twitter_misc":{"Est. reading time":"1 minuta"},"schema":{"@context":"https:\/\/schema.org","@graph":[{"@type":"WebPage","@id":"https:\/\/www.praha14.cz\/zivot-na-praze-14\/bytovy-dum-rajsky-horizont\/","url":"https:\/\/www.praha14.cz\/zivot-na-praze-14\/bytovy-dum-rajsky-horizont\/","name":"BYTOV\u00dd D\u016eM RAJSK\u00dd HORIZONT - \u017divot na Praze 14","isPartOf":{"@id":"https:\/\/www.praha14.cz\/zivot-na-praze-14\/#website"},"datePublished":"2023-02-28T10:12:33+00:00","dateModified":"2023-02-28T12:36:58+00:00","breadcrumb":{"@id":"https:\/\/www.praha14.cz\/zivot-na-praze-14\/bytovy-dum-rajsky-horizont\/#breadcrumb"},"inLanguage":"cs","potentialAction":[{"@type":"ReadAction","target":["https:\/\/www.praha14.cz\/zivot-na-praze-14\/bytovy-dum-rajsky-horizont\/"]}]},{"@type":"BreadcrumbList","@id":"https:\/\/www.praha14.cz\/zivot-na-praze-14\/bytovy-dum-rajsky-horizont\/#breadcrumb","itemListElement":[{"@type":"ListItem","position":1,"name":"\u017divot na Praze 14","item":"https:\/\/www.praha14.cz\/zivot-na-praze-14\/"},{"@type":"ListItem","position":2,"name":"BYTOV\u00dd D\u016eM RAJSK\u00dd HORIZONT"}]},{"@type":"WebSite","@id":"https:\/\/www.praha14.cz\/zivot-na-praze-14\/#website","url":"https:\/\/www.praha14.cz\/zivot-na-praze-14\/","name":"\u017divot na Praze 14","description":"","potentialAction":[{"@type":"SearchAction","target":{"@type":"EntryPoint","urlTemplate":"https:\/\/www.praha14.cz\/zivot-na-praze-14\/?s={search_term_string}"},"query-input":{"@type":"PropertyValueSpecification","valueRequired":true,"valueName":"search_term_string"}}],"inLanguage":"cs"}]}},"_links":{"self":[{"href":"https:\/\/www.praha14.cz\/zivot-na-praze-14\/wp-json\/wp\/v2\/pages\/66327","targetHints":{"allow":["GET"]}}],"collection":[{"href":"https:\/\/www.praha14.cz\/zivot-na-praze-14\/wp-json\/wp\/v2\/pages"}],"about":[{"href":"https:\/\/www.praha14.cz\/zivot-na-praze-14\/wp-json\/wp\/v2\/types\/page"}],"author":[{"embeddable":true,"href":"https:\/\/www.praha14.cz\/zivot-na-praze-14\/wp-json\/wp\/v2\/users\/1057"}],"replies":[{"embeddable":true,"href":"https:\/\/www.praha14.cz\/zivot-na-praze-14\/wp-json\/wp\/v2\/comments?post=66327"}],"version-history":[{"count":3,"href":"https:\/\/www.praha14.cz\/zivot-na-praze-14\/wp-json\/wp\/v2\/pages\/66327\/revisions"}],"predecessor-version":[{"id":66372,"href":"https:\/\/www.praha14.cz\/zivot-na-praze-14\/wp-json\/wp\/v2\/pages\/66327\/revisions\/66372"}],"wp:attachment":[{"href":"https:\/\/www.praha14.cz\/zivot-na-praze-14\/wp-json\/wp\/v2\/media?parent=66327"}],"curies":[{"name":"wp","href":"https:\/\/api.w.org\/{rel}","templated":true}]}}