{"id":66363,"date":"2023-02-28T10:43:26","date_gmt":"2023-02-28T10:43:26","guid":{"rendered":"https:\/\/www.praha14.cz\/zivot-na-praze-14\/?page_id=66363"},"modified":"2023-02-28T10:43:26","modified_gmt":"2023-02-28T10:43:26","slug":"sportovni-klub-svetska","status":"publish","type":"page","link":"https:\/\/www.praha14.cz\/zivot-na-praze-14\/sportovni-klub-svetska\/","title":{"rendered":"SPORTOVN\u00cd KLUB SV\u011aTSK\u00c1"},"content":{"rendered":"<p><span style=\"color: #00ccff;\"><strong>Um\u00edst\u011bn\u00ed: <\/strong><\/span>kat. \u00fazem\u00ed Kyje, mezi ulicemi Sv\u011btsk\u00e1, Jord\u00e1nsk\u00e1, Bybylonsk\u00e1<\/p>\n<p><span style=\"color: #00ccff;\"><strong>Investor:\u00a0<\/strong><\/span>Sipadus a.s., Na p\u0159\u00edkop\u011b 859\/22, Praha 1<\/p>\n<p><strong><span style=\"color: #00ccff;\">Projektant:<\/span>\u00a0<\/strong>mar.s architects s.r.o., Stavitelsk\u00e1 8, Praha 6<\/p>\n<p><span style=\"color: #00ccff;\"><strong>Objekt:<\/strong> <\/span>2 nadzemn\u00ed a 1 podzemn\u00ed podla\u017e\u00ed, welness, fitness, 2 apartm\u00e1ny<\/p>\n<p><span style=\"color: #00ccff;\"><strong>Parkov\u00e1n\u00ed:<\/strong><\/span>\u00a08 parkovac\u00edch st\u00e1n\u00ed na povrchu, 3 gar\u00e1\u017eov\u00e1 st\u00e1n\u00ed<\/p>\n<p><span style=\"color: #00ccff;\"><strong>Zastav\u011bn\u00e1 plocha:<\/strong><\/span>\u00a0326 m<sup>2<\/sup><\/p>\n<p><strong>vydan\u00e9 \u00fazemn\u00ed rozhodnut\u00ed<\/strong><\/p>\n<p>&nbsp;<\/p>\n\n\t\t<style type=\"text\/css\">\n\t\t\t#gallery-1 {\n\t\t\t\tmargin: auto;\n\t\t\t}\n\t\t\t#gallery-1 .gallery-item {\n\t\t\t\tfloat: left;\n\t\t\t\tmargin-top: 10px;\n\t\t\t\ttext-align: center;\n\t\t\t\twidth: 33%;\n\t\t\t}\n\t\t\t#gallery-1 img {\n\t\t\t\tborder: 2px solid #cfcfcf;\n\t\t\t}\n\t\t\t#gallery-1 .gallery-caption {\n\t\t\t\tmargin-left: 0;\n\t\t\t}\n\t\t\t\/* see gallery_shortcode() in wp-includes\/media.php *\/\n\t\t<\/style>\n\t\t<div id='gallery-1' class='gallery galleryid-66363 gallery-columns-3 gallery-size-thumbnail'><dl class='gallery-item'>\n\t\t\t<dt class='gallery-icon landscape'>\n\t\t\t\t<a rel=\"galleryInfomapa\" class=\"thickbox no_icon rl-gallery-link\"  href='https:\/\/www.praha14.cz\/app\/uploads\/sites\/4\/2023\/02\/1-situace-sportovni-klub-Svetska.jpg' title=\"\" data-rl_title=\"\" data-rl_caption=\"\" data-rel=\"lightbox-gallery-1\"><img loading=\"lazy\" decoding=\"async\" width=\"150\" height=\"150\" src=\"https:\/\/www.praha14.cz\/app\/uploads\/sites\/4\/2023\/02\/1-situace-sportovni-klub-Svetska-150x150.jpg\" class=\"attachment-thumbnail size-thumbnail\" alt=\"1 situace sportovn\u00ed klub Sv\u011btsk\u00e1\" aria-describedby=\"gallery-1-66364\" \/><\/a>\n\t\t\t<\/dt>\n\t\t\t\t<dd class='wp-caption-text gallery-caption' id='gallery-1-66364'>\n\t\t\t\tsituace\n\t\t\t\t<\/dd><\/dl><dl class='gallery-item'>\n\t\t\t<dt class='gallery-icon landscape'>\n\t\t\t\t<a rel=\"galleryInfomapa\" class=\"thickbox no_icon rl-gallery-link\"  href='https:\/\/www.praha14.cz\/app\/uploads\/sites\/4\/2023\/02\/2-pudorysy-sportovni-klub-Svetska.jpg' title=\"\" data-rl_title=\"\" data-rl_caption=\"\" data-rel=\"lightbox-gallery-1\"><img loading=\"lazy\" decoding=\"async\" width=\"150\" height=\"150\" src=\"https:\/\/www.praha14.cz\/app\/uploads\/sites\/4\/2023\/02\/2-pudorysy-sportovni-klub-Svetska-150x150.jpg\" class=\"attachment-thumbnail size-thumbnail\" alt=\"2 p\u016fdorysy sportovn\u00ed klub Sv\u011btsk\u00e1\" aria-describedby=\"gallery-1-66365\" \/><\/a>\n\t\t\t<\/dt>\n\t\t\t\t<dd class='wp-caption-text gallery-caption' id='gallery-1-66365'>\n\t\t\t\tp\u016fdorysy\n\t\t\t\t<\/dd><\/dl><dl class='gallery-item'>\n\t\t\t<dt class='gallery-icon portrait'>\n\t\t\t\t<a rel=\"galleryInfomapa\" class=\"thickbox no_icon rl-gallery-link\"  href='https:\/\/www.praha14.cz\/app\/uploads\/sites\/4\/2023\/02\/3-pohledy-sportovni-klub-Svetska.jpg' title=\"\" data-rl_title=\"\" data-rl_caption=\"\" data-rel=\"lightbox-gallery-1\"><img loading=\"lazy\" decoding=\"async\" width=\"150\" height=\"150\" src=\"https:\/\/www.praha14.cz\/app\/uploads\/sites\/4\/2023\/02\/3-pohledy-sportovni-klub-Svetska-150x150.jpg\" class=\"attachment-thumbnail size-thumbnail\" alt=\"3 pohledy sportovn\u00ed klub Sv\u011btsk\u00e1\" aria-describedby=\"gallery-1-66366\" \/><\/a>\n\t\t\t<\/dt>\n\t\t\t\t<dd class='wp-caption-text gallery-caption' id='gallery-1-66366'>\n\t\t\t\tpohledy\n\t\t\t\t<\/dd><\/dl><br style=\"clear: both\" \/><dl class='gallery-item'>\n\t\t\t<dt class='gallery-icon landscape'>\n\t\t\t\t<a rel=\"galleryInfomapa\" class=\"thickbox no_icon rl-gallery-link\"  href='https:\/\/www.praha14.cz\/app\/uploads\/sites\/4\/2023\/02\/4-vizualizace-sportovni-klub-Svetska.jpg' title=\"\" data-rl_title=\"\" data-rl_caption=\"\" data-rel=\"lightbox-gallery-1\"><img loading=\"lazy\" decoding=\"async\" width=\"150\" height=\"150\" src=\"https:\/\/www.praha14.cz\/app\/uploads\/sites\/4\/2023\/02\/4-vizualizace-sportovni-klub-Svetska-150x150.jpg\" class=\"attachment-thumbnail size-thumbnail\" alt=\"4 vizualizace sportovn\u00ed klub Sv\u011btsk\u00e1\" aria-describedby=\"gallery-1-66367\" \/><\/a>\n\t\t\t<\/dt>\n\t\t\t\t<dd class='wp-caption-text gallery-caption' id='gallery-1-66367'>\n\t\t\t\tvizualizace\n\t\t\t\t<\/dd><\/dl><dl class='gallery-item'>\n\t\t\t<dt class='gallery-icon landscape'>\n\t\t\t\t<a rel=\"galleryInfomapa\" class=\"thickbox no_icon rl-gallery-link\"  href='https:\/\/www.praha14.cz\/app\/uploads\/sites\/4\/2023\/02\/5-vizualizace-2-sportovni-klub-Svetska.jpg' title=\"\" data-rl_title=\"\" data-rl_caption=\"\" data-rel=\"lightbox-gallery-1\"><img loading=\"lazy\" decoding=\"async\" width=\"150\" height=\"150\" src=\"https:\/\/www.praha14.cz\/app\/uploads\/sites\/4\/2023\/02\/5-vizualizace-2-sportovni-klub-Svetska-150x150.jpg\" class=\"attachment-thumbnail size-thumbnail\" alt=\"5 vizualizace 2 sportovn\u00ed klub Sv\u011btsk\u00e1\" aria-describedby=\"gallery-1-66368\" \/><\/a>\n\t\t\t<\/dt>\n\t\t\t\t<dd class='wp-caption-text gallery-caption' id='gallery-1-66368'>\n\t\t\t\tvizualizace\n\t\t\t\t<\/dd><\/dl>\n\t\t\t<br style='clear: both' \/>\n\t\t<\/div>\n\n","protected":false},"excerpt":{"rendered":"<p>Um\u00edst\u011bn\u00ed: kat. \u00fazem\u00ed Kyje, mezi ulicemi Sv\u011btsk\u00e1, Jord\u00e1nsk\u00e1, Bybylonsk\u00e1 Investor:\u00a0Sipadus a.s., Na p\u0159\u00edkop\u011b 859\/22, Praha 1 Projektant:\u00a0mar.s architects s.r.o., Stavitelsk\u00e1 8, Praha 6 Objekt: 2 nadzemn\u00ed a 1 podzemn\u00ed podla\u017e\u00ed, welness, fitness, 2 apartm\u00e1ny Parkov\u00e1n\u00ed:\u00a08 parkovac\u00edch st\u00e1n\u00ed na povrchu, 3 gar\u00e1\u017eov\u00e1 st\u00e1n\u00ed Zastav\u011bn\u00e1 plocha:\u00a0326 m2 vydan\u00e9 \u00fazemn\u00ed rozhodnut\u00ed &nbsp;<\/p>\n","protected":false},"author":1057,"featured_media":0,"parent":0,"menu_order":0,"comment_status":"closed","ping_status":"closed","template":"","meta":{"_acf_changed":false,"footnotes":""},"class_list":["post-66363","page","type-page","status-publish","hentry"],"acf":[],"yoast_head":"<!-- This site is optimized with the Yoast SEO plugin v27.2 - https:\/\/yoast.com\/product\/yoast-seo-wordpress\/ -->\n<title>SPORTOVN\u00cd KLUB SV\u011aTSK\u00c1 - \u017divot na Praze 14<\/title>\n<meta name=\"robots\" content=\"index, follow, max-snippet:-1, max-image-preview:large, max-video-preview:-1\" \/>\n<link rel=\"canonical\" href=\"https:\/\/www.praha14.cz\/zivot-na-praze-14\/sportovni-klub-svetska\/\" \/>\n<meta property=\"og:locale\" content=\"cs_CZ\" \/>\n<meta property=\"og:type\" content=\"article\" \/>\n<meta property=\"og:title\" content=\"SPORTOVN\u00cd KLUB SV\u011aTSK\u00c1 - \u017divot na Praze 14\" \/>\n<meta property=\"og:description\" content=\"Um\u00edst\u011bn\u00ed: kat. \u00fazem\u00ed Kyje, mezi ulicemi Sv\u011btsk\u00e1, Jord\u00e1nsk\u00e1, Bybylonsk\u00e1 Investor:\u00a0Sipadus a.s., Na p\u0159\u00edkop\u011b 859\/22, Praha 1 Projektant:\u00a0mar.s architects s.r.o., Stavitelsk\u00e1 8, Praha 6 Objekt: 2 nadzemn\u00ed a 1 podzemn\u00ed podla\u017e\u00ed, welness, fitness, 2 apartm\u00e1ny Parkov\u00e1n\u00ed:\u00a08 parkovac\u00edch st\u00e1n\u00ed na povrchu, 3 gar\u00e1\u017eov\u00e1 st\u00e1n\u00ed Zastav\u011bn\u00e1 plocha:\u00a0326 m2 vydan\u00e9 \u00fazemn\u00ed rozhodnut\u00ed &nbsp;\" \/>\n<meta property=\"og:url\" content=\"https:\/\/www.praha14.cz\/zivot-na-praze-14\/sportovni-klub-svetska\/\" \/>\n<meta property=\"og:site_name\" content=\"\u017divot na Praze 14\" \/>\n<meta property=\"og:image\" content=\"https:\/\/www.praha14.cz\/app\/uploads\/sites\/4\/2023\/02\/1-situace-sportovni-klub-Svetska-150x150.jpg\" \/>\n<meta name=\"twitter:card\" content=\"summary_large_image\" \/>\n<meta name=\"twitter:label1\" content=\"Est. reading time\" \/>\n\t<meta name=\"twitter:data1\" content=\"1 minuta\" \/>\n<script type=\"application\/ld+json\" class=\"yoast-schema-graph\">{\"@context\":\"https:\/\/schema.org\",\"@graph\":[{\"@type\":\"WebPage\",\"@id\":\"https:\/\/www.praha14.cz\/zivot-na-praze-14\/sportovni-klub-svetska\/\",\"url\":\"https:\/\/www.praha14.cz\/zivot-na-praze-14\/sportovni-klub-svetska\/\",\"name\":\"SPORTOVN\u00cd KLUB SV\u011aTSK\u00c1 - \u017divot na Praze 14\",\"isPartOf\":{\"@id\":\"https:\/\/www.praha14.cz\/zivot-na-praze-14\/#website\"},\"datePublished\":\"2023-02-28T10:43:26+00:00\",\"breadcrumb\":{\"@id\":\"https:\/\/www.praha14.cz\/zivot-na-praze-14\/sportovni-klub-svetska\/#breadcrumb\"},\"inLanguage\":\"cs\",\"potentialAction\":[{\"@type\":\"ReadAction\",\"target\":[\"https:\/\/www.praha14.cz\/zivot-na-praze-14\/sportovni-klub-svetska\/\"]}]},{\"@type\":\"BreadcrumbList\",\"@id\":\"https:\/\/www.praha14.cz\/zivot-na-praze-14\/sportovni-klub-svetska\/#breadcrumb\",\"itemListElement\":[{\"@type\":\"ListItem\",\"position\":1,\"name\":\"\u017divot na Praze 14\",\"item\":\"https:\/\/www.praha14.cz\/zivot-na-praze-14\/\"},{\"@type\":\"ListItem\",\"position\":2,\"name\":\"SPORTOVN\u00cd KLUB SV\u011aTSK\u00c1\"}]},{\"@type\":\"WebSite\",\"@id\":\"https:\/\/www.praha14.cz\/zivot-na-praze-14\/#website\",\"url\":\"https:\/\/www.praha14.cz\/zivot-na-praze-14\/\",\"name\":\"\u017divot na Praze 14\",\"description\":\"\",\"potentialAction\":[{\"@type\":\"SearchAction\",\"target\":{\"@type\":\"EntryPoint\",\"urlTemplate\":\"https:\/\/www.praha14.cz\/zivot-na-praze-14\/?s={search_term_string}\"},\"query-input\":{\"@type\":\"PropertyValueSpecification\",\"valueRequired\":true,\"valueName\":\"search_term_string\"}}],\"inLanguage\":\"cs\"}]}<\/script>\n<!-- \/ Yoast SEO plugin. -->","yoast_head_json":{"title":"SPORTOVN\u00cd KLUB SV\u011aTSK\u00c1 - \u017divot na Praze 14","robots":{"index":"index","follow":"follow","max-snippet":"max-snippet:-1","max-image-preview":"max-image-preview:large","max-video-preview":"max-video-preview:-1"},"canonical":"https:\/\/www.praha14.cz\/zivot-na-praze-14\/sportovni-klub-svetska\/","og_locale":"cs_CZ","og_type":"article","og_title":"SPORTOVN\u00cd KLUB SV\u011aTSK\u00c1 - \u017divot na Praze 14","og_description":"Um\u00edst\u011bn\u00ed: kat. \u00fazem\u00ed Kyje, mezi ulicemi Sv\u011btsk\u00e1, Jord\u00e1nsk\u00e1, Bybylonsk\u00e1 Investor:\u00a0Sipadus a.s., Na p\u0159\u00edkop\u011b 859\/22, Praha 1 Projektant:\u00a0mar.s architects s.r.o., Stavitelsk\u00e1 8, Praha 6 Objekt: 2 nadzemn\u00ed a 1 podzemn\u00ed podla\u017e\u00ed, welness, fitness, 2 apartm\u00e1ny Parkov\u00e1n\u00ed:\u00a08 parkovac\u00edch st\u00e1n\u00ed na povrchu, 3 gar\u00e1\u017eov\u00e1 st\u00e1n\u00ed Zastav\u011bn\u00e1 plocha:\u00a0326 m2 vydan\u00e9 \u00fazemn\u00ed rozhodnut\u00ed &nbsp;","og_url":"https:\/\/www.praha14.cz\/zivot-na-praze-14\/sportovni-klub-svetska\/","og_site_name":"\u017divot na Praze 14","og_image":[{"url":"https:\/\/www.praha14.cz\/app\/uploads\/sites\/4\/2023\/02\/1-situace-sportovni-klub-Svetska-150x150.jpg","type":"","width":"","height":""}],"twitter_card":"summary_large_image","twitter_misc":{"Est. reading time":"1 minuta"},"schema":{"@context":"https:\/\/schema.org","@graph":[{"@type":"WebPage","@id":"https:\/\/www.praha14.cz\/zivot-na-praze-14\/sportovni-klub-svetska\/","url":"https:\/\/www.praha14.cz\/zivot-na-praze-14\/sportovni-klub-svetska\/","name":"SPORTOVN\u00cd KLUB SV\u011aTSK\u00c1 - \u017divot na Praze 14","isPartOf":{"@id":"https:\/\/www.praha14.cz\/zivot-na-praze-14\/#website"},"datePublished":"2023-02-28T10:43:26+00:00","breadcrumb":{"@id":"https:\/\/www.praha14.cz\/zivot-na-praze-14\/sportovni-klub-svetska\/#breadcrumb"},"inLanguage":"cs","potentialAction":[{"@type":"ReadAction","target":["https:\/\/www.praha14.cz\/zivot-na-praze-14\/sportovni-klub-svetska\/"]}]},{"@type":"BreadcrumbList","@id":"https:\/\/www.praha14.cz\/zivot-na-praze-14\/sportovni-klub-svetska\/#breadcrumb","itemListElement":[{"@type":"ListItem","position":1,"name":"\u017divot na Praze 14","item":"https:\/\/www.praha14.cz\/zivot-na-praze-14\/"},{"@type":"ListItem","position":2,"name":"SPORTOVN\u00cd KLUB SV\u011aTSK\u00c1"}]},{"@type":"WebSite","@id":"https:\/\/www.praha14.cz\/zivot-na-praze-14\/#website","url":"https:\/\/www.praha14.cz\/zivot-na-praze-14\/","name":"\u017divot na Praze 14","description":"","potentialAction":[{"@type":"SearchAction","target":{"@type":"EntryPoint","urlTemplate":"https:\/\/www.praha14.cz\/zivot-na-praze-14\/?s={search_term_string}"},"query-input":{"@type":"PropertyValueSpecification","valueRequired":true,"valueName":"search_term_string"}}],"inLanguage":"cs"}]}},"_links":{"self":[{"href":"https:\/\/www.praha14.cz\/zivot-na-praze-14\/wp-json\/wp\/v2\/pages\/66363","targetHints":{"allow":["GET"]}}],"collection":[{"href":"https:\/\/www.praha14.cz\/zivot-na-praze-14\/wp-json\/wp\/v2\/pages"}],"about":[{"href":"https:\/\/www.praha14.cz\/zivot-na-praze-14\/wp-json\/wp\/v2\/types\/page"}],"author":[{"embeddable":true,"href":"https:\/\/www.praha14.cz\/zivot-na-praze-14\/wp-json\/wp\/v2\/users\/1057"}],"replies":[{"embeddable":true,"href":"https:\/\/www.praha14.cz\/zivot-na-praze-14\/wp-json\/wp\/v2\/comments?post=66363"}],"version-history":[{"count":1,"href":"https:\/\/www.praha14.cz\/zivot-na-praze-14\/wp-json\/wp\/v2\/pages\/66363\/revisions"}],"predecessor-version":[{"id":66369,"href":"https:\/\/www.praha14.cz\/zivot-na-praze-14\/wp-json\/wp\/v2\/pages\/66363\/revisions\/66369"}],"wp:attachment":[{"href":"https:\/\/www.praha14.cz\/zivot-na-praze-14\/wp-json\/wp\/v2\/media?parent=66363"}],"curies":[{"name":"wp","href":"https:\/\/api.w.org\/{rel}","templated":true}]}}