{"id":68087,"date":"2023-07-31T11:43:51","date_gmt":"2023-07-31T11:43:51","guid":{"rendered":"https:\/\/www.praha14.cz\/zivot-na-praze-14\/?page_id=68087"},"modified":"2023-07-31T12:12:16","modified_gmt":"2023-07-31T12:12:16","slug":"kolbenova-plaza","status":"publish","type":"page","link":"https:\/\/www.praha14.cz\/zivot-na-praze-14\/kolbenova-plaza\/","title":{"rendered":"KOLBENOVA PLAZA"},"content":{"rendered":"<p><strong><span style=\"color: #009dde;\">Um\u00edst\u011bn\u00ed:<\/span>\u00a0<\/strong>kat. \u00fazem\u00ed Hloub\u011bt\u00edn, ulice Kolbenova<\/p>\n<p><span style=\"color: #009dde;\"><strong>Investor:<\/strong>\u00a0<\/span>ACP Investmensts, s.r.o., Hybernsk\u00e1 1009\/24, Praha 1<\/p>\n<p><span style=\"color: #009dde;\"><strong>Projektant:<\/strong><\/span> Karlinblok s.r.o., Pernerova 659\/31a, Praha 8<\/p>\n<p><strong><span style=\"color: #009dde;\">HPP:<\/span>\u00a0<\/strong>4 723 m<sup>2<\/sup><\/p>\n<p><span style=\"color: #009dde;\"><strong>Kapacita:<\/strong><\/span>\u00a0\u010dty\u0159podla\u017en\u00ed polyfunk\u010dn\u00ed objekt s\u00a0jedn\u00edm podzemn\u00edm podla\u017e\u00edm obsahuj\u00edc\u00edm technick\u00e9 z\u00e1zem\u00ed, se za\u0159\u00edzen\u00edm rychl\u00e9ho ob\u010derstven\u00ed v\u00a01 NP, administrativou 2 \u2013 4 NP, ubytov\u00e1n\u00edm v\u00a05 NP.<\/p>\n<p><span style=\"color: #009dde;\"><strong>Parkov\u00e1n\u00ed:<\/strong><\/span>\u00a083 parkovac\u00edch m\u00edst<\/p>\n<p><strong>Studie 2022<\/strong><\/p>\n\n\t\t<style type=\"text\/css\">\n\t\t\t#gallery-1 {\n\t\t\t\tmargin: auto;\n\t\t\t}\n\t\t\t#gallery-1 .gallery-item {\n\t\t\t\tfloat: left;\n\t\t\t\tmargin-top: 10px;\n\t\t\t\ttext-align: center;\n\t\t\t\twidth: 25%;\n\t\t\t}\n\t\t\t#gallery-1 img {\n\t\t\t\tborder: 2px solid #cfcfcf;\n\t\t\t}\n\t\t\t#gallery-1 .gallery-caption {\n\t\t\t\tmargin-left: 0;\n\t\t\t}\n\t\t\t\/* see gallery_shortcode() in wp-includes\/media.php *\/\n\t\t<\/style>\n\t\t<div id='gallery-1' class='gallery galleryid-68087 gallery-columns-4 gallery-size-thumbnail'><dl class='gallery-item'>\n\t\t\t<dt class='gallery-icon landscape'>\n\t\t\t\t<a rel=\"galleryInfomapa\" class=\"thickbox no_icon rl-gallery-link\"  href='https:\/\/www.praha14.cz\/app\/uploads\/sites\/4\/2023\/07\/kolbenova-plaza-situace-1.jpg' title=\"\" data-rl_title=\"\" data-rl_caption=\"\" data-rel=\"lightbox-gallery-1\"><img loading=\"lazy\" decoding=\"async\" width=\"150\" height=\"150\" src=\"https:\/\/www.praha14.cz\/app\/uploads\/sites\/4\/2023\/07\/kolbenova-plaza-situace-1-150x150.jpg\" class=\"attachment-thumbnail size-thumbnail\" alt=\"kolbenova plaza situace\" aria-describedby=\"gallery-1-68112\" \/><\/a>\n\t\t\t<\/dt>\n\t\t\t\t<dd class='wp-caption-text gallery-caption' id='gallery-1-68112'>\n\t\t\t\tsituace\n\t\t\t\t<\/dd><\/dl><dl class='gallery-item'>\n\t\t\t<dt class='gallery-icon landscape'>\n\t\t\t\t<a rel=\"galleryInfomapa\" class=\"thickbox no_icon rl-gallery-link\"  href='https:\/\/www.praha14.cz\/app\/uploads\/sites\/4\/2023\/07\/kolbenova-plaza-1NP-2.jpg' title=\"\" data-rl_title=\"\" data-rl_caption=\"\" data-rel=\"lightbox-gallery-1\"><img loading=\"lazy\" decoding=\"async\" width=\"150\" height=\"150\" src=\"https:\/\/www.praha14.cz\/app\/uploads\/sites\/4\/2023\/07\/kolbenova-plaza-1NP-2-150x150.jpg\" class=\"attachment-thumbnail size-thumbnail\" alt=\"kolbenova plaza 1NP\" aria-describedby=\"gallery-1-68109\" \/><\/a>\n\t\t\t<\/dt>\n\t\t\t\t<dd class='wp-caption-text gallery-caption' id='gallery-1-68109'>\n\t\t\t\tp\u016fdorys 1. NP\n\t\t\t\t<\/dd><\/dl><dl class='gallery-item'>\n\t\t\t<dt class='gallery-icon landscape'>\n\t\t\t\t<a rel=\"galleryInfomapa\" class=\"thickbox no_icon rl-gallery-link\"  href='https:\/\/www.praha14.cz\/app\/uploads\/sites\/4\/2023\/07\/kolbenova-plaza-2NP-2.jpg' title=\"\" data-rl_title=\"\" data-rl_caption=\"\" data-rel=\"lightbox-gallery-1\"><img loading=\"lazy\" decoding=\"async\" width=\"150\" height=\"150\" src=\"https:\/\/www.praha14.cz\/app\/uploads\/sites\/4\/2023\/07\/kolbenova-plaza-2NP-2-150x150.jpg\" class=\"attachment-thumbnail size-thumbnail\" alt=\"kolbenova plaza 2NP\" aria-describedby=\"gallery-1-68110\" \/><\/a>\n\t\t\t<\/dt>\n\t\t\t\t<dd class='wp-caption-text gallery-caption' id='gallery-1-68110'>\n\t\t\t\tp\u016fdorys 2. NP\n\t\t\t\t<\/dd><\/dl><dl class='gallery-item'>\n\t\t\t<dt class='gallery-icon landscape'>\n\t\t\t\t<a rel=\"galleryInfomapa\" class=\"thickbox no_icon rl-gallery-link\"  href='https:\/\/www.praha14.cz\/app\/uploads\/sites\/4\/2023\/07\/kolbenova-plaza-rez-2.jpg' title=\"\" data-rl_title=\"\" data-rl_caption=\"\" data-rel=\"lightbox-gallery-1\"><img loading=\"lazy\" decoding=\"async\" width=\"150\" height=\"150\" src=\"https:\/\/www.praha14.cz\/app\/uploads\/sites\/4\/2023\/07\/kolbenova-plaza-rez-2-150x150.jpg\" class=\"attachment-thumbnail size-thumbnail\" alt=\"kolbenova plaza \u0159ez\" aria-describedby=\"gallery-1-68111\" \/><\/a>\n\t\t\t<\/dt>\n\t\t\t\t<dd class='wp-caption-text gallery-caption' id='gallery-1-68111'>\n\t\t\t\t\u0159ez\n\t\t\t\t<\/dd><\/dl><br style=\"clear: both\" \/><dl class='gallery-item'>\n\t\t\t<dt class='gallery-icon landscape'>\n\t\t\t\t<a rel=\"galleryInfomapa\" class=\"thickbox no_icon rl-gallery-link\"  href='https:\/\/www.praha14.cz\/app\/uploads\/sites\/4\/2023\/07\/kolbenova-plaza-vizualizace-1-1.jpg' title=\"\" data-rl_title=\"\" data-rl_caption=\"\" data-rel=\"lightbox-gallery-1\"><img loading=\"lazy\" decoding=\"async\" width=\"150\" height=\"150\" src=\"https:\/\/www.praha14.cz\/app\/uploads\/sites\/4\/2023\/07\/kolbenova-plaza-vizualizace-1-1-150x150.jpg\" class=\"attachment-thumbnail size-thumbnail\" alt=\"kolbenova plaza vizualizace 1\" aria-describedby=\"gallery-1-68113\" \/><\/a>\n\t\t\t<\/dt>\n\t\t\t\t<dd class='wp-caption-text gallery-caption' id='gallery-1-68113'>\n\t\t\t\tvizualizace 1\n\t\t\t\t<\/dd><\/dl><dl class='gallery-item'>\n\t\t\t<dt class='gallery-icon landscape'>\n\t\t\t\t<a rel=\"galleryInfomapa\" class=\"thickbox no_icon rl-gallery-link\"  href='https:\/\/www.praha14.cz\/app\/uploads\/sites\/4\/2023\/07\/kolbenova-plaza-vizualizace-2.jpg' title=\"\" data-rl_title=\"\" data-rl_caption=\"\" data-rel=\"lightbox-gallery-1\"><img loading=\"lazy\" decoding=\"async\" width=\"150\" height=\"150\" src=\"https:\/\/www.praha14.cz\/app\/uploads\/sites\/4\/2023\/07\/kolbenova-plaza-vizualizace-2-150x150.jpg\" class=\"attachment-thumbnail size-thumbnail\" alt=\"kolbenova plaza vizualizace 2\" aria-describedby=\"gallery-1-68107\" \/><\/a>\n\t\t\t<\/dt>\n\t\t\t\t<dd class='wp-caption-text gallery-caption' id='gallery-1-68107'>\n\t\t\t\tvizualizace 2\n\t\t\t\t<\/dd><\/dl>\n\t\t\t<br style='clear: both' \/>\n\t\t<\/div>\n\n","protected":false},"excerpt":{"rendered":"<p>Um\u00edst\u011bn\u00ed:\u00a0kat. \u00fazem\u00ed Hloub\u011bt\u00edn, ulice Kolbenova Investor:\u00a0ACP Investmensts, s.r.o., Hybernsk\u00e1 1009\/24, Praha 1 Projektant: Karlinblok s.r.o., Pernerova 659\/31a, Praha 8 HPP:\u00a04 723 m2 Kapacita:\u00a0\u010dty\u0159podla\u017en\u00ed polyfunk\u010dn\u00ed objekt s\u00a0jedn\u00edm podzemn\u00edm podla\u017e\u00edm obsahuj\u00edc\u00edm technick\u00e9 z\u00e1zem\u00ed, se za\u0159\u00edzen\u00edm rychl\u00e9ho ob\u010derstven\u00ed v\u00a01 NP, administrativou 2 \u2013 4 NP, ubytov\u00e1n\u00edm v\u00a05 NP. Parkov\u00e1n\u00ed:\u00a083 parkovac\u00edch m\u00edst Studie 2022<\/p>\n","protected":false},"author":1057,"featured_media":0,"parent":0,"menu_order":0,"comment_status":"closed","ping_status":"closed","template":"","meta":{"_acf_changed":false,"footnotes":""},"class_list":["post-68087","page","type-page","status-publish","hentry"],"acf":[],"yoast_head":"<!-- This site is optimized with the Yoast SEO plugin v27.2 - https:\/\/yoast.com\/product\/yoast-seo-wordpress\/ -->\n<title>KOLBENOVA PLAZA - \u017divot na Praze 14<\/title>\n<meta name=\"robots\" content=\"index, follow, max-snippet:-1, max-image-preview:large, max-video-preview:-1\" \/>\n<link rel=\"canonical\" href=\"https:\/\/www.praha14.cz\/zivot-na-praze-14\/kolbenova-plaza\/\" \/>\n<meta property=\"og:locale\" content=\"cs_CZ\" \/>\n<meta property=\"og:type\" content=\"article\" \/>\n<meta property=\"og:title\" content=\"KOLBENOVA PLAZA - \u017divot na Praze 14\" \/>\n<meta property=\"og:description\" content=\"Um\u00edst\u011bn\u00ed:\u00a0kat. \u00fazem\u00ed Hloub\u011bt\u00edn, ulice Kolbenova Investor:\u00a0ACP Investmensts, s.r.o., Hybernsk\u00e1 1009\/24, Praha 1 Projektant: Karlinblok s.r.o., Pernerova 659\/31a, Praha 8 HPP:\u00a04 723 m2 Kapacita:\u00a0\u010dty\u0159podla\u017en\u00ed polyfunk\u010dn\u00ed objekt s\u00a0jedn\u00edm podzemn\u00edm podla\u017e\u00edm obsahuj\u00edc\u00edm technick\u00e9 z\u00e1zem\u00ed, se za\u0159\u00edzen\u00edm rychl\u00e9ho ob\u010derstven\u00ed v\u00a01 NP, administrativou 2 \u2013 4 NP, ubytov\u00e1n\u00edm v\u00a05 NP. Parkov\u00e1n\u00ed:\u00a083 parkovac\u00edch m\u00edst Studie 2022\" \/>\n<meta property=\"og:url\" content=\"https:\/\/www.praha14.cz\/zivot-na-praze-14\/kolbenova-plaza\/\" \/>\n<meta property=\"og:site_name\" content=\"\u017divot na Praze 14\" \/>\n<meta property=\"article:modified_time\" content=\"2023-07-31T12:12:16+00:00\" \/>\n<meta property=\"og:image\" content=\"https:\/\/www.praha14.cz\/app\/uploads\/sites\/4\/2023\/07\/kolbenova-plaza-situace-1-150x150.jpg\" \/>\n<meta name=\"twitter:card\" content=\"summary_large_image\" \/>\n<meta name=\"twitter:label1\" content=\"Est. reading time\" \/>\n\t<meta name=\"twitter:data1\" content=\"1 minuta\" \/>\n<script type=\"application\/ld+json\" class=\"yoast-schema-graph\">{\"@context\":\"https:\/\/schema.org\",\"@graph\":[{\"@type\":\"WebPage\",\"@id\":\"https:\/\/www.praha14.cz\/zivot-na-praze-14\/kolbenova-plaza\/\",\"url\":\"https:\/\/www.praha14.cz\/zivot-na-praze-14\/kolbenova-plaza\/\",\"name\":\"KOLBENOVA PLAZA - \u017divot na Praze 14\",\"isPartOf\":{\"@id\":\"https:\/\/www.praha14.cz\/zivot-na-praze-14\/#website\"},\"datePublished\":\"2023-07-31T11:43:51+00:00\",\"dateModified\":\"2023-07-31T12:12:16+00:00\",\"breadcrumb\":{\"@id\":\"https:\/\/www.praha14.cz\/zivot-na-praze-14\/kolbenova-plaza\/#breadcrumb\"},\"inLanguage\":\"cs\",\"potentialAction\":[{\"@type\":\"ReadAction\",\"target\":[\"https:\/\/www.praha14.cz\/zivot-na-praze-14\/kolbenova-plaza\/\"]}]},{\"@type\":\"BreadcrumbList\",\"@id\":\"https:\/\/www.praha14.cz\/zivot-na-praze-14\/kolbenova-plaza\/#breadcrumb\",\"itemListElement\":[{\"@type\":\"ListItem\",\"position\":1,\"name\":\"\u017divot na Praze 14\",\"item\":\"https:\/\/www.praha14.cz\/zivot-na-praze-14\/\"},{\"@type\":\"ListItem\",\"position\":2,\"name\":\"KOLBENOVA PLAZA\"}]},{\"@type\":\"WebSite\",\"@id\":\"https:\/\/www.praha14.cz\/zivot-na-praze-14\/#website\",\"url\":\"https:\/\/www.praha14.cz\/zivot-na-praze-14\/\",\"name\":\"\u017divot na Praze 14\",\"description\":\"\",\"potentialAction\":[{\"@type\":\"SearchAction\",\"target\":{\"@type\":\"EntryPoint\",\"urlTemplate\":\"https:\/\/www.praha14.cz\/zivot-na-praze-14\/?s={search_term_string}\"},\"query-input\":{\"@type\":\"PropertyValueSpecification\",\"valueRequired\":true,\"valueName\":\"search_term_string\"}}],\"inLanguage\":\"cs\"}]}<\/script>\n<!-- \/ Yoast SEO plugin. -->","yoast_head_json":{"title":"KOLBENOVA PLAZA - \u017divot na Praze 14","robots":{"index":"index","follow":"follow","max-snippet":"max-snippet:-1","max-image-preview":"max-image-preview:large","max-video-preview":"max-video-preview:-1"},"canonical":"https:\/\/www.praha14.cz\/zivot-na-praze-14\/kolbenova-plaza\/","og_locale":"cs_CZ","og_type":"article","og_title":"KOLBENOVA PLAZA - \u017divot na Praze 14","og_description":"Um\u00edst\u011bn\u00ed:\u00a0kat. \u00fazem\u00ed Hloub\u011bt\u00edn, ulice Kolbenova Investor:\u00a0ACP Investmensts, s.r.o., Hybernsk\u00e1 1009\/24, Praha 1 Projektant: Karlinblok s.r.o., Pernerova 659\/31a, Praha 8 HPP:\u00a04 723 m2 Kapacita:\u00a0\u010dty\u0159podla\u017en\u00ed polyfunk\u010dn\u00ed objekt s\u00a0jedn\u00edm podzemn\u00edm podla\u017e\u00edm obsahuj\u00edc\u00edm technick\u00e9 z\u00e1zem\u00ed, se za\u0159\u00edzen\u00edm rychl\u00e9ho ob\u010derstven\u00ed v\u00a01 NP, administrativou 2 \u2013 4 NP, ubytov\u00e1n\u00edm v\u00a05 NP. Parkov\u00e1n\u00ed:\u00a083 parkovac\u00edch m\u00edst Studie 2022","og_url":"https:\/\/www.praha14.cz\/zivot-na-praze-14\/kolbenova-plaza\/","og_site_name":"\u017divot na Praze 14","article_modified_time":"2023-07-31T12:12:16+00:00","og_image":[{"url":"https:\/\/www.praha14.cz\/app\/uploads\/sites\/4\/2023\/07\/kolbenova-plaza-situace-1-150x150.jpg","type":"","width":"","height":""}],"twitter_card":"summary_large_image","twitter_misc":{"Est. reading time":"1 minuta"},"schema":{"@context":"https:\/\/schema.org","@graph":[{"@type":"WebPage","@id":"https:\/\/www.praha14.cz\/zivot-na-praze-14\/kolbenova-plaza\/","url":"https:\/\/www.praha14.cz\/zivot-na-praze-14\/kolbenova-plaza\/","name":"KOLBENOVA PLAZA - \u017divot na Praze 14","isPartOf":{"@id":"https:\/\/www.praha14.cz\/zivot-na-praze-14\/#website"},"datePublished":"2023-07-31T11:43:51+00:00","dateModified":"2023-07-31T12:12:16+00:00","breadcrumb":{"@id":"https:\/\/www.praha14.cz\/zivot-na-praze-14\/kolbenova-plaza\/#breadcrumb"},"inLanguage":"cs","potentialAction":[{"@type":"ReadAction","target":["https:\/\/www.praha14.cz\/zivot-na-praze-14\/kolbenova-plaza\/"]}]},{"@type":"BreadcrumbList","@id":"https:\/\/www.praha14.cz\/zivot-na-praze-14\/kolbenova-plaza\/#breadcrumb","itemListElement":[{"@type":"ListItem","position":1,"name":"\u017divot na Praze 14","item":"https:\/\/www.praha14.cz\/zivot-na-praze-14\/"},{"@type":"ListItem","position":2,"name":"KOLBENOVA PLAZA"}]},{"@type":"WebSite","@id":"https:\/\/www.praha14.cz\/zivot-na-praze-14\/#website","url":"https:\/\/www.praha14.cz\/zivot-na-praze-14\/","name":"\u017divot na Praze 14","description":"","potentialAction":[{"@type":"SearchAction","target":{"@type":"EntryPoint","urlTemplate":"https:\/\/www.praha14.cz\/zivot-na-praze-14\/?s={search_term_string}"},"query-input":{"@type":"PropertyValueSpecification","valueRequired":true,"valueName":"search_term_string"}}],"inLanguage":"cs"}]}},"_links":{"self":[{"href":"https:\/\/www.praha14.cz\/zivot-na-praze-14\/wp-json\/wp\/v2\/pages\/68087","targetHints":{"allow":["GET"]}}],"collection":[{"href":"https:\/\/www.praha14.cz\/zivot-na-praze-14\/wp-json\/wp\/v2\/pages"}],"about":[{"href":"https:\/\/www.praha14.cz\/zivot-na-praze-14\/wp-json\/wp\/v2\/types\/page"}],"author":[{"embeddable":true,"href":"https:\/\/www.praha14.cz\/zivot-na-praze-14\/wp-json\/wp\/v2\/users\/1057"}],"replies":[{"embeddable":true,"href":"https:\/\/www.praha14.cz\/zivot-na-praze-14\/wp-json\/wp\/v2\/comments?post=68087"}],"version-history":[{"count":6,"href":"https:\/\/www.praha14.cz\/zivot-na-praze-14\/wp-json\/wp\/v2\/pages\/68087\/revisions"}],"predecessor-version":[{"id":68116,"href":"https:\/\/www.praha14.cz\/zivot-na-praze-14\/wp-json\/wp\/v2\/pages\/68087\/revisions\/68116"}],"wp:attachment":[{"href":"https:\/\/www.praha14.cz\/zivot-na-praze-14\/wp-json\/wp\/v2\/media?parent=68087"}],"curies":[{"name":"wp","href":"https:\/\/api.w.org\/{rel}","templated":true}]}}