{"id":70229,"date":"2024-04-26T11:50:18","date_gmt":"2024-04-26T11:50:18","guid":{"rendered":"https:\/\/www.praha14.cz\/zivot-na-praze-14\/?page_id=70229"},"modified":"2024-04-26T11:50:38","modified_gmt":"2024-04-26T11:50:38","slug":"kurz-managementu-osobni-bezpecnosti-pro-deti-kardasovska","status":"publish","type":"page","link":"https:\/\/www.praha14.cz\/zivot-na-praze-14\/kurz-managementu-osobni-bezpecnosti-pro-deti-kardasovska\/","title":{"rendered":"Kurz managementu osobn\u00ed bezpe\u010dnosti pro d\u011bti &#8211; DDM Karda\u0161ovsk\u00e1"},"content":{"rendered":"<p><iframe style=\"width: 100%;\" src=\"https:\/\/docs.google.com\/forms\/d\/e\/1FAIpQLSfNkQdiWHJVKnXymf6CksHVBqyXwJ6fsfHxqVah9QVreOsMfw\/viewform?embedded=true\" height=\"1700\" frameborder=\"0\" marginwidth=\"0\" marginheight=\"0\"><span data-mce-type=\"bookmark\" style=\"display: inline-block; width: 0px; overflow: hidden; line-height: 0;\" class=\"mce_SELRES_start\"><\/span>Na\u010d\u00edt\u00e1n\u00ed\u2026<\/iframe><\/p>\n","protected":false},"excerpt":{"rendered":"<p>Na\u010d\u00edt\u00e1n\u00ed\u2026<\/p>\n","protected":false},"author":1775,"featured_media":0,"parent":0,"menu_order":0,"comment_status":"closed","ping_status":"closed","template":"","meta":{"_acf_changed":false,"footnotes":""},"class_list":["post-70229","page","type-page","status-publish","hentry"],"acf":[],"yoast_head":"<!-- This site is optimized with the Yoast SEO plugin v27.2 - https:\/\/yoast.com\/product\/yoast-seo-wordpress\/ -->\n<title>Kurz managementu osobn\u00ed bezpe\u010dnosti pro d\u011bti - DDM Karda\u0161ovsk\u00e1 - \u017divot na Praze 14<\/title>\n<meta name=\"robots\" content=\"index, follow, max-snippet:-1, max-image-preview:large, max-video-preview:-1\" \/>\n<link rel=\"canonical\" href=\"https:\/\/www.praha14.cz\/zivot-na-praze-14\/kurz-managementu-osobni-bezpecnosti-pro-deti-kardasovska\/\" \/>\n<meta property=\"og:locale\" content=\"cs_CZ\" \/>\n<meta property=\"og:type\" content=\"article\" \/>\n<meta property=\"og:title\" content=\"Kurz managementu osobn\u00ed bezpe\u010dnosti pro d\u011bti - DDM Karda\u0161ovsk\u00e1 - \u017divot na Praze 14\" \/>\n<meta property=\"og:description\" content=\"Na\u010d\u00edt\u00e1n\u00ed\u2026\" \/>\n<meta property=\"og:url\" content=\"https:\/\/www.praha14.cz\/zivot-na-praze-14\/kurz-managementu-osobni-bezpecnosti-pro-deti-kardasovska\/\" \/>\n<meta property=\"og:site_name\" content=\"\u017divot na Praze 14\" \/>\n<meta property=\"article:modified_time\" content=\"2024-04-26T11:50:38+00:00\" \/>\n<meta name=\"twitter:card\" content=\"summary_large_image\" \/>\n<meta name=\"twitter:label1\" content=\"Est. reading time\" \/>\n\t<meta name=\"twitter:data1\" content=\"1 minuta\" \/>\n<script type=\"application\/ld+json\" class=\"yoast-schema-graph\">{\"@context\":\"https:\/\/schema.org\",\"@graph\":[{\"@type\":\"WebPage\",\"@id\":\"https:\/\/www.praha14.cz\/zivot-na-praze-14\/kurz-managementu-osobni-bezpecnosti-pro-deti-kardasovska\/\",\"url\":\"https:\/\/www.praha14.cz\/zivot-na-praze-14\/kurz-managementu-osobni-bezpecnosti-pro-deti-kardasovska\/\",\"name\":\"Kurz managementu osobn\u00ed bezpe\u010dnosti pro d\u011bti - DDM Karda\u0161ovsk\u00e1 - \u017divot na Praze 14\",\"isPartOf\":{\"@id\":\"https:\/\/www.praha14.cz\/zivot-na-praze-14\/#website\"},\"datePublished\":\"2024-04-26T11:50:18+00:00\",\"dateModified\":\"2024-04-26T11:50:38+00:00\",\"breadcrumb\":{\"@id\":\"https:\/\/www.praha14.cz\/zivot-na-praze-14\/kurz-managementu-osobni-bezpecnosti-pro-deti-kardasovska\/#breadcrumb\"},\"inLanguage\":\"cs\",\"potentialAction\":[{\"@type\":\"ReadAction\",\"target\":[\"https:\/\/www.praha14.cz\/zivot-na-praze-14\/kurz-managementu-osobni-bezpecnosti-pro-deti-kardasovska\/\"]}]},{\"@type\":\"BreadcrumbList\",\"@id\":\"https:\/\/www.praha14.cz\/zivot-na-praze-14\/kurz-managementu-osobni-bezpecnosti-pro-deti-kardasovska\/#breadcrumb\",\"itemListElement\":[{\"@type\":\"ListItem\",\"position\":1,\"name\":\"\u017divot na Praze 14\",\"item\":\"https:\/\/www.praha14.cz\/zivot-na-praze-14\/\"},{\"@type\":\"ListItem\",\"position\":2,\"name\":\"Kurz managementu osobn\u00ed bezpe\u010dnosti pro d\u011bti &#8211; DDM Karda\u0161ovsk\u00e1\"}]},{\"@type\":\"WebSite\",\"@id\":\"https:\/\/www.praha14.cz\/zivot-na-praze-14\/#website\",\"url\":\"https:\/\/www.praha14.cz\/zivot-na-praze-14\/\",\"name\":\"\u017divot na Praze 14\",\"description\":\"\",\"potentialAction\":[{\"@type\":\"SearchAction\",\"target\":{\"@type\":\"EntryPoint\",\"urlTemplate\":\"https:\/\/www.praha14.cz\/zivot-na-praze-14\/?s={search_term_string}\"},\"query-input\":{\"@type\":\"PropertyValueSpecification\",\"valueRequired\":true,\"valueName\":\"search_term_string\"}}],\"inLanguage\":\"cs\"}]}<\/script>\n<!-- \/ Yoast SEO plugin. -->","yoast_head_json":{"title":"Kurz managementu osobn\u00ed bezpe\u010dnosti pro d\u011bti - DDM Karda\u0161ovsk\u00e1 - \u017divot na Praze 14","robots":{"index":"index","follow":"follow","max-snippet":"max-snippet:-1","max-image-preview":"max-image-preview:large","max-video-preview":"max-video-preview:-1"},"canonical":"https:\/\/www.praha14.cz\/zivot-na-praze-14\/kurz-managementu-osobni-bezpecnosti-pro-deti-kardasovska\/","og_locale":"cs_CZ","og_type":"article","og_title":"Kurz managementu osobn\u00ed bezpe\u010dnosti pro d\u011bti - DDM Karda\u0161ovsk\u00e1 - \u017divot na Praze 14","og_description":"Na\u010d\u00edt\u00e1n\u00ed\u2026","og_url":"https:\/\/www.praha14.cz\/zivot-na-praze-14\/kurz-managementu-osobni-bezpecnosti-pro-deti-kardasovska\/","og_site_name":"\u017divot na Praze 14","article_modified_time":"2024-04-26T11:50:38+00:00","twitter_card":"summary_large_image","twitter_misc":{"Est. reading time":"1 minuta"},"schema":{"@context":"https:\/\/schema.org","@graph":[{"@type":"WebPage","@id":"https:\/\/www.praha14.cz\/zivot-na-praze-14\/kurz-managementu-osobni-bezpecnosti-pro-deti-kardasovska\/","url":"https:\/\/www.praha14.cz\/zivot-na-praze-14\/kurz-managementu-osobni-bezpecnosti-pro-deti-kardasovska\/","name":"Kurz managementu osobn\u00ed bezpe\u010dnosti pro d\u011bti - DDM Karda\u0161ovsk\u00e1 - \u017divot na Praze 14","isPartOf":{"@id":"https:\/\/www.praha14.cz\/zivot-na-praze-14\/#website"},"datePublished":"2024-04-26T11:50:18+00:00","dateModified":"2024-04-26T11:50:38+00:00","breadcrumb":{"@id":"https:\/\/www.praha14.cz\/zivot-na-praze-14\/kurz-managementu-osobni-bezpecnosti-pro-deti-kardasovska\/#breadcrumb"},"inLanguage":"cs","potentialAction":[{"@type":"ReadAction","target":["https:\/\/www.praha14.cz\/zivot-na-praze-14\/kurz-managementu-osobni-bezpecnosti-pro-deti-kardasovska\/"]}]},{"@type":"BreadcrumbList","@id":"https:\/\/www.praha14.cz\/zivot-na-praze-14\/kurz-managementu-osobni-bezpecnosti-pro-deti-kardasovska\/#breadcrumb","itemListElement":[{"@type":"ListItem","position":1,"name":"\u017divot na Praze 14","item":"https:\/\/www.praha14.cz\/zivot-na-praze-14\/"},{"@type":"ListItem","position":2,"name":"Kurz managementu osobn\u00ed bezpe\u010dnosti pro d\u011bti &#8211; DDM Karda\u0161ovsk\u00e1"}]},{"@type":"WebSite","@id":"https:\/\/www.praha14.cz\/zivot-na-praze-14\/#website","url":"https:\/\/www.praha14.cz\/zivot-na-praze-14\/","name":"\u017divot na Praze 14","description":"","potentialAction":[{"@type":"SearchAction","target":{"@type":"EntryPoint","urlTemplate":"https:\/\/www.praha14.cz\/zivot-na-praze-14\/?s={search_term_string}"},"query-input":{"@type":"PropertyValueSpecification","valueRequired":true,"valueName":"search_term_string"}}],"inLanguage":"cs"}]}},"_links":{"self":[{"href":"https:\/\/www.praha14.cz\/zivot-na-praze-14\/wp-json\/wp\/v2\/pages\/70229","targetHints":{"allow":["GET"]}}],"collection":[{"href":"https:\/\/www.praha14.cz\/zivot-na-praze-14\/wp-json\/wp\/v2\/pages"}],"about":[{"href":"https:\/\/www.praha14.cz\/zivot-na-praze-14\/wp-json\/wp\/v2\/types\/page"}],"author":[{"embeddable":true,"href":"https:\/\/www.praha14.cz\/zivot-na-praze-14\/wp-json\/wp\/v2\/users\/1775"}],"replies":[{"embeddable":true,"href":"https:\/\/www.praha14.cz\/zivot-na-praze-14\/wp-json\/wp\/v2\/comments?post=70229"}],"version-history":[{"count":2,"href":"https:\/\/www.praha14.cz\/zivot-na-praze-14\/wp-json\/wp\/v2\/pages\/70229\/revisions"}],"predecessor-version":[{"id":70231,"href":"https:\/\/www.praha14.cz\/zivot-na-praze-14\/wp-json\/wp\/v2\/pages\/70229\/revisions\/70231"}],"wp:attachment":[{"href":"https:\/\/www.praha14.cz\/zivot-na-praze-14\/wp-json\/wp\/v2\/media?parent=70229"}],"curies":[{"name":"wp","href":"https:\/\/api.w.org\/{rel}","templated":true}]}}