{"id":71817,"date":"2025-03-31T12:12:35","date_gmt":"2025-03-31T12:12:35","guid":{"rendered":"https:\/\/www.praha14.cz\/zivot-na-praze-14\/?page_id=71817"},"modified":"2026-01-30T12:38:04","modified_gmt":"2026-01-30T12:38:04","slug":"raimund-puda","status":"publish","type":"page","link":"https:\/\/www.praha14.cz\/zivot-na-praze-14\/raimund-puda\/","title":{"rendered":"RAIMUND P\u016eDA"},"content":{"rendered":"<p><strong>Gener\u00e1lmajor v. v. Raimund P\u016fda<img loading=\"lazy\" decoding=\"async\" class=\"wp-image-71818 alignright\" src=\"https:\/\/www.praha14.cz\/app\/uploads\/sites\/4\/2025\/03\/Raimund_Puda.jpg\" alt=\"Raimund_P\u016fda\" width=\"295\" height=\"397\" srcset=\"https:\/\/www.praha14.cz\/app\/uploads\/sites\/4\/2025\/03\/Raimund_Puda.jpg 1453w, https:\/\/www.praha14.cz\/app\/uploads\/sites\/4\/2025\/03\/Raimund_Puda-275x370.jpg 275w, https:\/\/www.praha14.cz\/app\/uploads\/sites\/4\/2025\/03\/Raimund_Puda-761x1024.jpg 761w, https:\/\/www.praha14.cz\/app\/uploads\/sites\/4\/2025\/03\/Raimund_Puda-768x1034.jpg 768w, https:\/\/www.praha14.cz\/app\/uploads\/sites\/4\/2025\/03\/Raimund_Puda-1141x1536.jpg 1141w\" sizes=\"(max-width: 295px) 100vw, 295px\" \/><\/strong><\/p>\n<p>Raimund P\u016fda byl p\u0159ed v\u00e1lkou zn\u00e1m\u00fd jako akrobatick\u00fd pilot, co\u017e nebyla jen efektn\u00ed discipl\u00edna pro leteck\u00e9 dny. Akrobacie tehdy pat\u0159ila k tvrd\u00e9mu technick\u00e9mu v\u00fdcviku, kter\u00fd odhaloval pilotovy limity i schopnost p\u0159esn\u011b ovl\u00e1dat letoun v extr\u00e9mn\u00edch poloh\u00e1ch. Tahle pr\u016fprava se P\u016fdovi pozd\u011bji hodila v\u00edc, ne\u017e si dok\u00e1zal p\u0159edstavit.<\/p>\n<p>Po okupaci ode\u0161el do Francie, kde kr\u00e1tce slou\u017eil, a po p\u00e1du zem\u011b se dostal do Brit\u00e1nie. V RAF byl p\u0159id\u011blen k 310. \u010deskoslovensk\u00e9 st\u00edhac\u00ed peruti, v bitv\u011b o Brit\u00e1nii pat\u0159il k pilot\u016fm nasazovan\u00fdm na nejzat\u00ed\u017een\u011bj\u0161\u00ed \u00faseky. Po jednom z\u00e1sahu musel opustit po\u0161kozen\u00fd letoun pad\u00e1kem, z nouzov\u00e9ho p\u0159ist\u00e1n\u00ed vyv\u00e1zl bez v\u00e1\u017en\u011bj\u0161\u00edch zran\u011bn\u00ed. Pozd\u011bji p\u016fsobil jako instruktor a po v\u00e1lce l\u00e9tal u dopravn\u00edho letectva. Po roce 1948 ode\u0161el zp\u011bt do RAF, jako zku\u0161en\u00fd pilot s dlouholetou prax\u00ed se zde dostal k pilotov\u00e1n\u00ed proudov\u00fdch letoun\u016f.<\/p>\n<p>Po odchodu z RAF se usadil v Henley-on-Thames, kde soukrom\u011b podnikal a\u017e do sv\u00e9ho odchodu do penze v roce 1973 a kde v roce 2002 ve v\u011bku nedo\u017eit\u00fdch 90 let zem\u0159el. V r\u00e1mci polistopadov\u00fdch rehabilitac\u00ed byl ve star\u00e9 vlasti pov\u00fd\u0161en nejprve na plukovn\u00edka ve v\u00fdslu\u017eb\u011b a n\u00e1sledn\u011b dokonce na gener\u00e1lmajora.<\/p>\n","protected":false},"excerpt":{"rendered":"<p>Gener\u00e1lmajor v. v. Raimund P\u016fda Raimund P\u016fda byl p\u0159ed v\u00e1lkou zn\u00e1m\u00fd jako akrobatick\u00fd pilot, co\u017e nebyla jen efektn\u00ed discipl\u00edna pro leteck\u00e9 dny. Akrobacie tehdy pat\u0159ila k tvrd\u00e9mu technick\u00e9mu v\u00fdcviku, kter\u00fd odhaloval pilotovy limity i schopnost p\u0159esn\u011b ovl\u00e1dat letoun v extr\u00e9mn\u00edch poloh\u00e1ch. Tahle pr\u016fprava se P\u016fdovi pozd\u011bji hodila v\u00edc, ne\u017e si dok\u00e1zal p\u0159edstavit. Po okupaci ode\u0161el&#8230;<\/p>\n","protected":false},"author":6,"featured_media":0,"parent":0,"menu_order":0,"comment_status":"closed","ping_status":"closed","template":"","meta":{"_acf_changed":false,"footnotes":""},"class_list":["post-71817","page","type-page","status-publish","hentry"],"acf":[],"yoast_head":"<!-- This site is optimized with the Yoast SEO plugin v27.2 - https:\/\/yoast.com\/product\/yoast-seo-wordpress\/ -->\n<title>RAIMUND P\u016eDA - \u017divot na Praze 14<\/title>\n<meta name=\"robots\" content=\"index, follow, max-snippet:-1, max-image-preview:large, max-video-preview:-1\" \/>\n<link rel=\"canonical\" href=\"https:\/\/www.praha14.cz\/zivot-na-praze-14\/raimund-puda\/\" \/>\n<meta property=\"og:locale\" content=\"cs_CZ\" \/>\n<meta property=\"og:type\" content=\"article\" \/>\n<meta property=\"og:title\" content=\"RAIMUND P\u016eDA - \u017divot na Praze 14\" \/>\n<meta property=\"og:description\" content=\"Gener\u00e1lmajor v. v. Raimund P\u016fda Raimund P\u016fda byl p\u0159ed v\u00e1lkou zn\u00e1m\u00fd jako akrobatick\u00fd pilot, co\u017e nebyla jen efektn\u00ed discipl\u00edna pro leteck\u00e9 dny. Akrobacie tehdy pat\u0159ila k tvrd\u00e9mu technick\u00e9mu v\u00fdcviku, kter\u00fd odhaloval pilotovy limity i schopnost p\u0159esn\u011b ovl\u00e1dat letoun v extr\u00e9mn\u00edch poloh\u00e1ch. Tahle pr\u016fprava se P\u016fdovi pozd\u011bji hodila v\u00edc, ne\u017e si dok\u00e1zal p\u0159edstavit. Po okupaci ode\u0161el...\" \/>\n<meta property=\"og:url\" content=\"https:\/\/www.praha14.cz\/zivot-na-praze-14\/raimund-puda\/\" \/>\n<meta property=\"og:site_name\" content=\"\u017divot na Praze 14\" \/>\n<meta property=\"article:modified_time\" content=\"2026-01-30T12:38:04+00:00\" \/>\n<meta property=\"og:image\" content=\"https:\/\/www.praha14.cz\/app\/uploads\/sites\/4\/2025\/03\/Raimund_Puda.jpg\" \/>\n\t<meta property=\"og:image:width\" content=\"1453\" \/>\n\t<meta property=\"og:image:height\" content=\"1956\" \/>\n\t<meta property=\"og:image:type\" content=\"image\/jpeg\" \/>\n<meta name=\"twitter:card\" content=\"summary_large_image\" \/>\n<meta name=\"twitter:label1\" content=\"Est. reading time\" \/>\n\t<meta name=\"twitter:data1\" content=\"2 minuty\" \/>\n<script type=\"application\/ld+json\" class=\"yoast-schema-graph\">{\"@context\":\"https:\/\/schema.org\",\"@graph\":[{\"@type\":\"WebPage\",\"@id\":\"https:\/\/www.praha14.cz\/zivot-na-praze-14\/raimund-puda\/\",\"url\":\"https:\/\/www.praha14.cz\/zivot-na-praze-14\/raimund-puda\/\",\"name\":\"RAIMUND P\u016eDA - \u017divot na Praze 14\",\"isPartOf\":{\"@id\":\"https:\/\/www.praha14.cz\/zivot-na-praze-14\/#website\"},\"primaryImageOfPage\":{\"@id\":\"https:\/\/www.praha14.cz\/zivot-na-praze-14\/raimund-puda\/#primaryimage\"},\"image\":{\"@id\":\"https:\/\/www.praha14.cz\/zivot-na-praze-14\/raimund-puda\/#primaryimage\"},\"thumbnailUrl\":\"https:\/\/www.praha14.cz\/app\/uploads\/sites\/4\/2025\/03\/Raimund_Puda.jpg\",\"datePublished\":\"2025-03-31T12:12:35+00:00\",\"dateModified\":\"2026-01-30T12:38:04+00:00\",\"breadcrumb\":{\"@id\":\"https:\/\/www.praha14.cz\/zivot-na-praze-14\/raimund-puda\/#breadcrumb\"},\"inLanguage\":\"cs\",\"potentialAction\":[{\"@type\":\"ReadAction\",\"target\":[\"https:\/\/www.praha14.cz\/zivot-na-praze-14\/raimund-puda\/\"]}]},{\"@type\":\"ImageObject\",\"inLanguage\":\"cs\",\"@id\":\"https:\/\/www.praha14.cz\/zivot-na-praze-14\/raimund-puda\/#primaryimage\",\"url\":\"https:\/\/www.praha14.cz\/app\/uploads\/sites\/4\/2025\/03\/Raimund_Puda.jpg\",\"contentUrl\":\"https:\/\/www.praha14.cz\/app\/uploads\/sites\/4\/2025\/03\/Raimund_Puda.jpg\"},{\"@type\":\"BreadcrumbList\",\"@id\":\"https:\/\/www.praha14.cz\/zivot-na-praze-14\/raimund-puda\/#breadcrumb\",\"itemListElement\":[{\"@type\":\"ListItem\",\"position\":1,\"name\":\"\u017divot na Praze 14\",\"item\":\"https:\/\/www.praha14.cz\/zivot-na-praze-14\/\"},{\"@type\":\"ListItem\",\"position\":2,\"name\":\"RAIMUND P\u016eDA\"}]},{\"@type\":\"WebSite\",\"@id\":\"https:\/\/www.praha14.cz\/zivot-na-praze-14\/#website\",\"url\":\"https:\/\/www.praha14.cz\/zivot-na-praze-14\/\",\"name\":\"\u017divot na Praze 14\",\"description\":\"\",\"potentialAction\":[{\"@type\":\"SearchAction\",\"target\":{\"@type\":\"EntryPoint\",\"urlTemplate\":\"https:\/\/www.praha14.cz\/zivot-na-praze-14\/?s={search_term_string}\"},\"query-input\":{\"@type\":\"PropertyValueSpecification\",\"valueRequired\":true,\"valueName\":\"search_term_string\"}}],\"inLanguage\":\"cs\"}]}<\/script>\n<!-- \/ Yoast SEO plugin. -->","yoast_head_json":{"title":"RAIMUND P\u016eDA - \u017divot na Praze 14","robots":{"index":"index","follow":"follow","max-snippet":"max-snippet:-1","max-image-preview":"max-image-preview:large","max-video-preview":"max-video-preview:-1"},"canonical":"https:\/\/www.praha14.cz\/zivot-na-praze-14\/raimund-puda\/","og_locale":"cs_CZ","og_type":"article","og_title":"RAIMUND P\u016eDA - \u017divot na Praze 14","og_description":"Gener\u00e1lmajor v. v. Raimund P\u016fda Raimund P\u016fda byl p\u0159ed v\u00e1lkou zn\u00e1m\u00fd jako akrobatick\u00fd pilot, co\u017e nebyla jen efektn\u00ed discipl\u00edna pro leteck\u00e9 dny. Akrobacie tehdy pat\u0159ila k tvrd\u00e9mu technick\u00e9mu v\u00fdcviku, kter\u00fd odhaloval pilotovy limity i schopnost p\u0159esn\u011b ovl\u00e1dat letoun v extr\u00e9mn\u00edch poloh\u00e1ch. Tahle pr\u016fprava se P\u016fdovi pozd\u011bji hodila v\u00edc, ne\u017e si dok\u00e1zal p\u0159edstavit. Po okupaci ode\u0161el...","og_url":"https:\/\/www.praha14.cz\/zivot-na-praze-14\/raimund-puda\/","og_site_name":"\u017divot na Praze 14","article_modified_time":"2026-01-30T12:38:04+00:00","og_image":[{"width":1453,"height":1956,"url":"https:\/\/www.praha14.cz\/app\/uploads\/sites\/4\/2025\/03\/Raimund_Puda.jpg","type":"image\/jpeg"}],"twitter_card":"summary_large_image","twitter_misc":{"Est. reading time":"2 minuty"},"schema":{"@context":"https:\/\/schema.org","@graph":[{"@type":"WebPage","@id":"https:\/\/www.praha14.cz\/zivot-na-praze-14\/raimund-puda\/","url":"https:\/\/www.praha14.cz\/zivot-na-praze-14\/raimund-puda\/","name":"RAIMUND P\u016eDA - \u017divot na Praze 14","isPartOf":{"@id":"https:\/\/www.praha14.cz\/zivot-na-praze-14\/#website"},"primaryImageOfPage":{"@id":"https:\/\/www.praha14.cz\/zivot-na-praze-14\/raimund-puda\/#primaryimage"},"image":{"@id":"https:\/\/www.praha14.cz\/zivot-na-praze-14\/raimund-puda\/#primaryimage"},"thumbnailUrl":"https:\/\/www.praha14.cz\/app\/uploads\/sites\/4\/2025\/03\/Raimund_Puda.jpg","datePublished":"2025-03-31T12:12:35+00:00","dateModified":"2026-01-30T12:38:04+00:00","breadcrumb":{"@id":"https:\/\/www.praha14.cz\/zivot-na-praze-14\/raimund-puda\/#breadcrumb"},"inLanguage":"cs","potentialAction":[{"@type":"ReadAction","target":["https:\/\/www.praha14.cz\/zivot-na-praze-14\/raimund-puda\/"]}]},{"@type":"ImageObject","inLanguage":"cs","@id":"https:\/\/www.praha14.cz\/zivot-na-praze-14\/raimund-puda\/#primaryimage","url":"https:\/\/www.praha14.cz\/app\/uploads\/sites\/4\/2025\/03\/Raimund_Puda.jpg","contentUrl":"https:\/\/www.praha14.cz\/app\/uploads\/sites\/4\/2025\/03\/Raimund_Puda.jpg"},{"@type":"BreadcrumbList","@id":"https:\/\/www.praha14.cz\/zivot-na-praze-14\/raimund-puda\/#breadcrumb","itemListElement":[{"@type":"ListItem","position":1,"name":"\u017divot na Praze 14","item":"https:\/\/www.praha14.cz\/zivot-na-praze-14\/"},{"@type":"ListItem","position":2,"name":"RAIMUND P\u016eDA"}]},{"@type":"WebSite","@id":"https:\/\/www.praha14.cz\/zivot-na-praze-14\/#website","url":"https:\/\/www.praha14.cz\/zivot-na-praze-14\/","name":"\u017divot na Praze 14","description":"","potentialAction":[{"@type":"SearchAction","target":{"@type":"EntryPoint","urlTemplate":"https:\/\/www.praha14.cz\/zivot-na-praze-14\/?s={search_term_string}"},"query-input":{"@type":"PropertyValueSpecification","valueRequired":true,"valueName":"search_term_string"}}],"inLanguage":"cs"}]}},"_links":{"self":[{"href":"https:\/\/www.praha14.cz\/zivot-na-praze-14\/wp-json\/wp\/v2\/pages\/71817","targetHints":{"allow":["GET"]}}],"collection":[{"href":"https:\/\/www.praha14.cz\/zivot-na-praze-14\/wp-json\/wp\/v2\/pages"}],"about":[{"href":"https:\/\/www.praha14.cz\/zivot-na-praze-14\/wp-json\/wp\/v2\/types\/page"}],"author":[{"embeddable":true,"href":"https:\/\/www.praha14.cz\/zivot-na-praze-14\/wp-json\/wp\/v2\/users\/6"}],"replies":[{"embeddable":true,"href":"https:\/\/www.praha14.cz\/zivot-na-praze-14\/wp-json\/wp\/v2\/comments?post=71817"}],"version-history":[{"count":3,"href":"https:\/\/www.praha14.cz\/zivot-na-praze-14\/wp-json\/wp\/v2\/pages\/71817\/revisions"}],"predecessor-version":[{"id":73892,"href":"https:\/\/www.praha14.cz\/zivot-na-praze-14\/wp-json\/wp\/v2\/pages\/71817\/revisions\/73892"}],"wp:attachment":[{"href":"https:\/\/www.praha14.cz\/zivot-na-praze-14\/wp-json\/wp\/v2\/media?parent=71817"}],"curies":[{"name":"wp","href":"https:\/\/api.w.org\/{rel}","templated":true}]}}